Results for 3.2.1 20021007 (prerelease) testsuite on powerpc-unknown-linux-gnu
Mark Wielaard
mark@wildebeest.org
Mon Oct 7 21:54:00 GMT 2002
Debian GNU/Linux 3.0
Linux 2.4.18-powerpc
binutils Version: 2.12.90.0.15-1
glibc Version: 2.2.5-11.1
Test results for libjava include the results of the Mauve testsuite
(see http://sources.redhat.com/mauve/)
LAST_UPDATED: Mon Oct 7 23:00:56 UTC 2002
Native configuration is powerpc-unknown-linux-gnu
=== g++ tests ===
Running target unix
FAIL: g++.dg/template/union1.C (test for excess errors)
WARNING: g++.dg/template/union1.C compilation failed to produce executable
=== g++ Summary ===
# of expected passes 7252
# of unexpected failures 1
# of expected failures 88
# of untested testcases 23
# of unsupported tests 6
/home/mark/src/gcc32/obj/gcc/testsuite/../g++ version 3.2.1 20021007 (prerelease)
=== gcc tests ===
Running target unix
FAIL: gcc.dg/20020103-1.c scan-assembler-not LC
FAIL: gcc.dg/20020118-1.c execution test
FAIL: gcc.dg/format/c99-scanf-1.c %hhu sign (test for warnings, line 144)
FAIL: gcc.dg/format/c99-scanf-1.c (test for excess errors)
=== gcc Summary ===
# of expected passes 18568
# of unexpected failures 4
# of expected failures 66
# of unsupported tests 107
/home/mark/src/gcc32/obj/gcc/xgcc version 3.2.1 20021007 (prerelease)
=== libjava tests ===
Running target unix
FAIL: Array_3 execution from source compiled test
FAIL: Array_3 execution from bytecode->native test
FAIL: Array_3 -O execution from source compiled test
FAIL: Array_3 -O execution from bytecode->native test
FAIL: Mauve build
=== libjava Summary ===
# of expected passes 2068
# of unexpected failures 5
# of expected failures 18
# of untested testcases 18
=== libstdc++-v3 tests ===
Running target unix
FAIL: 22_locale/codecvt_members_char_char.cc execution test
FAIL: 22_locale/codecvt_members_wchar_t_char.cc execution test
FAIL: 22_locale/ctor_copy_dtor.cc execution test
FAIL: 22_locale/ctype_to_char.cc execution test
FAIL: 22_locale/ctype_to_wchar_t.cc execution test
FAIL: 26_numerics/c99_classification_macros_c.cc (test for excess errors)
FAIL: 27_io/ostream_inserter_arith.cc execution test
WARNING: program timed out.
FAIL: thread/pthread4.cc execution test
=== libstdc++-v3 Summary ===
# of expected passes 401
# of unexpected failures 8
# of expected failures 26
Compiler version: 3.2.1 20021007 (prerelease)
Platform: powerpc-unknown-linux-gnu
configure flags: --host=powerpc-unknown-linux-gnu --enable-clocale=gnu --enable-shared --enable-threads=posix --enable-languages=c++,java --disable-multilib --prefix=/usr/local/gcc32
time make
real 8514.44
user 6395.56
sys 1769.10
time check
Command exited with non-zero status 2
real 11663.09
user 7995.82
sys 3152.14
More information about the Gcc-testresults
mailing list