Results for 3.3 20021001 (experimental) testsuite on i686-pc-linux-gnu
Andris Pavenis
andris@hal.astr.lu.lv
Tue Oct 1 20:45:00 GMT 2002
Last updated from CVS: 2002 Oct 02 03:01 +0300
System: Linux kernel 2.4.20-pre4-ac1
glibc-2.2.5
binutils-2.13.90.0.4 20020814
LAST_UPDATED: Wed Oct 2 00:01:03 UTC 2002
Native configuration is i686-pc-linux-gnu
=== g++ tests ===
Running target unix
FAIL: g++.dg/warn/Wunused-2.C (test for warnings, line 5)
FAIL: g++.bugs/900119_01.C (test for errors, line 43)
FAIL: g++.bugs/900119_01.C (test for excess errors)
=== g++ Summary ===
# of expected passes 7577
# of unexpected failures 3
# of expected failures 92
# of untested testcases 9
# of unsupported tests 3
/disk2/cvs/gcc33/build/build.lnx/gcc/testsuite/../g++ version 3.3 20021001 (experimental)
=== g77 tests ===
Running target unix
FAIL: g77.dg/7388.f execution test
FAIL: g77.dg/7388.f execution test
FAIL: g77.dg/7388.f execution test
FAIL: g77.dg/7388.f execution test
FAIL: g77.dg/7388.f execution test
=== g77 Summary ===
# of expected passes 1649
# of unexpected failures 5
/disk2/cvs/gcc33/build/build.lnx/gcc/testsuite/../g77 version 3.3 20021001 (experimental)
=== gcc tests ===
Running target unix
FAIL: gcc.dg/typespec-1.c unsigned long long int signed (test for errors, line 935)
FAIL: gcc.dg/typespec-1.c unsigned long long int unsigned (test for errors, line 936)
FAIL: gcc.dg/typespec-1.c unsigned long long int _Bool (test for errors, line 937)
FAIL: gcc.dg/format/c99-scanf-1.c %hhu sign (test for warnings, line 144)
FAIL: gcc.dg/format/c99-scanf-1.c %hhu sign (test for warnings, line 144)
FAIL: gcc.dg/noncompile/incomplete-1.c (test for excess errors)
ERROR: gcc.dg/tls/opt-3.c: missing " for " dg-options 2 "-O2 -fpic "
UNRESOLVED: gcc.dg/tls/opt-3.c: missing " for " dg-options 2 "-O2 -fpic "
=== gcc Summary ===
# of expected passes 20640
# of unexpected failures 6
# of expected failures 64
# of unresolved testcases 1
# of unsupported tests 64
/disk2/cvs/gcc33/build/build.lnx/gcc/xgcc version 3.3 20021001 (experimental)
=== objc tests ===
Running target unix
=== objc Summary ===
# of expected passes 1153
/disk2/cvs/gcc33/build/build.lnx/gcc/xgcc version 3.3 20021001 (experimental)
=== libstdc++-v3 tests ===
Running target unix
XPASS: 22_locale/collate_byname.cc execution test
XPASS: 22_locale/collate_members_char.cc execution test
XPASS: 22_locale/collate_members_wchar_t.cc execution test
XPASS: 22_locale/ctype_is_char.cc execution test
XPASS: 22_locale/ctype_is_wchar_t.cc execution test
XPASS: 22_locale/members.cc execution test
XPASS: 22_locale/messages_byname.cc execution test
XPASS: 22_locale/messages_members_char.cc execution test
XPASS: 22_locale/money_get_members_char.cc execution test
XPASS: 22_locale/money_get_members_wchar_t.cc execution test
XPASS: 22_locale/money_put_members_char.cc execution test
XPASS: 22_locale/money_put_members_wchar_t.cc execution test
XPASS: 22_locale/moneypunct_byname.cc execution test
XPASS: 22_locale/moneypunct_members_char.cc execution test
XPASS: 22_locale/moneypunct_members_wchar_t.cc execution test
XPASS: 22_locale/num_get_members_char.cc execution test
XPASS: 22_locale/num_get_members_wchar_t.cc execution test
XPASS: 22_locale/num_put_members_char.cc execution test
XPASS: 22_locale/num_put_members_wchar_t.cc execution test
XPASS: 22_locale/numpunct_byname.cc execution test
XPASS: 22_locale/numpunct_members_char.cc execution test
XPASS: 22_locale/numpunct_members_wchar_t.cc execution test
XPASS: 22_locale/time_get_members_char.cc execution test
XPASS: 22_locale/time_get_members_wchar_t.cc execution test
XPASS: 22_locale/time_put_members_char.cc execution test
XPASS: 22_locale/time_put_members_wchar_t.cc execution test
FAIL: 26_numerics/c99_classification_macros_c.cc (test for excess errors)
=== libstdc++-v3 Summary ===
# of expected passes 417
# of unexpected failures 1
# of unexpected successes 26
# of expected failures 1
Compiler version: 3.3 20021001 (experimental)
Platform: i686-pc-linux-gnu
configure flags: --host=i686-pc-linux-gnu --prefix=/disk2/gcc33 --enable-shared --verbose --enable-languages=c,c++,f77,objc --enable-threads=posix
Counting all warnings,
there are 14 warnings in stage3 of this bootstrap.
Number of warnings per file:
3 /usr/share/bison/bison.simple
2 insn-conditions.c
2 gcc/gcc.c
2 gcc/f/sta.c
2 gcc/calls.c
1 gcc/function.c
1 gcc/emit-rtl.c
1 gcc/cp/decl2.c
Number of warning types:
4 string length `???' is greater than the length `???' ISO C89 compilers are required to support
3 label `???' defined but not used
2 type punning cast is not type based aliasing safe
2 signed and unsigned type in conditional expression
2 comparison between signed and unsigned
1 `???' defined but not used
More information about the Gcc-testresults
mailing list