Results for 3.3 20020927 (experimental) testsuite on vax-unknown-netbsdelf
Jason R Thorpe
thorpej@shagadelic.org
Tue Oct 1 12:32:00 GMT 2002
LAST_UPDATED: Sat Sep 28 02:42:17 UTC 2002
Target is vax-unknown-netbsdelf
Host is i386-unknown-netbsdelf
=== g++ tests ===
Running target nbsd-vax
FAIL: g++.dg/bprob/bprob-1.C execution: file bprob-1.da does not exist, -g -fprofile-arcs
UNRESOLVED: g++.dg/bprob/bprob-1.C compilation, -g -fbranch-probabilities
UNRESOLVED: g++.dg/bprob/bprob-1.C execution, -g -fbranch-probabilities
FAIL: g++.dg/bprob/bprob-1.C execution: file bprob-1.da does not exist, -O0 -fprofile-arcs
UNRESOLVED: g++.dg/bprob/bprob-1.C compilation, -O0 -fbranch-probabilities
UNRESOLVED: g++.dg/bprob/bprob-1.C execution, -O0 -fbranch-probabilities
FAIL: g++.dg/bprob/bprob-1.C execution: file bprob-1.da does not exist, -O1 -fprofile-arcs
UNRESOLVED: g++.dg/bprob/bprob-1.C compilation, -O1 -fbranch-probabilities
UNRESOLVED: g++.dg/bprob/bprob-1.C execution, -O1 -fbranch-probabilities
FAIL: g++.dg/bprob/bprob-1.C execution: file bprob-1.da does not exist, -O2 -fprofile-arcs
UNRESOLVED: g++.dg/bprob/bprob-1.C compilation, -O2 -fbranch-probabilities
UNRESOLVED: g++.dg/bprob/bprob-1.C execution, -O2 -fbranch-probabilities
FAIL: g++.dg/bprob/bprob-1.C execution: file bprob-1.da does not exist, -O3 -fprofile-arcs
UNRESOLVED: g++.dg/bprob/bprob-1.C compilation, -O3 -fbranch-probabilities
UNRESOLVED: g++.dg/bprob/bprob-1.C execution, -O3 -fbranch-probabilities
FAIL: g++.dg/bprob/bprob-1.C execution: file bprob-1.da does not exist, -O3 -g -fprofile-arcs
UNRESOLVED: g++.dg/bprob/bprob-1.C compilation, -O3 -g -fbranch-probabilities
UNRESOLVED: g++.dg/bprob/bprob-1.C execution, -O3 -g -fbranch-probabilities
FAIL: g++.dg/bprob/bprob-1.C execution: file bprob-1.da does not exist, -Os -fprofile-arcs
UNRESOLVED: g++.dg/bprob/bprob-1.C compilation, -Os -fbranch-probabilities
UNRESOLVED: g++.dg/bprob/bprob-1.C execution, -Os -fbranch-probabilities
FAIL: g++.dg/abi/empty6.C (test for warnings, line 6)
FAIL: g++.dg/eh/ctor1.C execution test
FAIL: g++.dg/eh/ctor2.C execution test
FAIL: g++.dg/eh/dtor1.C execution test
FAIL: g++.dg/eh/filter1.C execution test
FAIL: g++.dg/eh/loop1.C execution test
FAIL: g++.dg/eh/new1.C execution test
FAIL: g++.dg/eh/omit-frame-pointer.C execution test
FAIL: g++.dg/eh/registers1.C execution test
FAIL: g++.dg/eh/spec3.C execution test
FAIL: g++.dg/eh/template1.C execution test
FAIL: g++.dg/eh/unexpected1.C execution test
FAIL: g++.dg/init/array5.C execution test
FAIL: g++.dg/parse/stack1.C (test for excess errors)
FAIL: g++.dg/warn/Wunused-2.C (test for warnings, line 5)
FAIL: g++.abi/cxa_vec.C Execution test
FAIL: g++.brendan/eh1.C Execution test
FAIL: g++.eh/badalloc1.C Execution test
FAIL: g++.eh/catch11.C Execution test
FAIL: g++.eh/catch12.C Execution test
FAIL: g++.eh/catch3.C Execution test
FAIL: g++.eh/catch3p.C Execution test
FAIL: g++.eh/catch4.C Execution test
FAIL: g++.eh/catch4p.C Execution test
FAIL: g++.eh/catch5.C Execution test
FAIL: g++.eh/catch5p.C Execution test
FAIL: g++.eh/catch6.C Execution test
FAIL: g++.eh/catch6p.C Execution test
FAIL: g++.eh/catch7.C Execution test
FAIL: g++.eh/catch7p.C Execution test
FAIL: g++.eh/catch8.C Execution test
FAIL: g++.eh/catch8p.C Execution test
FAIL: g++.eh/catch9.C Execution test
FAIL: g++.eh/catch9p.C Execution test
FAIL: g++.eh/catchptr1.C Execution test
FAIL: g++.eh/cleanup1.C Execution test
FAIL: g++.eh/cleanup2.C Execution test
FAIL: g++.eh/flow1.C Execution test
FAIL: g++.eh/fntry1.C Execution test
FAIL: g++.eh/ia64-1.C Execution test
FAIL: g++.eh/inline2.C Execution test
FAIL: g++.eh/new1.C Execution test
FAIL: g++.eh/new2.C Execution test
FAIL: g++.eh/pdel1.C Execution test
FAIL: g++.eh/pdel2.C Execution test
FAIL: g++.eh/ptr1.C Execution test
FAIL: g++.eh/ptrmem1.C Execution test
FAIL: g++.eh/rethrow1.C Execution test
FAIL: g++.eh/rethrow2.C Execution test
FAIL: g++.eh/rethrow3.C Execution test
FAIL: g++.eh/rethrow4.C Execution test
FAIL: g++.eh/rethrow5.C Execution test
FAIL: g++.eh/rethrow6.C Execution test
FAIL: g++.eh/spec1.C Execution test
FAIL: g++.eh/spec2.C Execution test
FAIL: g++.eh/spec3.C Execution test
FAIL: g++.eh/tmpl1.C Execution test
FAIL: g++.eh/unwind1.C Execution test
FAIL: g++.eh/vbase1.C Execution test
FAIL: g++.eh/vbase2.C Execution test
FAIL: g++.eh/vbase4.C Execution test
FAIL: g++.jason/pmf7.C Execution test
FAIL: g++.jason/template24.C Execution test
FAIL: g++.jason/template26.C Execution test
FAIL: g++.law/arg8.C Execution test
FAIL: g++.martin/new1.C Execution test
FAIL: g++.mike/bool2.C Execution test
FAIL: g++.mike/dyncast1.C Execution test
FAIL: g++.mike/dyncast2.C Execution test
FAIL: g++.mike/eh10.C Execution test
FAIL: g++.mike/eh12.C Execution test
FAIL: g++.mike/eh14.C Execution test
FAIL: g++.mike/eh16.C Execution test
FAIL: g++.mike/eh17.C Execution test
FAIL: g++.mike/eh18.C Execution test
FAIL: g++.mike/eh2.C Execution test
FAIL: g++.mike/eh21.C Execution test
FAIL: g++.mike/eh24.C Execution test
FAIL: g++.mike/eh25.C Execution test
FAIL: g++.mike/eh26.C Execution test
FAIL: g++.mike/eh27.C Execution test
FAIL: g++.mike/eh28.C Execution test
FAIL: g++.mike/eh29.C Execution test
FAIL: g++.mike/eh3.C Execution test
FAIL: g++.mike/eh31.C Execution test
FAIL: g++.mike/eh33.C Execution test
FAIL: g++.mike/eh34.C Execution test
FAIL: g++.mike/eh35.C Execution test
FAIL: g++.mike/eh36.C Execution test
FAIL: g++.mike/eh37.C Execution test
FAIL: g++.mike/eh38.C Execution test
FAIL: g++.mike/eh39.C Execution test
FAIL: g++.mike/eh40.C Execution test
FAIL: g++.mike/eh41.C Execution test
FAIL: g++.mike/eh42.C Execution test
FAIL: g++.mike/eh44.C Execution test
FAIL: g++.mike/eh47.C Execution test
FAIL: g++.mike/eh48.C Execution test
FAIL: g++.mike/eh49.C Execution test
FAIL: g++.mike/eh5.C Execution test
FAIL: g++.mike/eh50.C Execution test
FAIL: g++.mike/eh51.C Execution test
FAIL: g++.mike/eh6.C Execution test
FAIL: g++.mike/eh8.C Execution test
FAIL: g++.mike/net34.C Execution test
FAIL: g++.mike/p7912.C Execution test
FAIL: g++.mike/p9706.C Execution test
FAIL: g++.oliva/delete3.C Execution test
FAIL: g++.oliva/new1.C Execution test
FAIL: g++.other/array1.C Execution test
FAIL: g++.other/eh3.C Execution test
FAIL: g++.other/init7.C Execution test
FAIL: g++.other/new7.C Execution test
FAIL: g++.other/singleton.C Execution test
FAIL: g++.other/unchanging1.C Execution test
FAIL: g++.other/vbase2.C Execution test
FAIL: g++.pt/fntry1.C Execution test
FAIL: g++.robertl/eb115.C Execution test
FAIL: g++.robertl/eb27.C Execution test
FAIL: g++.robertl/eb31.C Execution test
FAIL: g++.robertl/eb50.C Execution test
FAIL: g++.robertl/eb66.C Execution test
FAIL: g++.robertl/eb77.C Execution test
FAIL: g++.robertl/eb88.C Execution test
FAIL: g++.robertl/eh990323-1.C Execution test
FAIL: g++.robertl/eh990323-2.C Execution test
FAIL: g++.robertl/eh990323-3.C Execution test
FAIL: g++.robertl/eh990323-4.C Execution test
FAIL: g++.robertl/eh990323-5.C Execution test
FAIL: g++.robertl/ice990323-2.C Execution test
=== g++ Summary ===
# of expected passes 7349
# of unexpected failures 137
# of expected failures 92
# of unresolved testcases 14
# of untested testcases 29
# of unsupported tests 11
/u1/hack/gnu-toolchain/gcc/build/i386-vax/gcc/testsuite/../g++ version 3.3 20020927 (experimental)
Host is i386-unknown-netbsdelf
=== g77 tests ===
Running target nbsd-vax
FAIL: g77.dg/bprob/bprob-1.f execution: file bprob-1.da does not exist, -g -fprofile-arcs
UNRESOLVED: g77.dg/bprob/bprob-1.f compilation, -g -fbranch-probabilities
UNRESOLVED: g77.dg/bprob/bprob-1.f execution, -g -fbranch-probabilities
FAIL: g77.dg/bprob/bprob-1.f execution: file bprob-1.da does not exist, -O0 -fprofile-arcs
UNRESOLVED: g77.dg/bprob/bprob-1.f compilation, -O0 -fbranch-probabilities
UNRESOLVED: g77.dg/bprob/bprob-1.f execution, -O0 -fbranch-probabilities
FAIL: g77.dg/bprob/bprob-1.f execution: file bprob-1.da does not exist, -O1 -fprofile-arcs
UNRESOLVED: g77.dg/bprob/bprob-1.f compilation, -O1 -fbranch-probabilities
UNRESOLVED: g77.dg/bprob/bprob-1.f execution, -O1 -fbranch-probabilities
FAIL: g77.dg/bprob/bprob-1.f execution: file bprob-1.da does not exist, -O2 -fprofile-arcs
UNRESOLVED: g77.dg/bprob/bprob-1.f compilation, -O2 -fbranch-probabilities
UNRESOLVED: g77.dg/bprob/bprob-1.f execution, -O2 -fbranch-probabilities
FAIL: g77.dg/bprob/bprob-1.f execution: file bprob-1.da does not exist, -O3 -fprofile-arcs
UNRESOLVED: g77.dg/bprob/bprob-1.f compilation, -O3 -fbranch-probabilities
UNRESOLVED: g77.dg/bprob/bprob-1.f execution, -O3 -fbranch-probabilities
FAIL: g77.dg/bprob/bprob-1.f execution: file bprob-1.da does not exist, -O3 -g -fprofile-arcs
UNRESOLVED: g77.dg/bprob/bprob-1.f compilation, -O3 -g -fbranch-probabilities
UNRESOLVED: g77.dg/bprob/bprob-1.f execution, -O3 -g -fbranch-probabilities
FAIL: g77.dg/bprob/bprob-1.f execution: file bprob-1.da does not exist, -Os -fprofile-arcs
UNRESOLVED: g77.dg/bprob/bprob-1.f compilation, -Os -fbranch-probabilities
UNRESOLVED: g77.dg/bprob/bprob-1.f execution, -Os -fbranch-probabilities
UNRESOLVED: g77.dg/7388.f execution test
FAIL: g77.dg/f77-edit-apostrophe-out.f output pattern test, is abcde
FAIL: g77.dg/f77-edit-apostrophe-out.f output pattern test, is abcde
FAIL: g77.dg/f77-edit-apostrophe-out.f output pattern test, is abcde
FAIL: g77.dg/f77-edit-apostrophe-out.f output pattern test, is abcde
FAIL: g77.dg/f77-edit-apostrophe-out.f output pattern test, is abcde
FAIL: g77.dg/f77-edit-apostrophe-out.f output pattern test, is abcde
FAIL: g77.dg/f77-edit-colon-out.f output pattern test, is 123
FAIL: g77.dg/f77-edit-colon-out.f output pattern test, is 123
FAIL: g77.dg/f77-edit-colon-out.f output pattern test, is 123
FAIL: g77.dg/f77-edit-colon-out.f output pattern test, is 123
FAIL: g77.dg/f77-edit-colon-out.f output pattern test, is 123
FAIL: g77.dg/f77-edit-colon-out.f output pattern test, is 123
FAIL: g77.dg/f77-edit-h-out.f output pattern test, is 1
FAIL: g77.dg/f77-edit-h-out.f output pattern test, is 1
FAIL: g77.dg/f77-edit-h-out.f output pattern test, is 1
FAIL: g77.dg/f77-edit-h-out.f output pattern test, is 1
FAIL: g77.dg/f77-edit-h-out.f output pattern test, is 1
FAIL: g77.dg/f77-edit-h-out.f output pattern test, is 1
FAIL: g77.dg/f77-edit-i-out.f output pattern test, is 1
FAIL: g77.dg/f77-edit-i-out.f output pattern test, is 1
FAIL: g77.dg/f77-edit-i-out.f output pattern test, is 1
FAIL: g77.dg/f77-edit-i-out.f output pattern test, is 1
FAIL: g77.dg/f77-edit-i-out.f output pattern test, is 1
FAIL: g77.dg/f77-edit-i-out.f output pattern test, is 1
FAIL: g77.dg/f77-edit-s-out.f output pattern test, is +10 20
FAIL: g77.dg/f77-edit-s-out.f output pattern test, is +10 20
FAIL: g77.dg/f77-edit-s-out.f output pattern test, is +10 20
FAIL: g77.dg/f77-edit-s-out.f output pattern test, is +10 20
FAIL: g77.dg/f77-edit-s-out.f output pattern test, is +10 20
FAIL: g77.dg/f77-edit-s-out.f output pattern test, is +10 20
FAIL: g77.dg/f77-edit-slash-out.f output pattern test, is 123
FAIL: g77.dg/f77-edit-slash-out.f output pattern test, is 123
FAIL: g77.dg/f77-edit-slash-out.f output pattern test, is 123
FAIL: g77.dg/f77-edit-slash-out.f output pattern test, is 123
FAIL: g77.dg/f77-edit-slash-out.f output pattern test, is 123
FAIL: g77.dg/f77-edit-slash-out.f output pattern test, is 123
FAIL: g77.dg/f77-edit-t-out.f output pattern test, is 1234 8
FAIL: g77.dg/f77-edit-t-out.f output pattern test, is 1234 8
FAIL: g77.dg/f77-edit-t-out.f output pattern test, is 1234 8
FAIL: g77.dg/f77-edit-t-out.f output pattern test, is 1234 8
FAIL: g77.dg/f77-edit-t-out.f output pattern test, is 1234 8
FAIL: g77.dg/f77-edit-t-out.f output pattern test, is 1234 8
FAIL: g77.dg/f77-edit-x-out.f output pattern test, is 1 2 3
FAIL: g77.dg/f77-edit-x-out.f output pattern test, is 1 2 3
FAIL: g77.dg/f77-edit-x-out.f output pattern test, is 1 2 3
FAIL: g77.dg/f77-edit-x-out.f output pattern test, is 1 2 3
FAIL: g77.dg/f77-edit-x-out.f output pattern test, is 1 2 3
FAIL: g77.dg/f77-edit-x-out.f output pattern test, is 1 2 3
FAIL: g77.dg/fno-f90-1.f execution test
FAIL: g77.dg/fno-f90-1.f execution test
FAIL: g77.dg/fno-f90-1.f execution test
FAIL: g77.dg/fno-f90-1.f execution test
FAIL: g77.dg/fno-f90-1.f execution test
FAIL: g77.dg/fno-f90-1.f execution test
FAIL: g77.f-torture/execute/19990325-0.f compilation, -O0
FAIL: g77.f-torture/execute/19990325-0.f compilation, -O1
FAIL: g77.f-torture/execute/19990325-0.f compilation, -O2
FAIL: g77.f-torture/execute/19990325-0.f compilation, -O3 -fomit-frame-pointer
FAIL: g77.f-torture/execute/19990325-0.f compilation, -O3 -g
FAIL: g77.f-torture/execute/19990325-0.f compilation, -Os
FAIL: g77.f-torture/execute/19990325-1.f execution, -O0
FAIL: g77.f-torture/execute/19990325-1.f execution, -O1
FAIL: g77.f-torture/execute/19990325-1.f execution, -O2
FAIL: g77.f-torture/execute/19990325-1.f execution, -O3 -fomit-frame-pointer
FAIL: g77.f-torture/execute/19990325-1.f execution, -O3 -g
FAIL: g77.f-torture/execute/19990325-1.f execution, -Os
FAIL: g77.f-torture/execute/20010116.f compilation, -O0
FAIL: g77.f-torture/execute/20010116.f compilation, -O1
FAIL: g77.f-torture/execute/20010116.f compilation, -O2
FAIL: g77.f-torture/execute/20010116.f compilation, -O3 -fomit-frame-pointer
FAIL: g77.f-torture/execute/20010116.f compilation, -O3 -fomit-frame-pointer -funroll-loops
FAIL: g77.f-torture/execute/20010116.f compilation, -O3 -fomit-frame-pointer -funroll-all-loops -finline-functions
FAIL: g77.f-torture/execute/20010116.f compilation, -O3 -g
FAIL: g77.f-torture/execute/20010116.f compilation, -Os
FAIL: g77.f-torture/execute/980628-4.f execution, -O0
FAIL: g77.f-torture/execute/980628-4.f execution, -O1
FAIL: g77.f-torture/execute/980628-4.f execution, -O2
FAIL: g77.f-torture/execute/980628-4.f execution, -O3 -fomit-frame-pointer
FAIL: g77.f-torture/execute/980628-4.f execution, -O3 -g
FAIL: g77.f-torture/execute/980628-4.f execution, -Os
FAIL: g77.f-torture/execute/980628-5.f execution, -O0
FAIL: g77.f-torture/execute/980628-5.f execution, -O1
FAIL: g77.f-torture/execute/980628-5.f execution, -O2
FAIL: g77.f-torture/execute/980628-5.f execution, -O3 -fomit-frame-pointer
FAIL: g77.f-torture/execute/980628-5.f execution, -O3 -g
FAIL: g77.f-torture/execute/980628-5.f execution, -Os
FAIL: g77.f-torture/execute/980628-6.f execution, -O0
FAIL: g77.f-torture/execute/980628-6.f execution, -O1
FAIL: g77.f-torture/execute/980628-6.f execution, -O2
FAIL: g77.f-torture/execute/980628-6.f execution, -O3 -fomit-frame-pointer
FAIL: g77.f-torture/execute/980628-6.f execution, -O3 -g
FAIL: g77.f-torture/execute/980628-6.f execution, -Os
FAIL: g77.f-torture/execute/dcomplex.f execution, -O0
FAIL: g77.f-torture/execute/dcomplex.f execution, -O1
FAIL: g77.f-torture/execute/dcomplex.f execution, -O2
FAIL: g77.f-torture/execute/dcomplex.f execution, -O3 -fomit-frame-pointer
FAIL: g77.f-torture/execute/dcomplex.f execution, -O3 -g
FAIL: g77.f-torture/execute/dcomplex.f execution, -Os
FAIL: g77.f-torture/execute/erfc.f execution, -O0
FAIL: g77.f-torture/execute/erfc.f execution, -O1
FAIL: g77.f-torture/execute/erfc.f execution, -O2
FAIL: g77.f-torture/execute/erfc.f execution, -O3 -fomit-frame-pointer
FAIL: g77.f-torture/execute/erfc.f execution, -O3 -g
FAIL: g77.f-torture/execute/erfc.f execution, -Os
FAIL: g77.f-torture/execute/exp.f execution, -O0
FAIL: g77.f-torture/execute/exp.f execution, -O1
FAIL: g77.f-torture/execute/exp.f execution, -O2
FAIL: g77.f-torture/execute/exp.f execution, -O3 -fomit-frame-pointer
FAIL: g77.f-torture/execute/exp.f execution, -O3 -g
FAIL: g77.f-torture/execute/exp.f execution, -Os
FAIL: g77.f-torture/execute/f90-intrinsic-mathematical.f execution, -O0
FAIL: g77.f-torture/execute/f90-intrinsic-mathematical.f execution, -O1
FAIL: g77.f-torture/execute/f90-intrinsic-mathematical.f execution, -O2
FAIL: g77.f-torture/execute/f90-intrinsic-mathematical.f execution, -O3 -fomit-frame-pointer
FAIL: g77.f-torture/execute/f90-intrinsic-mathematical.f execution, -O3 -g
FAIL: g77.f-torture/execute/f90-intrinsic-mathematical.f execution, -Os
FAIL: g77.f-torture/execute/f90-intrinsic-numeric.f execution, -O0
FAIL: g77.f-torture/execute/f90-intrinsic-numeric.f execution, -O1
FAIL: g77.f-torture/execute/f90-intrinsic-numeric.f execution, -O2
FAIL: g77.f-torture/execute/f90-intrinsic-numeric.f execution, -O3 -fomit-frame-pointer
FAIL: g77.f-torture/execute/f90-intrinsic-numeric.f execution, -O3 -g
FAIL: g77.f-torture/execute/f90-intrinsic-numeric.f execution, -Os
FAIL: g77.f-torture/execute/intrinsic-f2c-z.f execution, -O0
FAIL: g77.f-torture/execute/intrinsic-f2c-z.f execution, -O1
FAIL: g77.f-torture/execute/intrinsic-f2c-z.f execution, -O2
FAIL: g77.f-torture/execute/intrinsic-f2c-z.f execution, -O3 -fomit-frame-pointer
FAIL: g77.f-torture/execute/intrinsic-f2c-z.f execution, -O3 -g
FAIL: g77.f-torture/execute/intrinsic-f2c-z.f execution, -Os
FAIL: g77.f-torture/execute/intrinsic-unix-bessel.f execution, -O0
FAIL: g77.f-torture/execute/intrinsic-unix-bessel.f execution, -O1
FAIL: g77.f-torture/execute/intrinsic-unix-bessel.f execution, -O2
FAIL: g77.f-torture/execute/intrinsic-unix-bessel.f execution, -O3 -fomit-frame-pointer
FAIL: g77.f-torture/execute/intrinsic-unix-bessel.f execution, -O3 -g
FAIL: g77.f-torture/execute/intrinsic-unix-bessel.f execution, -Os
FAIL: g77.f-torture/execute/intrinsic-vax-cd.f execution, -O0
FAIL: g77.f-torture/execute/intrinsic-vax-cd.f execution, -O1
FAIL: g77.f-torture/execute/intrinsic-vax-cd.f execution, -O2
FAIL: g77.f-torture/execute/intrinsic-vax-cd.f execution, -O3 -fomit-frame-pointer
FAIL: g77.f-torture/execute/intrinsic-vax-cd.f execution, -O3 -g
FAIL: g77.f-torture/execute/intrinsic-vax-cd.f execution, -Os
FAIL: g77.f-torture/execute/intrinsic77.f compilation, -O0
FAIL: g77.f-torture/execute/intrinsic77.f compilation, -O1
FAIL: g77.f-torture/execute/intrinsic77.f compilation, -O2
FAIL: g77.f-torture/execute/intrinsic77.f compilation, -O3 -fomit-frame-pointer
FAIL: g77.f-torture/execute/intrinsic77.f compilation, -O3 -g
FAIL: g77.f-torture/execute/intrinsic77.f compilation, -Os
FAIL: g77.f-torture/execute/labug1.f compilation, -O0
FAIL: g77.f-torture/execute/labug1.f compilation, -O1
FAIL: g77.f-torture/execute/labug1.f compilation, -O2
FAIL: g77.f-torture/execute/labug1.f compilation, -O3 -fomit-frame-pointer
FAIL: g77.f-torture/execute/labug1.f compilation, -O3 -fomit-frame-pointer -funroll-loops
FAIL: g77.f-torture/execute/labug1.f compilation, -O3 -fomit-frame-pointer -funroll-all-loops -finline-functions
FAIL: g77.f-torture/execute/labug1.f compilation, -O3 -g
FAIL: g77.f-torture/execute/labug1.f compilation, -Os
=== g77 Summary ===
# of expected passes 1431
# of unexpected failures 161
# of unresolved testcases 15
# of untested testcases 28
# of unsupported tests 9
/u1/hack/gnu-toolchain/gcc/build/i386-vax/gcc/testsuite/../g77 version 3.3 20020927 (experimental)
Host is i386-unknown-netbsdelf
=== gcc tests ===
Running target nbsd-vax
FAIL: gcc.c-torture/compile/920624-1.c, -O3 -fomit-frame-pointer -funroll-loops
FAIL: gcc.c-torture/compile/920624-1.c, -O3 -fomit-frame-pointer -funroll-all-loops -finline-functions
FAIL: gcc.c-torture/execute/20020412-1.c execution, -O2
FAIL: gcc.c-torture/execute/20020412-1.c execution, -O3 -fomit-frame-pointer
FAIL: gcc.c-torture/execute/20020412-1.c execution, -O3 -fomit-frame-pointer -funroll-loops
FAIL: gcc.c-torture/execute/20020412-1.c execution, -O3 -fomit-frame-pointer -funroll-all-loops -finline-functions
FAIL: gcc.c-torture/execute/20020412-1.c execution, -O3 -g
FAIL: gcc.c-torture/execute/20020412-1.c execution, -Os
FAIL: gcc.c-torture/execute/20020720-1.c compilation, -O1
UNRESOLVED: gcc.c-torture/execute/20020720-1.c execution, -O1
FAIL: gcc.c-torture/execute/20020720-1.c compilation, -O2
UNRESOLVED: gcc.c-torture/execute/20020720-1.c execution, -O2
FAIL: gcc.c-torture/execute/20020720-1.c compilation, -O3 -fomit-frame-pointer
UNRESOLVED: gcc.c-torture/execute/20020720-1.c execution, -O3 -fomit-frame-pointer
FAIL: gcc.c-torture/execute/20020720-1.c compilation, -O3 -g
UNRESOLVED: gcc.c-torture/execute/20020720-1.c execution, -O3 -g
FAIL: gcc.c-torture/execute/20020720-1.c compilation, -Os
UNRESOLVED: gcc.c-torture/execute/20020720-1.c execution, -Os
FAIL: gcc.c-torture/execute/920909-1.c compilation, -O3 -fomit-frame-pointer
UNRESOLVED: gcc.c-torture/execute/920909-1.c execution, -O3 -fomit-frame-pointer
FAIL: gcc.c-torture/execute/920909-1.c compilation, -O3 -g
UNRESOLVED: gcc.c-torture/execute/920909-1.c execution, -O3 -g
FAIL: gcc.dg/20020304-1.c (test for excess errors)
FAIL: gcc.dg/nest.c (test for excess errors)
WARNING: gcc.dg/nest.c compilation failed to produce executable
FAIL: gcc.dg/uninit-A.c uninitialized variable warning (test for bogus messages, line 52)
FAIL: gcc.dg/uninit-A.c uninitialized variable warning (test for bogus messages, line 53)
FAIL: gcc.dg/noncompile/incomplete-1.c (test for excess errors)
FAIL: gcc.dg/special/gcsec-1.c execution test
FAIL: gcc.dg/weak/typeof-2.c scan-assembler baz3.*baz3.*baz3.*baz3.*baz3.*baz3
FAIL: gcc.misc-tests/bprob-1.c execution: file bprob-1.da does not exist, -g -fprofile-arcs
UNRESOLVED: gcc.misc-tests/bprob-1.c compilation, -g -fbranch-probabilities
UNRESOLVED: gcc.misc-tests/bprob-1.c execution, -g -fbranch-probabilities
FAIL: gcc.misc-tests/bprob-1.c execution: file bprob-1.da does not exist, -O0 -fprofile-arcs
UNRESOLVED: gcc.misc-tests/bprob-1.c compilation, -O0 -fbranch-probabilities
UNRESOLVED: gcc.misc-tests/bprob-1.c execution, -O0 -fbranch-probabilities
FAIL: gcc.misc-tests/bprob-1.c execution: file bprob-1.da does not exist, -O1 -fprofile-arcs
UNRESOLVED: gcc.misc-tests/bprob-1.c compilation, -O1 -fbranch-probabilities
UNRESOLVED: gcc.misc-tests/bprob-1.c execution, -O1 -fbranch-probabilities
FAIL: gcc.misc-tests/bprob-1.c execution: file bprob-1.da does not exist, -O2 -DPERFTIME -fprofile-arcs
UNRESOLVED: gcc.misc-tests/bprob-1.c compilation, -O2 -DPERFTIME -fbranch-probabilities
UNRESOLVED: gcc.misc-tests/bprob-1.c execution, -O2 -DPERFTIME -fbranch-probabilities
FAIL: gcc.misc-tests/bprob-1.c compilation, -O3 -DPERFTIME -fprofile-arcs
UNRESOLVED: gcc.misc-tests/bprob-1.c execution, -O3 -DPERFTIME -fprofile-arcs
UNRESOLVED: gcc.misc-tests/bprob-1.c compilation, -O3 -DPERFTIME -fbranch-probabilities
UNRESOLVED: gcc.misc-tests/bprob-1.c execution, -O3 -DPERFTIME -fbranch-probabilities
FAIL: gcc.misc-tests/bprob-1.c compilation, -O3 -g -DPERFTIME -fprofile-arcs
UNRESOLVED: gcc.misc-tests/bprob-1.c execution, -O3 -g -DPERFTIME -fprofile-arcs
UNRESOLVED: gcc.misc-tests/bprob-1.c compilation, -O3 -g -DPERFTIME -fbranch-probabilities
UNRESOLVED: gcc.misc-tests/bprob-1.c execution, -O3 -g -DPERFTIME -fbranch-probabilities
FAIL: gcc.misc-tests/bprob-1.c execution: file bprob-1.da does not exist, -Os -fprofile-arcs
UNRESOLVED: gcc.misc-tests/bprob-1.c compilation, -Os -fbranch-probabilities
UNRESOLVED: gcc.misc-tests/bprob-1.c execution, -Os -fbranch-probabilities
FAIL: gcc.misc-tests/bprob-2.c execution: file bprob-2.da does not exist, -g -fprofile-arcs
UNRESOLVED: gcc.misc-tests/bprob-2.c compilation, -g -fbranch-probabilities
UNRESOLVED: gcc.misc-tests/bprob-2.c execution, -g -fbranch-probabilities
FAIL: gcc.misc-tests/bprob-2.c execution: file bprob-2.da does not exist, -O0 -fprofile-arcs
UNRESOLVED: gcc.misc-tests/bprob-2.c compilation, -O0 -fbranch-probabilities
UNRESOLVED: gcc.misc-tests/bprob-2.c execution, -O0 -fbranch-probabilities
FAIL: gcc.misc-tests/bprob-2.c execution: file bprob-2.da does not exist, -O1 -fprofile-arcs
UNRESOLVED: gcc.misc-tests/bprob-2.c compilation, -O1 -fbranch-probabilities
UNRESOLVED: gcc.misc-tests/bprob-2.c execution, -O1 -fbranch-probabilities
FAIL: gcc.misc-tests/bprob-2.c execution: file bprob-2.da does not exist, -O2 -DPERFTIME -fprofile-arcs
UNRESOLVED: gcc.misc-tests/bprob-2.c compilation, -O2 -DPERFTIME -fbranch-probabilities
UNRESOLVED: gcc.misc-tests/bprob-2.c execution, -O2 -DPERFTIME -fbranch-probabilities
FAIL: gcc.misc-tests/bprob-2.c execution: file bprob-2.da does not exist, -O3 -DPERFTIME -fprofile-arcs
UNRESOLVED: gcc.misc-tests/bprob-2.c compilation, -O3 -DPERFTIME -fbranch-probabilities
UNRESOLVED: gcc.misc-tests/bprob-2.c execution, -O3 -DPERFTIME -fbranch-probabilities
FAIL: gcc.misc-tests/bprob-2.c execution: file bprob-2.da does not exist, -O3 -g -DPERFTIME -fprofile-arcs
UNRESOLVED: gcc.misc-tests/bprob-2.c compilation, -O3 -g -DPERFTIME -fbranch-probabilities
UNRESOLVED: gcc.misc-tests/bprob-2.c execution, -O3 -g -DPERFTIME -fbranch-probabilities
FAIL: gcc.misc-tests/bprob-2.c execution: file bprob-2.da does not exist, -Os -fprofile-arcs
UNRESOLVED: gcc.misc-tests/bprob-2.c compilation, -Os -fbranch-probabilities
UNRESOLVED: gcc.misc-tests/bprob-2.c execution, -Os -fbranch-probabilities
=== gcc Summary ===
# of expected passes 20028
# of unexpected failures 36
# of expected failures 62
# of unresolved testcases 37
# of unsupported tests 152
/u1/hack/gnu-toolchain/gcc/build/i386-vax/gcc/xgcc version 3.3 20020927 (experimental)
Host is i386-unknown-netbsdelf
=== objc tests ===
Running target nbsd-vax
=== objc Summary ===
# of expected passes 1153
/u1/hack/gnu-toolchain/gcc/build/i386-vax/gcc/xgcc version 3.3 20020927 (experimental)
Host is vax-unknown-netbsdelf
=== libstdc++-v3 tests ===
Running target nbsd-vax
FAIL: 18_support/numeric_limits.cc execution test
FAIL: 19_diagnostics/stdexceptions.cc execution test
FAIL: 21_strings/append.cc execution test
FAIL: 21_strings/ctor_copy_dtor.cc execution test
FAIL: 21_strings/element_access.cc execution test
FAIL: 21_strings/insert.cc execution test
FAIL: 21_strings/inserters_extractors.cc execution test
FAIL: 21_strings/substr.cc execution test
XPASS: 22_locale/collate_members_wchar_t.cc execution test
XPASS: 22_locale/ctype_is_wchar_t.cc execution test
XPASS: 22_locale/money_get_members_wchar_t.cc execution test
XPASS: 22_locale/money_put_members_wchar_t.cc execution test
XPASS: 22_locale/moneypunct_members_wchar_t.cc execution test
XPASS: 22_locale/num_get_members_wchar_t.cc execution test
XPASS: 22_locale/num_put_members_wchar_t.cc execution test
XPASS: 22_locale/numpunct_members_wchar_t.cc execution test
XPASS: 22_locale/time_get_members_wchar_t.cc execution test
XPASS: 22_locale/time_put_members_wchar_t.cc execution test
FAIL: 23_containers/bitset_ctor.cc execution test
FAIL: 23_containers/bitset_members.cc execution test
FAIL: 23_containers/list_modifiers.cc execution test
FAIL: 23_containers/map_operators.cc execution test
FAIL: 23_containers/multiset.cc execution test
FAIL: 23_containers/vector_element_access.cc execution test
FAIL: 26_numerics/binary_closure.cc execution test
FAIL: 26_numerics/c_math.cc execution test
FAIL: 26_numerics/complex_inserters_extractors.cc execution test
FAIL: 26_numerics/complex_value.cc execution test
FAIL: 27_io/filebuf_members.cc execution test
FAIL: 27_io/filebuf_virtuals.cc execution test
FAIL: 27_io/ifstream_members.cc execution test
FAIL: 27_io/ios_base_members_static.cc execution test
FAIL: 27_io/ios_base_storage.cc execution test
FAIL: 27_io/ios_init.cc execution test
FAIL: 27_io/ios_manip_basefield.cc execution test
FAIL: 27_io/ios_manip_fmtflags.cc execution test
FAIL: 27_io/ios_members.cc execution test
FAIL: 27_io/iostream_members.cc execution test
FAIL: 27_io/istream_extractor_arith.cc execution test
FAIL: 27_io/istream_extractor_other.cc execution test
FAIL: 27_io/istream_seeks.cc execution test
FAIL: 27_io/istream_unformatted.cc execution test
FAIL: 27_io/ostream_inserter_arith.cc execution test
FAIL: 27_io/ostream_inserter_char.cc execution test
FAIL: 27_io/ostream_inserter_other.cc execution test
FAIL: 27_io/streambuf_members.cc execution test
FAIL: 27_io/stringstream_members.cc execution test
FAIL: backward/strstream_members.cc execution test
=== libstdc++-v3 Summary ===
# of expected passes 368
# of unexpected failures 38
# of unexpected successes 10
# of expected failures 17
# of unsupported tests 6
Compiler version: 3.3 20020927 (experimental)
Platform: vax-unknown-netbsdelf
configure flags: --prefix=/usr/local/gnu --disable-shared --with-headers --host=i386-unknown-netbsdelf --target=vax-unknown-netbsdelf
More information about the Gcc-testresults
mailing list