Results for 3.3 20021130 (experimental) testsuite on sparc64-unknown-linux-gnu

c.christian.joensson@telia.com c.christian.joensson@telia.com
Sat Nov 30 21:26:00 GMT 2002


This was on a Aurora SPARC Linux 0.42 build (Douglas) Ultra1
sun4u system with these packages:

binutils 2.13.1 20021124 sparc64-linux
bison-1.35-1
dejagnu-1.4.3-0   (built ftp://ftp.gnu.org/gnu/dejagnu/dejagnu-1.4.3-0.src.rpm)
expect-5.32.2-67
gcc 3.2.2 20021122 (prerelease) sparc64-linux
glibc-2.2.5-40
glibc64-2.2.5-40
kernel-2.4.19-1.2sparc
tcl-8.3.3-67

In-tree joined gcc and binutils cvs trunks.

LAST_UPDATED: Sat Nov 30 11:14:32 UTC 2002

Native configuration is sparc64-unknown-linux-gnu

		=== g77 tests ===


Running target unix/-m32

		=== g77 Summary for unix/-m32 ===

# of expected passes		1638
# of unsupported tests		8

Running target unix/-fPIC

		=== g77 Summary for unix/-fPIC ===

# of expected passes		1638
# of unsupported tests		8

Running target unix/-fpic

		=== g77 Summary for unix/-fpic ===

# of expected passes		1638
# of unsupported tests		8

Running target unix

		=== g77 Summary for unix ===

# of expected passes		1638
# of unsupported tests		8

		=== g77 Summary ===

# of expected passes		6552
# of unsupported tests		32
/usr/local/src/gcc-binutils/trunk/objdir/gcc/testsuite/../g77 version 3.3 20021130 (experimental)

		=== gcc tests ===


Running target unix/-m32
XPASS: gcc.c-torture/execute/20020227-1.c execution,  -O0 
XPASS: gcc.c-torture/execute/20020227-1.c execution,  -O1 
XPASS: gcc.c-torture/execute/20020227-1.c execution,  -O2 
XPASS: gcc.c-torture/execute/20020227-1.c execution,  -O3 -fomit-frame-pointer 
XPASS: gcc.c-torture/execute/20020227-1.c execution,  -O3 -g 
XPASS: gcc.c-torture/execute/20020227-1.c execution,  -Os 
FAIL: gcc.c-torture/execute/builtin-constant.c execution,  -O1 
FAIL: gcc.c-torture/execute/builtin-constant.c execution,  -O2 
FAIL: gcc.c-torture/execute/builtin-constant.c execution,  -O3 -fomit-frame-pointer 
FAIL: gcc.c-torture/execute/builtin-constant.c execution,  -O3 -g 
FAIL: gcc.c-torture/execute/builtin-constant.c execution,  -Os 
FAIL: gcc.dg/cpp/Wunused.c (test for excess errors)
FAIL: gcc.dg/cpp/trad/Wunused.c (test for excess errors)
FAIL: gcc.dg/cpp/trad/Wunused.c (test for excess errors)
FAIL: gcc.dg/duff-2.c (test for excess errors)
FAIL: gcc.dg/ultrasp2.c (test for excess errors)
FAIL: gcc.dg/ultrasp4.c (test for excess errors)

		=== gcc Summary for unix/-m32 ===

# of expected passes		20903
# of unexpected failures	11
# of unexpected successes	6
# of expected failures		62
# of unsupported tests		139

Running target unix/-fPIC
FAIL: gcc.c-torture/compile/simd-5.c,  -O0  
FAIL: gcc.c-torture/compile/simd-5.c,  -O1  
FAIL: gcc.c-torture/compile/simd-5.c,  -O2  
FAIL: gcc.c-torture/compile/simd-5.c,  -O3 -fomit-frame-pointer  
FAIL: gcc.c-torture/compile/simd-5.c,  -O3 -g  
FAIL: gcc.c-torture/compile/simd-5.c,  -Os  
XPASS: gcc.c-torture/execute/20020227-1.c execution,  -O0 
XPASS: gcc.c-torture/execute/20020227-1.c execution,  -O1 
FAIL: gcc.c-torture/execute/930921-1.c compilation,  -O3 -fomit-frame-pointer -funroll-loops 
UNRESOLVED: gcc.c-torture/execute/930921-1.c execution,  -O3 -fomit-frame-pointer -funroll-loops 
FAIL: gcc.c-torture/execute/930921-1.c compilation,  -O3 -fomit-frame-pointer -funroll-all-loops -finline-functions 
UNRESOLVED: gcc.c-torture/execute/930921-1.c execution,  -O3 -fomit-frame-pointer -funroll-all-loops -finline-functions 
FAIL: gcc.c-torture/execute/builtin-constant.c execution,  -O1 
FAIL: gcc.c-torture/execute/builtin-constant.c execution,  -O2 
FAIL: gcc.c-torture/execute/builtin-constant.c execution,  -O3 -fomit-frame-pointer 
FAIL: gcc.c-torture/execute/builtin-constant.c execution,  -O3 -g 
FAIL: gcc.c-torture/execute/builtin-constant.c execution,  -Os 
FAIL: gcc.c-torture/execute/conversion.c execution,  -O0 
FAIL: gcc.c-torture/execute/conversion.c execution,  -O1 
FAIL: gcc.c-torture/execute/conversion.c execution,  -O2 
FAIL: gcc.c-torture/execute/conversion.c execution,  -O3 -fomit-frame-pointer 
FAIL: gcc.c-torture/execute/conversion.c execution,  -O3 -g 
FAIL: gcc.c-torture/execute/conversion.c execution,  -Os 
FAIL: gcc.c-torture/execute/strncmp-1.c execution,  -O0 
FAIL: gcc.c-torture/execute/strncmp-1.c execution,  -O1 
FAIL: gcc.c-torture/execute/strncmp-1.c execution,  -O2 
FAIL: gcc.c-torture/execute/strncmp-1.c execution,  -O3 -fomit-frame-pointer 
FAIL: gcc.c-torture/execute/strncmp-1.c execution,  -O3 -fomit-frame-pointer -funroll-loops 
FAIL: gcc.c-torture/execute/strncmp-1.c execution,  -O3 -fomit-frame-pointer -funroll-all-loops -finline-functions 
FAIL: gcc.c-torture/execute/strncmp-1.c execution,  -O3 -g 
FAIL: gcc.c-torture/execute/strncmp-1.c execution,  -Os 
FAIL: gcc.dg/cpp/Wunused.c (test for excess errors)
FAIL: gcc.dg/cpp/trad/Wunused.c (test for excess errors)
FAIL: gcc.dg/cpp/trad/Wunused.c (test for excess errors)
FAIL: gcc.dg/20021014-1.c execution test
FAIL: gcc.dg/duff-2.c (test for excess errors)
FAIL: gcc.dg/nest.c execution test
FAIL: linkage.c

		=== gcc Summary for unix/-fPIC ===

# of expected passes		20878
# of unexpected failures	34
# of unexpected successes	2
# of expected failures		66
# of unresolved testcases	2
# of unsupported tests		139

Running target unix/-fpic
FAIL: gcc.c-torture/compile/simd-5.c,  -O0  
FAIL: gcc.c-torture/compile/simd-5.c,  -O1  
FAIL: gcc.c-torture/compile/simd-5.c,  -O2  
FAIL: gcc.c-torture/compile/simd-5.c,  -O3 -fomit-frame-pointer  
FAIL: gcc.c-torture/compile/simd-5.c,  -O3 -g  
FAIL: gcc.c-torture/compile/simd-5.c,  -Os  
XPASS: gcc.c-torture/execute/20020227-1.c execution,  -O0 
XPASS: gcc.c-torture/execute/20020227-1.c execution,  -O1 
FAIL: gcc.c-torture/execute/930921-1.c compilation,  -O3 -fomit-frame-pointer -funroll-loops 
UNRESOLVED: gcc.c-torture/execute/930921-1.c execution,  -O3 -fomit-frame-pointer -funroll-loops 
FAIL: gcc.c-torture/execute/930921-1.c compilation,  -O3 -fomit-frame-pointer -funroll-all-loops -finline-functions 
UNRESOLVED: gcc.c-torture/execute/930921-1.c execution,  -O3 -fomit-frame-pointer -funroll-all-loops -finline-functions 
FAIL: gcc.c-torture/execute/builtin-constant.c execution,  -O1 
FAIL: gcc.c-torture/execute/builtin-constant.c execution,  -O2 
FAIL: gcc.c-torture/execute/builtin-constant.c execution,  -O3 -fomit-frame-pointer 
FAIL: gcc.c-torture/execute/builtin-constant.c execution,  -O3 -g 
FAIL: gcc.c-torture/execute/builtin-constant.c execution,  -Os 
FAIL: gcc.c-torture/execute/conversion.c execution,  -O0 
FAIL: gcc.c-torture/execute/conversion.c execution,  -O1 
FAIL: gcc.c-torture/execute/conversion.c execution,  -O2 
FAIL: gcc.c-torture/execute/conversion.c execution,  -O3 -fomit-frame-pointer 
FAIL: gcc.c-torture/execute/conversion.c execution,  -O3 -g 
FAIL: gcc.c-torture/execute/conversion.c execution,  -Os 
FAIL: gcc.c-torture/execute/strncmp-1.c execution,  -O0 
FAIL: gcc.c-torture/execute/strncmp-1.c execution,  -O1 
FAIL: gcc.c-torture/execute/strncmp-1.c execution,  -O2 
FAIL: gcc.c-torture/execute/strncmp-1.c execution,  -O3 -fomit-frame-pointer 
FAIL: gcc.c-torture/execute/strncmp-1.c execution,  -O3 -fomit-frame-pointer -funroll-loops 
FAIL: gcc.c-torture/execute/strncmp-1.c execution,  -O3 -fomit-frame-pointer -funroll-all-loops -finline-functions 
FAIL: gcc.c-torture/execute/strncmp-1.c execution,  -O3 -g 
FAIL: gcc.c-torture/execute/strncmp-1.c execution,  -Os 
FAIL: gcc.dg/cpp/Wunused.c (test for excess errors)
FAIL: gcc.dg/cpp/trad/Wunused.c (test for excess errors)
FAIL: gcc.dg/cpp/trad/Wunused.c (test for excess errors)
FAIL: gcc.dg/20021014-1.c execution test
FAIL: gcc.dg/duff-2.c (test for excess errors)
FAIL: gcc.dg/nest.c execution test
FAIL: linkage.c

		=== gcc Summary for unix/-fpic ===

# of expected passes		20878
# of unexpected failures	34
# of unexpected successes	2
# of expected failures		66
# of unresolved testcases	2
# of unsupported tests		139

Running target unix
FAIL: gcc.c-torture/compile/simd-5.c,  -O0  
FAIL: gcc.c-torture/compile/simd-5.c,  -O1  
FAIL: gcc.c-torture/compile/simd-5.c,  -O2  
FAIL: gcc.c-torture/compile/simd-5.c,  -O3 -fomit-frame-pointer  
FAIL: gcc.c-torture/compile/simd-5.c,  -O3 -g  
FAIL: gcc.c-torture/compile/simd-5.c,  -Os  
XPASS: gcc.c-torture/execute/20020227-1.c execution,  -O0 
XPASS: gcc.c-torture/execute/20020227-1.c execution,  -O1 
FAIL: gcc.c-torture/execute/930921-1.c compilation,  -O3 -fomit-frame-pointer -funroll-loops 
UNRESOLVED: gcc.c-torture/execute/930921-1.c execution,  -O3 -fomit-frame-pointer -funroll-loops 
FAIL: gcc.c-torture/execute/930921-1.c compilation,  -O3 -fomit-frame-pointer -funroll-all-loops -finline-functions 
UNRESOLVED: gcc.c-torture/execute/930921-1.c execution,  -O3 -fomit-frame-pointer -funroll-all-loops -finline-functions 
FAIL: gcc.c-torture/execute/builtin-constant.c execution,  -O1 
FAIL: gcc.c-torture/execute/builtin-constant.c execution,  -O2 
FAIL: gcc.c-torture/execute/builtin-constant.c execution,  -O3 -fomit-frame-pointer 
FAIL: gcc.c-torture/execute/builtin-constant.c execution,  -O3 -g 
FAIL: gcc.c-torture/execute/builtin-constant.c execution,  -Os 
FAIL: gcc.c-torture/execute/conversion.c execution,  -O0 
FAIL: gcc.c-torture/execute/conversion.c execution,  -O1 
FAIL: gcc.c-torture/execute/conversion.c execution,  -O2 
FAIL: gcc.c-torture/execute/conversion.c execution,  -Os 
FAIL: gcc.c-torture/execute/strncmp-1.c execution,  -O0 
FAIL: gcc.c-torture/execute/strncmp-1.c execution,  -O1 
FAIL: gcc.c-torture/execute/strncmp-1.c execution,  -O2 
FAIL: gcc.c-torture/execute/strncmp-1.c execution,  -O3 -fomit-frame-pointer 
FAIL: gcc.c-torture/execute/strncmp-1.c execution,  -O3 -fomit-frame-pointer -funroll-loops 
FAIL: gcc.c-torture/execute/strncmp-1.c execution,  -O3 -fomit-frame-pointer -funroll-all-loops -finline-functions 
FAIL: gcc.c-torture/execute/strncmp-1.c execution,  -O3 -g 
FAIL: gcc.c-torture/execute/strncmp-1.c execution,  -Os 
FAIL: gcc.dg/cpp/Wunused.c (test for excess errors)
FAIL: gcc.dg/cpp/trad/Wunused.c (test for excess errors)
FAIL: gcc.dg/cpp/trad/Wunused.c (test for excess errors)
FAIL: gcc.dg/20021014-1.c execution test
FAIL: gcc.dg/duff-2.c (test for excess errors)
FAIL: gcc.dg/nest.c execution test
FAIL: linkage.c

		=== gcc Summary for unix ===

# of expected passes		20880
# of unexpected failures	32
# of unexpected successes	2
# of expected failures		66
# of unresolved testcases	2
# of unsupported tests		139

		=== gcc Summary ===

# of expected passes		83539
# of unexpected failures	111
# of unexpected successes	12
# of expected failures		260
# of unresolved testcases	6
# of unsupported tests		556
/usr/local/src/gcc-binutils/trunk/objdir/gcc/xgcc version 3.3 20021130 (experimental)

		=== objc tests ===


Running target unix/-m32

		=== objc Summary for unix/-m32 ===

# of expected passes		1153

Running target unix/-fPIC

		=== objc Summary for unix/-fPIC ===

# of expected passes		1153

Running target unix/-fpic

		=== objc Summary for unix/-fpic ===

# of expected passes		1153

Running target unix

		=== objc Summary for unix ===

# of expected passes		1153

		=== objc Summary ===

# of expected passes		4612
/usr/local/src/gcc-binutils/trunk/objdir/gcc/xgcc version 3.3 20021130 (experimental)


Compiler version: 3.3 20021130 (experimental) 
Platform: sparc64-unknown-linux-gnu
configure flags: --host=sparc64-linux --prefix=/usr/local/gcc-binutils --enable-shared --enable-threads=posix --enable-languages=c,objc,f77
Counting all warnings,
there are 60 warnings in stage0 of this bootstrap.

Number of warnings per file:
     30	libiberty/regex.c
      6	libf2c/libI77/rsne.c
      6	include/xregex2.h
      4	libobjc/linking.m
      2	runtime-info.h
      2	libobjc/Protocol.m
      2	libobjc/Object.m
      2	libobjc/encoding.c
      2	libf2c/libU77/hostnm_.c
      2	libf2c/libI77/open.c
      2	libf2c/libI77/inquire.c

Number of warning types:
     24	signed and unsigned type in conditional expression
      8	\`???' might be used uninitialized in this function
      8	dereferencing type-punned pointer will break strict-aliasing rules
      6	unused parameter \`???'
      4	ISO C90 does not support \`static' or type qualifiers in parameter array declarators
      4	\`???' defined but not used
      2	ISO C89 does not support \`static' or type qualifiers in parameter array declarators
      2	implicit declaration of function \`???'
      2	comparison between signed and unsigned
Counting all warnings,
there are 26 warnings in stage3 of this bootstrap.

Number of warnings per file:
      9	gcc/unwind-dw2-fde.h
      3	gcc/tlink.c
      3	gcc/gcc.c
      2	/usr/share/bison/bison.simple
      2	gcc/libgcc2.c
      2	gcc/f/sta.c
      2	gcc/crtstuff.c
      1	gcc/ra-build.c
      1	gcc/loop.c
      1	gcc/collect2.c

Number of warning types:
      9	unused parameter \`???'
      4	comparison of unsigned expression < 0 is always false
      2	string length \`???' is greater than the length \`???' ISO C89 compilers are required to support
      2	passing arg ??? of \`???' discards qualifiers from pointer target type
      2	\`???' might be used uninitialized in this function
      2	label \`???' defined but not used
      2	dereferencing type-punned pointer will break strict-aliasing rules
      1	traditional C rejects string concatenation
      1	\`long' switch expression not converted to \`int' in ISO C
      1	comparison between signed and unsigned



More information about the Gcc-testresults mailing list