Results for 3.3 20021129 (experimental) testsuite on i686-redhat8-linux-gnu

Manfred Hollstein manfred.h@gmx.net
Fri Nov 29 09:41:00 GMT 2002


Compiler version: 3.3 20021129 (experimental)
Platform:	  i686-redhat8-linux-gnu

Sources:	  HEAD as of 2002/11/29 09:46:37 +0100
LAST_UPDATED:	  Fri Nov 29 08:46:38 UTC 2002
Patches:	  None
Environment:	  - autoconf-2.53-8
		  - automake-1.6.3-1
		  - binutils-2.13.1
		  - dejagnu-1.4.2-6
		  - expect-5.38.0-74
		  - Red Hat Linux 8.0 + recommended updates as of today
		  - Kernel 2.4.19-0.pp.9 (gcc version 3.2 20020903 (Red Hat Linux 8.0 3.2-7)")
		  - glibc-2.2.93-5
		  - glibc-common-2.2.93-5
		  - glibc-devel-2.2.93-5

Remarks:	  This is the same set of sources as used for the last report,
		  just using more aggressive *FLAGS; using -O3 for GCJFLAGS
		  instead of -O2 results in an ICE while compiling some Java
		  source file.


configure flags:  --host=i686-redhat8-linux-gnu --target=i686-redhat8-linux-gnu --build=i686-redhat8-linux-gnu --srcdir=../gcc-20021129 --prefix=/opt/gnu --exec-prefix=/opt/gnu/H-ia32-linux --with-gnu-as --with-gnu-ld --enable-__cxa_atexit --disable-checking --enable-clocale=gnu --enable-interpreter --enable-shared --enable-threads=posix --with-system-zlib --with-local-prefix=/opt/gnu --enable-nls --verbose
BOOT_CC:	  gcc version 3.2.1
BOOT_CFLAGS:	  -O3 -march=i686 -fomit-frame-pointer
CFLAGS:		  -O2 -march=i686
CXXFLAGS:	  -O3 -march=i686 -fomit-frame-pointer -g
GCJFLAGS:	  -O2 -march=i686 -g


Native configuration is i686-redhat8-linux-gnu

		=== g++ tests ===


Running target unix
FAIL: g++.dg/warn/Wunused-2.C  (test for warnings, line 5)
FAIL: g++.dg/tls/init-2.C (test for excess errors)
XPASS: g++.other/init5.C  Execution test

		=== g++ Summary ===

# of expected passes		7857
# of unexpected failures	2
# of unexpected successes	1
# of expected failures		91
# of untested testcases		9
# of unsupported tests		3
/home/gnu/work/GNU/gcc-20021129-i686-redhat8-linux-gnu/gcc/testsuite/../g++ version 3.3 20021129 (experimental)

		=== g77 tests ===


Running target unix

		=== g77 Summary ===

# of expected passes		1654
/home/gnu/work/GNU/gcc-20021129-i686-redhat8-linux-gnu/gcc/testsuite/../g77 version 3.3 20021129 (experimental)

		=== gcc tests ===


Running target unix
FAIL: gcc.c-torture/execute/builtin-constant.c execution,  -O1 
FAIL: gcc.c-torture/execute/builtin-constant.c execution,  -O2 
FAIL: gcc.c-torture/execute/builtin-constant.c execution,  -O3 -fomit-frame-pointer 
FAIL: gcc.c-torture/execute/builtin-constant.c execution,  -O3 -g 
FAIL: gcc.c-torture/execute/builtin-constant.c execution,  -Os 
FAIL: gcc.dg/duff-2.c (test for excess errors)

		=== gcc Summary ===

# of expected passes		20707
# of unexpected failures	6
# of expected failures		64
# of unsupported tests		65
/home/gnu/work/GNU/gcc-20021129-i686-redhat8-linux-gnu/gcc/xgcc version 3.3 20021129 (experimental)

		=== objc tests ===


Running target unix

		=== objc Summary ===

# of expected passes		1153
/home/gnu/work/GNU/gcc-20021129-i686-redhat8-linux-gnu/gcc/xgcc version 3.3 20021129 (experimental)

		=== libjava tests ===


Running target unix
FAIL: PR1343 compilation from bytecode
FAIL: PR1343 -O compilation from bytecode
FAIL: initexc compilation from bytecode
FAIL: initexc -O compilation from bytecode
FAIL: /home/gnu/work/GNU/gcc-20021129-i686-redhat8-linux-gnu/i686-redhat8-linux-gnu/libjava/testsuite/TestEarlyGC.exe output - /home/gnu/work/GNU/gcc-20021129-i686-redhat8-linux-gnu/i686-redhat8-linux-gnu/libjava/testsuite/TestEarlyGC.exe

		=== libjava Summary ===

# of expected passes		2852
# of unexpected failures	5
# of expected failures		14
# of untested testcases		12
		=== libstdc++-v3 tests ===


Running target unix
XPASS: 22_locale/collate_byname.cc execution test
FAIL: 22_locale/ctor_copy_dtor.cc execution test
XPASS: 22_locale/ctype_is_char.cc execution test
FAIL: 22_locale/facet.cc execution test
XPASS: 22_locale/messages_byname.cc execution test
XPASS: 22_locale/moneypunct_byname.cc execution test
FAIL: 26_numerics/c99_classification_macros_c.cc (test for excess errors)

		=== libstdc++-v3 Summary ===

# of expected passes		415
# of unexpected failures	3
# of unexpected successes	4
# of expected failures		23


Counting all warnings,
there are 32 warnings in stage3 of this bootstrap.

Number of warnings per file:
      7	gcc/unwind-dw2-fde.h
      3	gcc/tlink.c
      3	/usr/share/bison/bison.simple
      2	insn-conditions.c
      2	gcc/gcc.c
      2	gcc/f/sta.c
      2	gcc/crtstuff.c
      1	gt-ada-utils.h
      1	gt-ada-decl.h
      1	gcc/loop.c
      1	gcc/java/lang.c
      1	gcc/java/jvspec.c
      1	gcc/function.c
      1	gcc/emit-rtl.c
      1	gcc/config/i386/i386.c
      1	gcc/collect2.c
      1	gcc/ada/tracebak.c
      1	ada/b_gnatb.c

Number of warning types:
      8	unused parameter `???'
      5	string length `???' is greater than the length `???' ISO C89 compilers are required to support
      5	comparison of unsigned expression < 0 is always false
      4	comparison between signed and unsigned
      3	label `???' defined but not used
      2	passing arg ??? of `???' discards qualifiers from pointer target type
      2	dereferencing type-punned pointer will break strict-aliasing rules
      1	unused variable `???'
      1	signed and unsigned type in conditional expression
      1	function declaration isn't a prototype



More information about the Gcc-testresults mailing list