Results for 3.3 20021128 (experimental) testsuite on alphaev56-unknown-linux-gnu

H.J. Lu hjl@alpha.in.lucon.org
Thu Nov 28 20:46:00 GMT 2002


LAST_UPDATED: Thu Nov 28 19:58:38 UTC 2002

Native configuration is alphaev56-unknown-linux-gnu

		=== libjava tests ===


Running target unix
FAIL: initexc execution - gij test
FAIL: initexc compilation from bytecode
FAIL: initexc execution - gij test
FAIL: initexc -O compilation from bytecode
FAIL: /export/build/gnu/gcc/build-alpha-linux/alphaev56-unknown-linux-gnu/libjava/testsuite/TestEarlyGC.exe output - /export/build/gnu/gcc/build-alpha-linux/alphaev56-unknown-linux-gnu/libjava/testsuite/TestEarlyGC.exe

		=== libjava Summary ===

# of expected passes		2850
# of unexpected failures	5
# of expected failures		14
# of untested testcases		14
		=== libstdc++-v3 tests ===


Running target unix
XPASS: 22_locale/ctype_is_char.cc execution test
XPASS: 22_locale/ctype_is_wchar_t.cc execution test
XPASS: 22_locale/members.cc execution test
XPASS: 22_locale/messages_byname.cc execution test
XPASS: 22_locale/messages_members_char.cc execution test
XPASS: 22_locale/money_get_members_char.cc execution test
XPASS: 22_locale/money_get_members_wchar_t.cc execution test
XPASS: 22_locale/money_put_members_char.cc execution test
XPASS: 22_locale/money_put_members_wchar_t.cc execution test
XPASS: 22_locale/moneypunct_byname.cc execution test
XPASS: 22_locale/moneypunct_members_char.cc execution test
XPASS: 22_locale/moneypunct_members_wchar_t.cc execution test
XPASS: 22_locale/num_get_members_char.cc execution test
XPASS: 22_locale/num_get_members_wchar_t.cc execution test
XPASS: 22_locale/num_put_members_char.cc execution test
XPASS: 22_locale/num_put_members_wchar_t.cc execution test
XPASS: 22_locale/numpunct_byname.cc execution test
XPASS: 22_locale/numpunct_members_char.cc execution test
XPASS: 22_locale/numpunct_members_wchar_t.cc execution test
XPASS: 22_locale/time_get_members_char.cc execution test
XPASS: 22_locale/time_get_members_wchar_t.cc execution test
XPASS: 22_locale/time_put_members_char.cc execution test
XPASS: 22_locale/time_put_members_wchar_t.cc execution test
FAIL: 26_numerics/c99_classification_macros_c.cc (test for excess errors)
WARNING: program timed out.
FAIL: thread/pthread4.cc execution test

		=== libstdc++-v3 Summary ===

# of expected passes		416
# of unexpected failures	2
# of unexpected successes	23
# of expected failures		4
		=== g77 tests ===


Running target unix

		=== g77 Summary ===

# of expected passes		1638
# of unsupported tests		8
/export/build/gnu/gcc/build-alpha-linux/gcc/testsuite/../g77 version 3.3 20021128 (experimental)

		=== gcc tests ===


Running target unix
WARNING: program timed out.
FAIL: gcc.c-torture/compile/20001226-1.c,  -O3 -g  
FAIL: gcc.c-torture/compile/simd-5.c,  -O1  
FAIL: gcc.c-torture/compile/simd-5.c,  -O2  
FAIL: gcc.c-torture/compile/simd-5.c,  -O3 -fomit-frame-pointer  
FAIL: gcc.c-torture/compile/simd-5.c,  -O3 -g  
FAIL: gcc.c-torture/compile/simd-5.c,  -Os  
FAIL: gcc.c-torture/execute/20000605-1.c execution,  -O2 
FAIL: gcc.c-torture/execute/20000605-1.c execution,  -Os 
FAIL: gcc.c-torture/execute/builtin-constant.c execution,  -O1 
FAIL: gcc.c-torture/execute/builtin-constant.c execution,  -O2 
FAIL: gcc.c-torture/execute/builtin-constant.c execution,  -O3 -fomit-frame-pointer 
FAIL: gcc.c-torture/execute/builtin-constant.c execution,  -O3 -g 
FAIL: gcc.c-torture/execute/builtin-constant.c execution,  -Os 
FAIL: gcc.dg/duff-2.c (test for excess errors)
FAIL: gcc.dg/typespec-1.c unsigned long long int _Bool (test for errors, line 937)

		=== gcc Summary ===

# of expected passes		20484
# of unexpected failures	15
# of expected failures		73
# of unsupported tests		136
/export/build/gnu/gcc/build-alpha-linux/gcc/xgcc version 3.3 20021128 (experimental)

		=== g++ tests ===


Running target unix
FAIL: g++.dg/init/order.C execution test
FAIL: g++.dg/warn/Wunused-2.C  (test for warnings, line 5)
FAIL: g++.dg/tls/init-2.C (test for excess errors)
FAIL: g++.pt/repo3.C (test for excess errors)

		=== g++ Summary ===

# of expected passes		7810
# of unexpected failures	4
# of expected failures		92
# of untested testcases		22
# of unsupported tests		16
/export/build/gnu/gcc/build-alpha-linux/gcc/testsuite/../g++ version 3.3 20021128 (experimental)

		=== objc tests ===


Running target unix

		=== objc Summary ===

# of expected passes		1153
/export/build/gnu/gcc/build-alpha-linux/gcc/xgcc version 3.3 20021128 (experimental)


Compiler version: 3.3 20021128 (experimental) 
Platform: alphaev56-unknown-linux-gnu
configure flags: --host=alphaev56-unknown-linux-gnu --enable-clocale=gnu --with-system-zlib --enable-shared --enable-threads=posix --enable-haifa --disable-checking --prefix=/usr/gcc-3.3 --with-local-prefix=/usr/local



More information about the Gcc-testresults mailing list