Results for 3.3 20021126 (experimental) testsuite on hppa-unknown-linux-gnu

John David Anglin dave@hiauly1.hia.nrc.ca
Wed Nov 27 06:49:00 GMT 2002


LAST_UPDATED: Wed Nov 27 04:00:59 UTC 2002

Native configuration is hppa-unknown-linux-gnu

		=== g++ tests ===


Running target unix
FAIL: g++.dg/compat/break/bitfield7 y_tst.o compile
UNRESOLVED: g++.dg/compat/break/bitfield7 x_tst.o-y_tst.o link 
UNRESOLVED: g++.dg/compat/break/bitfield7 x_tst.o-y_tst.o execute 
FAIL: g++.dg/warn/Wunused-2.C  (test for warnings, line 5)
XPASS: g++.mike/eh33.C (test for excess errors)
XPASS: g++.mike/eh33.C  Execution test
XPASS: g++.mike/eh50.C (test for excess errors)
XPASS: g++.mike/eh50.C  Execution test
XPASS: g++.other/init5.C  Execution test

		=== g++ Summary ===

# of expected passes		7778
# of unexpected failures	2
# of unexpected successes	5
# of expected failures		91
# of unresolved testcases	2
# of untested testcases		23
# of unsupported tests		17
/home/dave/gcc-3.3/objdir/gcc/testsuite/../g++ version 3.3 20021126 (experimental)

		=== g77 tests ===


Running target unix
FAIL: g77.f-torture/execute/970625-2.f compilation,  -O1 

		=== g77 Summary ===

# of expected passes		1636
# of unexpected failures	1
# of untested testcases		1
# of unsupported tests		8
/home/dave/gcc-3.3/objdir/gcc/testsuite/../g77 version 3.3 20021126 (experimental)

		=== gcc tests ===


Running target unix
FAIL: gcc.c-torture/execute/builtin-constant.c execution,  -O1 
FAIL: gcc.c-torture/execute/builtin-constant.c execution,  -O2 
FAIL: gcc.c-torture/execute/builtin-constant.c execution,  -O3 -fomit-frame-pointer 
FAIL: gcc.c-torture/execute/builtin-constant.c execution,  -O3 -g 
FAIL: gcc.c-torture/execute/builtin-constant.c execution,  -Os 
FAIL: gcc.dg/duff-2.c (test for excess errors)
FAIL: gcc.dg/typespec-1.c unsigned long int long double (test for errors, line 924)
FAIL: gcc.dg/typespec-1.c unsigned long int long signed (test for errors, line 925)
FAIL: gcc.dg/typespec-1.c unsigned long int long unsigned (test for errors, line 926)
FAIL: gcc.dg/typespec-1.c unsigned long int long _Bool (test for errors, line 927)
FAIL: gcc.dg/typespec-1.c unsigned long long int void (test for errors, line 928)
FAIL: gcc.dg/typespec-1.c unsigned long long int char (test for errors, line 929)
FAIL: gcc.dg/typespec-1.c unsigned long long int short (test for errors, line 930)
FAIL: gcc.dg/typespec-1.c unsigned long long int int (test for errors, line 931)
FAIL: gcc.dg/typespec-1.c unsigned long long int long (test for errors, line 932)
FAIL: gcc.dg/typespec-1.c unsigned long long int float (test for errors, line 933)
FAIL: gcc.dg/typespec-1.c unsigned long long int double (test for errors, line 934)
FAIL: gcc.dg/typespec-1.c unsigned long long int signed (test for errors, line 935)
FAIL: gcc.dg/typespec-1.c unsigned long long int unsigned (test for errors, line 936)
FAIL: gcc.dg/typespec-1.c unsigned long long int _Bool (test for errors, line 937)

		=== gcc Summary ===

# of expected passes		20432
# of unexpected failures	20
# of expected failures		62
# of unsupported tests		146
/home/dave/gcc-3.3/objdir/gcc/xgcc version 3.3 20021126 (experimental)

		=== objc tests ===


Running target unix

		=== objc Summary ===

# of expected passes		1153
/home/dave/gcc-3.3/objdir/gcc/xgcc version 3.3 20021126 (experimental)

		=== libstdc++-v3 tests ===


Running target unix
XPASS: 22_locale/ctype_is_wchar_t.cc execution test
FAIL: 26_numerics/c99_classification_macros_c.cc (test for excess errors)
FAIL: 26_numerics/complex_inserters_extractors.cc execution test
FAIL: 27_io/istream_extractor_arith.cc execution test
WARNING: program timed out.
FAIL: thread/pthread5.cc execution test
FAIL: thread/pthread6.cc execution test

		=== libstdc++-v3 Summary ===

# of expected passes		413
# of unexpected failures	5
# of unexpected successes	1
# of expected failures		26

Compiler version: 3.3 20021126 (experimental) 
Platform: hppa-unknown-linux-gnu
configure flags: --with-gnu-as --with-as=/home/dave/opt/gnu/bin/as --with-gnu-ld --with-ld=/home/dave/opt/gnu/bin/ld --enable-shared --disable-nls --prefix=/home/dave/opt/gnu --with-local-prefix=/home/dave/opt/gnu --enable-threads=posix --enable-__cxa_atexit --host=hppa-linux



More information about the Gcc-testresults mailing list