Results for 3.2.2 20021127 (prerelease) testsuite on ia64-suse-linux-gnu

Andreas Schwab schwab@suse.de
Wed Nov 27 05:08:00 GMT 2002


LAST_UPDATED: Wed Nov 27 09:01:35 UTC 2002

Native configuration is ia64-suse-linux-gnu

		=== g++ tests ===


Running target unix
FAIL: g++.pt/repo3.C (test for excess errors)

		=== g++ Summary ===

# of expected passes		7144
# of unexpected failures	1
# of expected failures		89
# of untested testcases		23
# of unsupported tests		6
/tmp/cvs/gcc-20021127/Build/gcc/testsuite/../g++ version 3.2.2 20021127 (prerelease)

		=== g77 tests ===


Running target unix

		=== g77 Summary ===

# of expected passes		1452
# of unsupported tests		8
/tmp/cvs/gcc-20021127/Build/gcc/testsuite/../g77 version 3.2.2 20021127 (prerelease)

		=== gcc tests ===


Running target unix
FAIL: gcc.c-torture/execute/20011219-1.c compilation,  -O2 
UNRESOLVED: gcc.c-torture/execute/20011219-1.c execution,  -O2 
FAIL: gcc.c-torture/execute/20011219-1.c compilation,  -O3 -fomit-frame-pointer 
UNRESOLVED: gcc.c-torture/execute/20011219-1.c execution,  -O3 -fomit-frame-pointer 
FAIL: gcc.c-torture/execute/20011219-1.c compilation,  -O3 -g 
UNRESOLVED: gcc.c-torture/execute/20011219-1.c execution,  -O3 -g 
FAIL: gcc.c-torture/execute/20011219-1.c compilation,  -Os 
UNRESOLVED: gcc.c-torture/execute/20011219-1.c execution,  -Os 
XPASS: gcc.dg/c99-intconst-1.c (test for excess errors)
FAIL: gcc.dg/format/ext-3.c bad %_0 (test for warnings, line 213)
FAIL: gcc.dg/format/ext-3.c bad %^# (test for warnings, line 215)
FAIL: gcc.dg/format/ext-3.c bad %_0 (test for warnings, line 213)
FAIL: gcc.dg/format/ext-3.c bad %^# (test for warnings, line 215)

		=== gcc Summary ===

# of expected passes		18046
# of unexpected failures	8
# of unexpected successes	1
# of expected failures		83
# of unresolved testcases	4
# of unsupported tests		110
/tmp/cvs/gcc-20021127/Build/gcc/xgcc version 3.2.2 20021127 (prerelease)

		=== objc tests ===


Running target unix

		=== objc Summary ===

# of expected passes		1035
# of expected failures		6
/tmp/cvs/gcc-20021127/Build/gcc/xgcc version 3.2.2 20021127 (prerelease)

		=== libjava tests ===


Running target unix

		=== libjava Summary ===

# of expected passes		2061
# of expected failures		18
# of untested testcases		14
		=== libstdc++-v3 tests ===


Running target unix
XPASS: 22_locale/collate_byname.cc execution test
XPASS: 22_locale/collate_members_char.cc execution test
XPASS: 22_locale/collate_members_wchar_t.cc execution test
XPASS: 22_locale/ctype_is_char.cc execution test
XPASS: 22_locale/ctype_is_wchar_t.cc execution test
XPASS: 22_locale/members.cc execution test
XPASS: 22_locale/messages_byname.cc execution test
XPASS: 22_locale/messages_members_char.cc execution test
XPASS: 22_locale/money_get_members_char.cc execution test
XPASS: 22_locale/money_get_members_wchar_t.cc execution test
XPASS: 22_locale/money_put_members_char.cc execution test
XPASS: 22_locale/money_put_members_wchar_t.cc execution test
XPASS: 22_locale/moneypunct_byname.cc execution test
XPASS: 22_locale/moneypunct_members_char.cc execution test
XPASS: 22_locale/moneypunct_members_wchar_t.cc execution test
XPASS: 22_locale/num_get_members_char.cc execution test
XPASS: 22_locale/num_get_members_wchar_t.cc execution test
XPASS: 22_locale/num_put_members_char.cc execution test
XPASS: 22_locale/num_put_members_wchar_t.cc execution test
XPASS: 22_locale/numpunct_byname.cc execution test
XPASS: 22_locale/numpunct_members_char.cc execution test
XPASS: 22_locale/numpunct_members_wchar_t.cc execution test
XPASS: 22_locale/time_get_members_char.cc execution test
XPASS: 22_locale/time_get_members_wchar_t.cc execution test
XPASS: 22_locale/time_put_members_char.cc execution test
XPASS: 22_locale/time_put_members_wchar_t.cc execution test
FAIL: 26_numerics/c99_classification_macros_c.cc (test for excess errors)

		=== libstdc++-v3 Summary ===

# of expected passes		410
# of unexpected failures	1
# of unexpected successes	26

Compiler version: 3.2.2 20021127 (prerelease) 
Platform: ia64-suse-linux-gnu
configure flags: --host=ia64-suse-linux --enable-shared --enable-threads --with-system-zlib



More information about the Gcc-testresults mailing list