Results for 3.3 20021126 (experimental) testsuite on i686-pc-linux-gnu

David Ronis ronis@ronispc.chem.mcgill.ca
Wed Nov 27 03:17:00 GMT 2002


LAST_UPDATED: 
Native configuration is i686-pc-linux-gnu

		=== g++ tests ===


Running target unix
FAIL: g++.dg/opt/vtgc1.C scan-assembler-dem .vtable_inherit[ 	]*vtable for Multivv3.*0
FAIL: g++.dg/opt/vtgc1.C scan-assembler-dem .vtable_inherit[ 	]*VTT for Multivv3.*0
FAIL: g++.dg/opt/vtgc1.C scan-assembler-dem .vtable_inherit[ 	]*vtable for Multiss2.*vtable for Base2
FAIL: g++.dg/opt/vtgc1.C scan-assembler-dem .vtable_inherit[ 	]*vtable for Multivs1.*vtable for Base2
FAIL: g++.dg/opt/vtgc1.C scan-assembler-dem .vtable_inherit[ 	]*VTT for Multivs1.*vtable for Base2
FAIL: g++.dg/opt/vtgc1.C scan-assembler-dem .vtable_inherit[ 	]*vtable for Multisv0.*vtable for Side0
FAIL: g++.dg/opt/vtgc1.C scan-assembler-dem .vtable_inherit[ 	]*VTT for Multisv0.*vtable for Side0
FAIL: g++.dg/opt/vtgc1.C scan-assembler-dem .vtable_inherit[ 	]*vtable for Side0.*0
FAIL: g++.dg/opt/vtgc1.C scan-assembler-dem .vtable_inherit[ 	]*vtable for VbasedA.*0
FAIL: g++.dg/opt/vtgc1.C scan-assembler-dem .vtable_inherit[ 	]*VTT for VbasedA.*0
FAIL: g++.dg/opt/vtgc1.C scan-assembler-dem .vtable_inherit[ 	]*vtable for Base2.*vtable for Base1
FAIL: g++.dg/opt/vtgc1.C scan-assembler-dem .vtable_inherit[ 	]*vtable for Base1.*vtable for Base0
FAIL: g++.dg/opt/vtgc1.C scan-assembler-dem .vtable_inherit[ 	]*vtable for Base0.*0
FAIL: g++.dg/warn/Wunused-2.C  (test for warnings, line 5)
FAIL: g++.abi/cxa_vec.C  Execution test

		=== g++ Summary ===

# of expected passes		7821
# of unexpected failures	15
# of expected failures		92
# of untested testcases		9
# of unsupported tests		3
/home/ronis/Project/notar/objdir/gcc/testsuite/../g++ version 3.3 20021126 (experimental)

		=== g77 tests ===


Running target unix

		=== g77 Summary ===

# of expected passes		1654
/home/ronis/Project/notar/objdir/gcc/testsuite/../g77 version 3.3 20021126 (experimental)

		=== gcc tests ===


Running target unix
FAIL: gcc.c-torture/execute/builtin-constant.c execution,  -O1 
FAIL: gcc.c-torture/execute/builtin-constant.c execution,  -O2 
FAIL: gcc.c-torture/execute/builtin-constant.c execution,  -O3 -fomit-frame-pointer 
FAIL: gcc.c-torture/execute/builtin-constant.c execution,  -O3 -g 
FAIL: gcc.c-torture/execute/builtin-constant.c execution,  -Os 
FAIL: gcc.dg/duff-2.c (test for excess errors)
FAIL: gcc.dg/typespec-1.c unsigned long int long _Bool (test for errors, line 927)
FAIL: gcc.dg/typespec-1.c unsigned long long int void (test for errors, line 928)
FAIL: gcc.dg/typespec-1.c unsigned long long int char (test for errors, line 929)
FAIL: gcc.dg/typespec-1.c unsigned long long int short (test for errors, line 930)
FAIL: gcc.dg/typespec-1.c unsigned long long int int (test for errors, line 931)
FAIL: gcc.dg/typespec-1.c unsigned long long int long (test for errors, line 932)
FAIL: gcc.dg/typespec-1.c unsigned long long int float (test for errors, line 933)
FAIL: gcc.dg/typespec-1.c unsigned long long int double (test for errors, line 934)
FAIL: gcc.dg/typespec-1.c unsigned long long int signed (test for errors, line 935)
FAIL: gcc.dg/typespec-1.c unsigned long long int unsigned (test for errors, line 936)
FAIL: gcc.dg/typespec-1.c unsigned long long int _Bool (test for errors, line 937)
FAIL: gcc.dg/typespec-1.c (test for excess errors)

		=== gcc Summary ===

# of expected passes		20652
# of unexpected failures	18
# of expected failures		63
# of unsupported tests		65
/home/ronis/Project/notar/objdir/gcc/xgcc version 3.3 20021126 (experimental)

		=== objc tests ===


Running target unix

		=== objc Summary ===

# of expected passes		1153
/home/ronis/Project/notar/objdir/gcc/xgcc version 3.3 20021126 (experimental)

		=== libjava tests ===


Running target unix
FAIL: PR1343 compilation from bytecode
FAIL: PR1343 -O compilation from bytecode
FAIL: calls run
WARNING: program timed out.
FAIL: cxxtest run
FAIL: field run
FAIL: final_method run
FAIL: findclass run
FAIL: invoke run
FAIL: martin run
FAIL: noclass run
FAIL: overload run
FAIL: register run
FAIL: simple_int run
FAIL: throwit run
FAIL: virtual run
FAIL: ArrayStore execution - gij test
FAIL: ArrayStore execution - gij test
FAIL: ArrayStore2 output - gij test
FAIL: ArrayStore2 output - gij test
FAIL: Array_1 execution - gij test
FAIL: Array_1 execution - gij test
FAIL: Class_1 execution - gij test
FAIL: Class_1 execution - gij test
FAIL: Divide_1 execution - gij test
FAIL: Divide_1 execution - gij test
FAIL: EvaluationOrder output - gij test
FAIL: EvaluationOrder output - gij test
FAIL: Invoke_2 output - gij test
FAIL: Invoke_2 output - gij test
FAIL: Matrix4f execution - gij test
FAIL: Matrix4f execution - gij test
FAIL: PR141 output - gij test
FAIL: PR141 output - gij test
FAIL: PR162 execution - gij test
FAIL: PR162 execution - gij test
FAIL: PR242 execution - gij test
FAIL: PR242 execution - gij test
FAIL: PR260 execution - gij test
FAIL: PR260 execution - gij test
FAIL: PR3096 execution - gij test
FAIL: PR3096 execution - gij test
FAIL: PR6085 execution - gij test
FAIL: PR6085 execution - gij test
FAIL: PR6204 execution - gij test
FAIL: PR6204 execution - gij test
FAIL: PR6820 output - gij test
FAIL: PR6820 output - gij test
FAIL: SyncTest execution - gij test
FAIL: SyncTest execution - gij test
FAIL: TLtest execution - gij test
FAIL: TLtest execution - gij test
FAIL: TestProxy output - source compiled test
FAIL: TestProxy output - gij test
FAIL: TestProxy output - bytecode->native test
FAIL: TestProxy -O output - source compiled test
FAIL: TestProxy output - gij test
FAIL: TestProxy -O output - bytecode->native test
WARNING: program timed out.
FAIL: Thread_Alive execution - gij test
WARNING: program timed out.
FAIL: Thread_Alive execution - gij test
FAIL: Thread_Interrupt execution - gij test
FAIL: Thread_Interrupt execution - gij test
FAIL: Thread_Join execution - gij test
FAIL: Thread_Join execution - gij test
FAIL: Thread_Monitor execution - gij test
FAIL: Thread_Monitor execution - gij test
FAIL: Thread_Wait execution - gij test
FAIL: Thread_Wait execution - gij test
FAIL: Thread_Wait_2 execution - gij test
FAIL: Thread_Wait_2 execution - gij test
FAIL: Thread_Wait_Interrupt execution - gij test
FAIL: Thread_Wait_Interrupt execution - gij test
FAIL: anfi execution - gij test
FAIL: anfi execution - gij test
FAIL: anon execution - gij test
FAIL: anon execution - gij test
FAIL: anon2 execution - gij test
FAIL: anon2 execution - gij test
FAIL: anon3 execution - gij test
FAIL: anon3 execution - gij test
FAIL: anon4 execution - gij test
FAIL: anon4 execution - gij test
FAIL: anon_ctor_itf_arg execution - gij test
FAIL: anon_ctor_itf_arg execution - gij test
FAIL: anonarray output - gij test
FAIL: anonarray output - gij test
FAIL: anonarray2 output - gij test
FAIL: anonarray2 output - gij test
FAIL: anonarray3 output - gij test
FAIL: anonarray3 output - gij test
FAIL: direct_read execution - gij test
FAIL: direct_read execution - gij test
FAIL: direct_write execution - gij test
FAIL: direct_write execution - gij test
FAIL: emptystring output - gij test
FAIL: emptystring output - gij test
FAIL: err1 execution - gij test
FAIL: err1 execution - gij test
FAIL: err5 output - gij test
FAIL: err5 output - gij test
FAIL: final_inner execution - gij test
FAIL: final_inner execution - gij test
FAIL: final_int execution - gij test
FAIL: final_int execution - gij test
FAIL: final_static_and_friend execution - gij test
FAIL: final_static_and_friend execution - gij test
FAIL: indirect execution - gij test
FAIL: indirect execution - gij test
FAIL: indirect_read execution - gij test
FAIL: indirect_read execution - gij test
FAIL: indirect_write execution - gij test
FAIL: indirect_write execution - gij test
FAIL: initexc compilation from bytecode
FAIL: initexc -O compilation from bytecode
FAIL: inline execution - gij test
FAIL: inline execution - gij test
FAIL: inner1 execution - gij test
FAIL: inner1 execution - gij test
FAIL: inner2 execution - gij test
FAIL: inner2 execution - gij test
FAIL: inner3 execution - gij test
FAIL: inner3 execution - gij test
FAIL: inner4 execution - gij test
FAIL: inner4 execution - gij test
FAIL: inner_array execution - gij test
FAIL: inner_array execution - gij test
FAIL: inner_interface execution - gij test
FAIL: inner_interface execution - gij test
FAIL: instinit execution - gij test
FAIL: instinit execution - gij test
FAIL: instinit2 output - gij test
FAIL: instinit2 output - gij test
FAIL: invoke_from_inner execution - gij test
FAIL: invoke_from_inner execution - gij test
FAIL: invokethrow execution - gij test
FAIL: invokethrow execution - gij test
FAIL: multiple_finit execution - gij test
FAIL: multiple_finit execution - gij test
FAIL: nested_with_ctor execution - gij test
FAIL: nested_with_ctor execution - gij test
FAIL: pr133 execution - gij test
FAIL: pr133 execution - gij test
FAIL: pr179 execution - gij test
FAIL: pr179 execution - gij test
FAIL: pr8415 execution - gij test
FAIL: pr8415 execution - gij test
FAIL: private_direct_read execution - gij test
FAIL: private_direct_read execution - gij test
FAIL: search_outer execution - gij test
FAIL: search_outer execution - gij test
FAIL: stub execution - gij test
FAIL: stub execution - gij test
FAIL: tmi execution - gij test
FAIL: tmi execution - gij test
FAIL: tp execution - gij test
FAIL: tp execution - gij test
FAIL: update_outer execution - gij test
FAIL: update_outer execution - gij test
FAIL: utilTest execution - gij test
FAIL: utilTest execution - gij test
WARNING: program timed out.
FAIL: /home/ronis/Project/notar/objdir/i686-pc-linux-gnu/libjava/testsuite/TestEarlyGC.exe execution - /home/ronis/Project/notar/objdir/i686-pc-linux-gnu/libjava/testsuite/TestEarlyGC.exe

		=== libjava Summary ===

# of expected passes		2582
# of unexpected failures	160
# of expected failures		14
# of untested testcases		140
		=== libstdc++-v3 tests ===


Running target unix
FAIL: 26_numerics/c99_classification_macros_c.cc (test for excess errors)

		=== libstdc++-v3 Summary ===

# of expected passes		417
# of unexpected failures	1
# of expected failures		27

Compiler version: 3.3 20021126 (experimental) 
Platform: i686-pc-linux-gnu
configure flags: --host=i686-pc-linux-gnu --prefix=/usr --with-gnu-as --enable-shared --with-gnu-ld --enable-threads=posix
BOOT_CFLAGS=-O3 -march=i686 -funroll-loops -ffast-math -fomit-frame-pointer -malign-jumps=3 -malign-functions=3 -malign-loops=3 -mpreferred-stack-boundary=3
CFLAGS (set before configure)=-O3 -march=i686 -funroll-loops -ffast-math -fomit-frame-pointer -malign-jumps=3 -malign-functions=3 -malign-loops=3 -mpreferred-stack-boundary=3
CXXFLAGS (set before configure)=-O3 -march=i686 -funroll-loops -ffast-math -fomit-frame-pointer -malign-jumps=3 -malign-functions=3 -malign-loops=3 -mpreferred-stack-boundary=3
Counting all warnings,
there are 28 warnings in stage3 of this bootstrap.

Number of warnings per file:
      7	gcc/unwind-dw2-fde.h
      3	gcc/tlink.c
      2	insn-conditions.c
      2	gcc/gcc.c
      2	gcc/f/sta.c
      2	gcc/crtstuff.c
      2	/usr/share/bison.simple
      1	gcc/unwind-dw2.c
      1	gcc/loop.c
      1	gcc/java/lang.c
      1	gcc/java/jvspec.c
      1	gcc/function.c
      1	gcc/emit-rtl.c
      1	gcc/config/i386/i386.c
      1	gcc/collect2.c

Number of warning types:
      8	unused parameter \`???'
      5	string length \`???' is greater than the length \`???' ISO C89 compilers are required to support
      4	comparison of unsigned expression < 0 is always false
      4	comparison between signed and unsigned
      2	passing arg ??? of \`???' discards qualifiers from pointer target type
      2	dereferencing type-punned pointer will break strict-aliasing rules
      1	signed and unsigned type in conditional expression
      1	no previous prototype for \`???'
      1	function declaration isn't a prototype



More information about the Gcc-testresults mailing list