Results for 3.3 20021125 (experimental) testsuite on powerpc-unknown-linux-gnu

Mark Wielaard mark@wildebeest.org
Tue Nov 26 08:24:00 GMT 2002


Debian GNU/Linux 3.0
Linux 2.4.18-powerpc
binutils Version: 2.12.90.0.15-1
glibc Version: 2.2.5-15

Test results for libjava include the results of the Mauve testsuite
(see http://sources.redhat.com/mauve/)

LAST_UPDATED: Tue Nov 26 07:30:34 UTC 2002

Native configuration is powerpc-unknown-linux-gnu

		=== g++ tests ===


Running target unix
FAIL: g++.dg/compat/break/bitfield7 y_tst.o compile
UNRESOLVED: g++.dg/compat/break/bitfield7 x_tst.o-y_tst.o link 
UNRESOLVED: g++.dg/compat/break/bitfield7 x_tst.o-y_tst.o execute 
FAIL: g++.dg/warn/Wunused-2.C  (test for warnings, line 5)

		=== g++ Summary ===

# of expected passes		7778
# of unexpected failures	2
# of expected failures		92
# of unresolved testcases	2
# of untested testcases		23
# of unsupported tests		16
/home/mark/src/gcc33/obj/gcc/testsuite/../g++ version 3.3 20021125 (experimental)

		=== gcc tests ===


Running target unix
WARNING: program timed out.
FAIL: gcc.c-torture/compile/20001226-1.c,  -O3 -g  
WARNING: program timed out.
FAIL: gcc.c-torture/compile/20001226-1.c,  -Os  
FAIL: gcc.c-torture/compile/simd-4.c,  -Os  
FAIL: gcc.c-torture/execute/builtin-constant.c execution,  -O1 
FAIL: gcc.c-torture/execute/builtin-constant.c execution,  -O2 
FAIL: gcc.c-torture/execute/builtin-constant.c execution,  -O3 -fomit-frame-pointer 
FAIL: gcc.c-torture/execute/builtin-constant.c execution,  -O3 -g 
FAIL: gcc.c-torture/execute/builtin-constant.c execution,  -Os 
FAIL: gcc.c-torture/execute/simd-2.c compilation,  -Os 
UNRESOLVED: gcc.c-torture/execute/simd-2.c execution,  -Os 
FAIL: gcc.dg/20020103-1.c scan-assembler-not LC
FAIL: gcc.dg/20020118-1.c execution test
FAIL: gcc.dg/altivec-5.c (test for excess errors)
FAIL: gcc.dg/duff-2.c (test for excess errors)

		=== gcc Summary ===

# of expected passes		20476
# of unexpected failures	13
# of expected failures		62
# of unresolved testcases	1
# of unsupported tests		131
/home/mark/src/gcc33/obj/gcc/xgcc version 3.3 20021125 (experimental)

		=== libjava tests ===


Running target unix
FAIL: PR1343 compilation from bytecode
FAIL: PR1343 -O compilation from bytecode
FAIL: Array_3 execution - source compiled test
FAIL: Array_3 execution - bytecode->native test
FAIL: Array_3 -O execution - source compiled test
FAIL: Array_3 -O execution - bytecode->native test
FAIL: initexc compilation from bytecode
FAIL: initexc -O compilation from bytecode
FAIL: /home/mark/src/gcc33/obj/powerpc-unknown-linux-gnu/libjava/testsuite/TestEarlyGC.exe output - /home/mark/src/gcc33/obj/powerpc-unknown-linux-gnu/libjava/testsuite/TestEarlyGC.exe
XPASS: gnu.testlet.java.beans.Introspector.jdk11: getBeanInfo (number 1)
XPASS: gnu.testlet.java.beans.Introspector.jdk11: getBeanInfo (number 2)
XPASS: gnu.testlet.java.beans.Introspector.jdk11: getBeanInfo (number 4)
XPASS: gnu.testlet.java.beans.Introspector.jdk11: getBeanInfo (number 9)
XPASS: gnu.testlet.java.beans.Introspector.jdk11: getBeanInfo (number 10)
XPASS: gnu.testlet.java.beans.Introspector.jdk11: getBeanInfo (number 12)
XPASS: gnu.testlet.java.beans.Introspector.jdk11: getBeanInfo (number 13)
XPASS: gnu.testlet.java.beans.Introspector.jdk11: getBeanInfo (number 14)
XPASS: gnu.testlet.java.beans.Introspector.jdk11: getBeanInfo (number 15)
FAIL: gnu.testlet.java.io.BufferedInputStream.SimpleRead: skip() threw StringIndexOutOfBoundsException (number 1)
FAIL: Link for gnu.testlet.java.io.DataOutputStream.WriteRead
FAIL: Link for gnu.testlet.java.io.DataOutputStream.WriteRead2
FAIL: gnu.testlet.java.io.InputStreamReader.jdk11: ready() (number 1)
FAIL: gnu.testlet.java.io.InputStreamReader.jdk11: getEncoding (number 1)
FAIL: gnu.testlet.java.io.ObjectStreamClass.Test: getSerialVersionUID (number 2)
FAIL: gnu.testlet.java.io.ObjectStreamClass.Test: getSerialVersionUID (number 6)
FAIL: gnu.testlet.java.io.RandomAccessFile.jdk11: skipBytes() stopped before EOF (number 1)
FAIL: gnu.testlet.java.io.RandomAccessFile.jdk11: skipBytes() skipped past EOF (number 1)
FAIL: gnu.testlet.java.lang.Class.ClassTest: test_getClassloader (number 1)
FAIL: Link for gnu.testlet.java.lang.Class.reflect
FAIL: Link for gnu.testlet.java.lang.Class.reflect2
FAIL: gnu.testlet.java.lang.Double.DoubleTest: Error: test_longValue returned wrong results CYGNUS: Float to int conversions - 1 (number 1)
FAIL: gnu.testlet.java.lang.Double.DoubleTest: Error: test_shortbyteValue failed - 5 (number 1)
FAIL: gnu.testlet.java.lang.Float.FloatTest: Error: test_shortbyteValue failed - 5 (number 1)
FAIL: Compile gnu/testlet/java/lang/Thread/interrupt.o for gnu.testlet.java.lang.Thread.interrupt
FAIL: gnu.testlet.java.net.DatagramSocket.DatagramSocketTest2: Expected IOException (number 1)
FAIL: gnu.testlet.java.net.DatagramSocket.DatagramSocketTest2: uncaught exception at "invalid_send_data" number 4: java.lang.IllegalArgumentException: Invalid length: -1
FAIL: gnu.testlet.java.net.Socket.SocketTest: Error : test_Basics failed - 2  Unknown host exception should have been thrown here: Connection refused (number 1)
FAIL: gnu.testlet.java.net.Socket.SocketTest: Error : test_Basics failed - 7 exception should not have been thrown here (number 1)
FAIL: gnu.testlet.java.net.Socket.SocketTest: Error : test_Basics failed - 10  Unknown host exception should have been thrown here: Invalid argument (number 1)
FAIL: gnu.testlet.java.net.URLClassLoader.getResource: no . (number 1)
FAIL: gnu.testlet.java.net.URLClassLoader.getResource: no .. (number 1)
FAIL: gnu.testlet.java.net.URLClassLoader.getResource: ./jresource (number 1)
FAIL: gnu.testlet.java.net.URLClassLoader.getResource: ./jresource (number 1)
FAIL: gnu.testlet.java.net.URLClassLoader.getResource: ./path/in/jar/file (number 1)
FAIL: gnu.testlet.java.net.URLClassLoader.getResource: path/in/jar/./file (number 1)
FAIL: gnu.testlet.java.net.URLClassLoader.getResource: path/in/jar/../jar/file (number 1)
FAIL: gnu.testlet.java.net.URLClassLoader.getResource: path/in/jar///file (number 1)
FAIL: Compile gnu/testlet/java/text/DateFormatSymbols/Test.o for gnu.testlet.java.text.DateFormatSymbols.Test
FAIL: gnu.testlet.java.util.ResourceBundle.getBundle: book sample (number 2)
FAIL: gnu.testlet.java.util.ResourceBundle.getBundle: book sample (number 5)

		=== libjava Summary ===

# of expected passes		9961
# of unexpected failures	41
# of unexpected successes	9
# of expected failures		54
# of untested testcases		16
		=== libstdc++-v3 tests ===


Running target unix
XPASS: 22_locale/collate_byname.cc execution test
XPASS: 22_locale/collate_members_char.cc execution test
XPASS: 22_locale/collate_members_wchar_t.cc execution test
XPASS: 22_locale/ctype_is_char.cc execution test
XPASS: 22_locale/ctype_is_wchar_t.cc execution test
XPASS: 22_locale/members.cc execution test
XPASS: 22_locale/messages_byname.cc execution test
XPASS: 22_locale/messages_members_char.cc execution test
XPASS: 22_locale/money_get_members_char.cc execution test
XPASS: 22_locale/money_get_members_wchar_t.cc execution test
XPASS: 22_locale/money_put_members_char.cc execution test
XPASS: 22_locale/money_put_members_wchar_t.cc execution test
XPASS: 22_locale/moneypunct_byname.cc execution test
XPASS: 22_locale/moneypunct_members_char.cc execution test
XPASS: 22_locale/moneypunct_members_wchar_t.cc execution test
XPASS: 22_locale/num_get_members_char.cc execution test
XPASS: 22_locale/num_get_members_wchar_t.cc execution test
XPASS: 22_locale/num_put_members_char.cc execution test
XPASS: 22_locale/num_put_members_wchar_t.cc execution test
XPASS: 22_locale/numpunct_byname.cc execution test
XPASS: 22_locale/numpunct_members_char.cc execution test
XPASS: 22_locale/numpunct_members_wchar_t.cc execution test
XPASS: 22_locale/time_get_members_char.cc execution test
XPASS: 22_locale/time_get_members_wchar_t.cc execution test
XPASS: 22_locale/time_put_members_char.cc execution test
XPASS: 22_locale/time_put_members_wchar_t.cc execution test
FAIL: 26_numerics/c99_classification_macros_c.cc (test for excess errors)
WARNING: program timed out.
FAIL: thread/pthread4.cc execution test

		=== libstdc++-v3 Summary ===

# of expected passes		416
# of unexpected failures	2
# of unexpected successes	26
# of expected failures		1

Compiler version: 3.3 20021125 (experimental) 
Platform: powerpc-unknown-linux-gnu
configure flags: --host=powerpc-unknown-linux-gnu --enable-clocale=gnu --enable-shared --enable-threads=posix --enable-languages=c++,java --disable-multilib --prefix=/usr/local/gcc33

time make
real 13275.71
user 10117.48
sys 2413.62

time check
Command exited with non-zero status 2
real 17414.06
user 12214.03
sys 3954.75



More information about the Gcc-testresults mailing list