Results for 3.2.1 testsuite on i686-pc-linux-gnu

Luiz Themystokliz Sanctos Mendes luizt@cpdee.ufmg.br
Tue Nov 26 05:26:00 GMT 2002


LAST_UPDATED: 
Native configuration is i686-pc-linux-gnu

		=== g77 tests ===


Running target unix

		=== g77 Summary ===

# of expected passes		1468
/home/luizt/install/gcc321/gcc/testsuite/../g77 version 3.2.1

		=== gcc tests ===


Running target unix
FAIL: gcc.dg/format/ext-1.c printf_unlocked (test for warnings, line 125)
FAIL: gcc.dg/format/ext-1.c (test for excess errors)
FAIL: gcc.dg/format/xopen-1.c multiple use of scanf argument (test for warnings, line 124)
FAIL: gcc.dg/format/xopen-1.c (test for excess errors)

		=== gcc Summary ===

# of expected passes		18536
# of unexpected failures	4
# of expected failures		68
# of unsupported tests		44
/home/luizt/install/gcc321/gcc/xgcc version 3.2.1

		=== g++ tests ===


Running target unix

		=== g++ Summary ===

# of expected passes		7336
# of expected failures		89
# of untested testcases		9
# of unsupported tests		3
/home/luizt/install/gcc321/gcc/testsuite/../g++ version 3.2.1

		=== objc tests ===


Running target unix

		=== objc Summary ===

# of expected passes		1035
# of expected failures		6
/home/luizt/install/gcc321/gcc/xgcc version 3.2.1

		=== libjava tests ===


Running target unix

		=== libjava Summary ===

# of expected passes		2061
# of expected failures		18
# of untested testcases		14
		=== libstdc++-v3 tests ===


Running target unix
XPASS: 22_locale/collate_byname.cc execution test
XPASS: 22_locale/collate_members_char.cc execution test
XPASS: 22_locale/collate_members_wchar_t.cc execution test
XPASS: 22_locale/ctype_is_char.cc execution test
XPASS: 22_locale/ctype_is_wchar_t.cc execution test
XPASS: 22_locale/members.cc execution test
XPASS: 22_locale/messages_byname.cc execution test
XPASS: 22_locale/messages_members_char.cc execution test
XPASS: 22_locale/money_get_members_char.cc execution test
XPASS: 22_locale/money_get_members_wchar_t.cc execution test
XPASS: 22_locale/money_put_members_char.cc execution test
XPASS: 22_locale/money_put_members_wchar_t.cc execution test
XPASS: 22_locale/moneypunct_byname.cc execution test
XPASS: 22_locale/moneypunct_members_char.cc execution test
XPASS: 22_locale/moneypunct_members_wchar_t.cc execution test
XPASS: 22_locale/num_get_members_char.cc execution test
XPASS: 22_locale/num_get_members_wchar_t.cc execution test
XPASS: 22_locale/num_put_members_char.cc execution test
XPASS: 22_locale/num_put_members_wchar_t.cc execution test
XPASS: 22_locale/numpunct_byname.cc execution test
XPASS: 22_locale/numpunct_members_char.cc execution test
XPASS: 22_locale/numpunct_members_wchar_t.cc execution test
XPASS: 22_locale/time_get_members_char.cc execution test
XPASS: 22_locale/time_get_members_wchar_t.cc execution test
XPASS: 22_locale/time_put_members_char.cc execution test
XPASS: 22_locale/time_put_members_wchar_t.cc execution test
FAIL: 26_numerics/c99_classification_macros_c.cc (test for excess errors)

		=== libstdc++-v3 Summary ===

# of expected passes		410
# of unexpected failures	1
# of unexpected successes	26

Compiler version: 3.2.1 
Platform: i686-pc-linux-gnu
configure flags: --host=i686-pc-linux-gnu



More information about the Gcc-testresults mailing list