Results for 3.2.1 testsuite on i686-pc-linux-gnu

Craig Prescott cppresco@shr.intel.com
Mon Nov 25 16:54:00 GMT 2002


LAST_UPDATED: 
Native configuration is i686-pc-linux-gnu

		=== g++ tests ===


Running target unix

		=== g++ Summary ===

# of expected passes		7336
# of expected failures		89
# of untested testcases		9
# of unsupported tests		3
/proj/cad_csv/local/ia32-linux-redhat7.1/build/gcc-3.2.1/gcc/testsuite/../g++ version 3.2.1

		=== g77 tests ===


Running target unix

		=== g77 Summary ===

# of expected passes		1468
/proj/cad_csv/local/ia32-linux-redhat7.1/build/gcc-3.2.1/gcc/testsuite/../g77 version 3.2.1

		=== gcc tests ===


Running target unix

		=== gcc Summary ===

# of expected passes		18540
# of expected failures		68
# of unsupported tests		44
/proj/cad_csv/local/ia32-linux-redhat7.1/build/gcc-3.2.1/gcc/xgcc version 3.2.1

		=== libstdc++-v3 tests ===


Running target unix
XPASS: 22_locale/ctype_is_char.cc execution test
XPASS: 22_locale/ctype_is_wchar_t.cc execution test
XPASS: 22_locale/members.cc execution test
XPASS: 22_locale/messages_byname.cc execution test
XPASS: 22_locale/messages_members_char.cc execution test
XPASS: 22_locale/money_get_members_char.cc execution test
XPASS: 22_locale/money_get_members_wchar_t.cc execution test
XPASS: 22_locale/money_put_members_char.cc execution test
XPASS: 22_locale/money_put_members_wchar_t.cc execution test
XPASS: 22_locale/moneypunct_byname.cc execution test
XPASS: 22_locale/moneypunct_members_char.cc execution test
XPASS: 22_locale/moneypunct_members_wchar_t.cc execution test
XPASS: 22_locale/num_get_members_char.cc execution test
XPASS: 22_locale/num_get_members_wchar_t.cc execution test
XPASS: 22_locale/num_put_members_char.cc execution test
XPASS: 22_locale/num_put_members_wchar_t.cc execution test
XPASS: 22_locale/numpunct_byname.cc execution test
XPASS: 22_locale/numpunct_members_char.cc execution test
XPASS: 22_locale/numpunct_members_wchar_t.cc execution test
XPASS: 22_locale/time_get_members_char.cc execution test
XPASS: 22_locale/time_get_members_wchar_t.cc execution test
XPASS: 22_locale/time_put_members_char.cc execution test
XPASS: 22_locale/time_put_members_wchar_t.cc execution test
FAIL: 26_numerics/c99_classification_macros_c.cc (test for excess errors)

		=== libstdc++-v3 Summary ===

# of expected passes		410
# of unexpected failures	1
# of unexpected successes	23
# of expected failures		3

Compiler version: 3.2.1 
Platform: i686-pc-linux-gnu
configure flags: --host=i686-pc-linux-gnu --enable-shared --enable-languages=c,c++,f77 --prefix=/proj/cad_csv/local/ia32-linux-redhat7.1/gcc-3.2 --with-as=/proj/cad_csv/local/ia32-linux-redhat7.1/i686-pc-linux-gnu/bin/as --with-gnu-as --with-ld=/proj/cad_csv/local/ia32-linux-redhat7.1/i686-pc-linux-gnu/bin/ld --with-gnu-ld



More information about the Gcc-testresults mailing list