Results for 3.3 20021124 (experimental) testsuite on i386-unknown-netbsdelf1.6

Krister Walfridsson cato@df.lth.se
Mon Nov 25 10:34:00 GMT 2002


LAST_UPDATED: Sun Nov 24 11:26:11 UTC 2002

Native configuration is i386-unknown-netbsdelf1.6

		=== g++ tests ===


Running target unix
FAIL: g++.dg/warn/Wunused-2.C  (test for warnings, line 5)

		=== g++ Summary ===

# of expected passes		7818
# of unexpected failures	1
# of expected failures		92
# of untested testcases		15
# of unsupported tests		3
/gcctmp/gcc021124/build/gcc/testsuite/../g++ version 3.3 20021124 (experimental)

		=== g77 tests ===


Running target unix

		=== g77 Summary ===

# of expected passes		1638
# of unsupported tests		8
/gcctmp/gcc021124/build/gcc/testsuite/../g77 version 3.3 20021124 (experimental)

		=== gcc tests ===


Running target unix
FAIL: gcc.c-torture/execute/960218-1.c compilation,  -O0 
UNRESOLVED: gcc.c-torture/execute/960218-1.c execution,  -O0 
FAIL: gcc.c-torture/execute/960218-1.c compilation,  -O1 
UNRESOLVED: gcc.c-torture/execute/960218-1.c execution,  -O1 
FAIL: gcc.c-torture/execute/960218-1.c compilation,  -O2 
UNRESOLVED: gcc.c-torture/execute/960218-1.c execution,  -O2 
FAIL: gcc.c-torture/execute/960218-1.c compilation,  -O3 -fomit-frame-pointer 
UNRESOLVED: gcc.c-torture/execute/960218-1.c execution,  -O3 -fomit-frame-pointer 
FAIL: gcc.c-torture/execute/960218-1.c compilation,  -O3 -fomit-frame-pointer -funroll-loops 
UNRESOLVED: gcc.c-torture/execute/960218-1.c execution,  -O3 -fomit-frame-pointer -funroll-loops 
FAIL: gcc.c-torture/execute/960218-1.c compilation,  -O3 -fomit-frame-pointer -funroll-all-loops -finline-functions 
UNRESOLVED: gcc.c-torture/execute/960218-1.c execution,  -O3 -fomit-frame-pointer -funroll-all-loops -finline-functions 
FAIL: gcc.c-torture/execute/960218-1.c compilation,  -O3 -g 
UNRESOLVED: gcc.c-torture/execute/960218-1.c execution,  -O3 -g 
FAIL: gcc.c-torture/execute/960218-1.c compilation,  -Os 
UNRESOLVED: gcc.c-torture/execute/960218-1.c execution,  -Os 
FAIL: gcc.c-torture/execute/builtin-constant.c execution,  -O1 
FAIL: gcc.c-torture/execute/builtin-constant.c execution,  -O2 
FAIL: gcc.c-torture/execute/builtin-constant.c execution,  -O3 -fomit-frame-pointer 
FAIL: gcc.c-torture/execute/builtin-constant.c execution,  -O3 -g 
FAIL: gcc.c-torture/execute/builtin-constant.c execution,  -Os 
FAIL: gcc.c-torture/execute/conversion.c execution,  -O0 
FAIL: gcc.c-torture/execute/conversion.c execution,  -O1 
FAIL: gcc.c-torture/execute/conversion.c execution,  -O2 
FAIL: gcc.c-torture/execute/conversion.c execution,  -Os 
FAIL: gcc.c-torture/execute/ieee/rbug.c execution,  -O0 
FAIL: gcc.c-torture/execute/ieee/rbug.c execution,  -O1 
FAIL: gcc.c-torture/execute/ieee/rbug.c execution,  -O2 
FAIL: gcc.c-torture/execute/ieee/rbug.c execution,  -Os 
FAIL: gcc.dg/duff-2.c (test for excess errors)

		=== gcc Summary ===

# of expected passes		20616
# of unexpected failures	22
# of expected failures		63
# of unresolved testcases	8
# of unsupported tests		66
/gcctmp/gcc021124/build/gcc/xgcc version 3.3 20021124 (experimental)

		=== objc tests ===


Running target unix

		=== objc Summary ===

# of expected passes		1153
/gcctmp/gcc021124/build/gcc/xgcc version 3.3 20021124 (experimental)

		=== libjava tests ===


Running target unix
FAIL: PR1343 compilation from bytecode
FAIL: PR1343 -O compilation from bytecode
FAIL: N19990310_4 -O execution - bytecode->native test
FAIL: PR3096 execution - source compiled test
FAIL: TLtest compilation from bytecode
FAIL: TLtest -O compilation from bytecode
FAIL: Throw_2 execution - source compiled test
FAIL: Throw_2 execution - gij test
FAIL: Throw_2 execution - bytecode->native test
FAIL: Throw_2 -O execution - source compiled test
FAIL: Throw_2 execution - gij test
FAIL: Throw_2 -O execution - bytecode->native test
FAIL: err8 -O execution - bytecode->native test
FAIL: initexc compilation from bytecode
FAIL: initexc -O compilation from bytecode
FAIL: /gcctmp/gcc021124/build/i386-unknown-netbsdelf1.6/libjava/testsuite/TestEarlyGC.exe output - /gcctmp/gcc021124/build/i386-unknown-netbsdelf1.6/libjava/testsuite/TestEarlyGC.exe

		=== libjava Summary ===

# of expected passes		2712
# of unexpected failures	16
# of expected failures		14
# of untested testcases		141
		=== libstdc++-v3 tests ===


Running target unix
FAIL: 18_support/numeric_limits.cc execution test
XPASS: 22_locale/collate_members_wchar_t.cc execution test
XPASS: 22_locale/ctype_is_wchar_t.cc execution test
XPASS: 22_locale/money_get_members_wchar_t.cc execution test
XPASS: 22_locale/money_put_members_wchar_t.cc execution test
XPASS: 22_locale/moneypunct_members_wchar_t.cc execution test
XPASS: 22_locale/num_get_members_wchar_t.cc execution test
XPASS: 22_locale/num_put_members_wchar_t.cc execution test
XPASS: 22_locale/numpunct_members_wchar_t.cc execution test
XPASS: 22_locale/time_get_members_wchar_t.cc execution test
XPASS: 22_locale/time_put_members_wchar_t.cc execution test
FAIL: thread/pthread1.cc (test for excess errors)
FAIL: thread/pthread2.cc (test for excess errors)
FAIL: thread/pthread3.cc (test for excess errors)
FAIL: thread/pthread4.cc (test for excess errors)
FAIL: thread/pthread5.cc (test for excess errors)
FAIL: thread/pthread6.cc (test for excess errors)

		=== libstdc++-v3 Summary ===

# of expected passes		411
# of unexpected failures	7
# of unexpected successes	10
# of expected failures		17

Compiler version: 3.3 20021124 (experimental) 
Platform: i386-unknown-netbsdelf1.6
configure flags: --host=i386-unknown-netbsdelf1.6



More information about the Gcc-testresults mailing list