Results for 3.4-bi 20021115 (experimental) testsuite on ia64-suse-linux-gnu

Andreas Schwab schwab@suse.de
Mon Nov 25 06:43:00 GMT 2002


LAST_UPDATED: Mon Nov 25 09:02:10 UTC 2002

Native configuration is ia64-suse-linux-gnu

		=== g++ tests ===


Running target unix
FAIL: g++.dg/warn/Wunused-2.C  (test for warnings, line 5)
FAIL: g++.dg/tls/diag-1.C (test for excess errors)
FAIL: g++.dg/tls/diag-2.C (test for excess errors)
FAIL: g++.dg/tls/init-1.C (test for excess errors)
FAIL: g++.dg/tls/init-2.C (test for excess errors)
FAIL: g++.pt/repo3.C (test for excess errors)

		=== g++ Summary ===

# of expected passes		7578
# of unexpected failures	6
# of expected failures		92
# of untested testcases		23
# of unsupported tests		15
/tmp/cvs/gcc-20021125/Build/gcc/testsuite/../g++ version 3.4-bi 20021115 (experimental)

		=== g77 tests ===


Running target unix

		=== g77 Summary ===

# of expected passes		1638
# of unsupported tests		8
/tmp/cvs/gcc-20021125/Build/gcc/testsuite/../g77 version 3.4-bi 20021115 (experimental)

		=== gcc tests ===


Running target unix
XPASS: gcc.c-torture/compile/981223-1.c,  -O2  
XPASS: gcc.c-torture/compile/981223-1.c,  -O3 -fomit-frame-pointer  
XPASS: gcc.c-torture/compile/981223-1.c,  -O3 -g  
XPASS: gcc.c-torture/compile/981223-1.c,  -Os  
FAIL: gcc.c-torture/execute/builtin-constant.c execution,  -O1 
FAIL: gcc.c-torture/execute/builtin-constant.c execution,  -O2 
FAIL: gcc.c-torture/execute/builtin-constant.c execution,  -O3 -fomit-frame-pointer 
FAIL: gcc.c-torture/execute/builtin-constant.c execution,  -O3 -g 
FAIL: gcc.c-torture/execute/builtin-constant.c execution,  -Os 

		=== gcc Summary ===

# of expected passes		20032
# of unexpected failures	5
# of unexpected successes	4
# of expected failures		78
# of unsupported tests		141
/tmp/cvs/gcc-20021125/Build/gcc/xgcc version 3.4-bi 20021115 (experimental)

		=== objc tests ===


Running target unix

		=== objc Summary ===

# of expected passes		1153
/tmp/cvs/gcc-20021125/Build/gcc/xgcc version 3.4-bi 20021115 (experimental)

		=== libjava tests ===


Running target unix
FAIL: PR1343 compilation from bytecode
FAIL: PR1343 -O compilation from bytecode
FAIL: pr7912 compilation from bytecode
FAIL: pr7912 -O compilation from bytecode
FAIL: anon_ctor_itf_arg execution - gij test
FAIL: anon_ctor_itf_arg execution - gij test
FAIL: initexc compilation from bytecode
FAIL: initexc -O compilation from bytecode
FAIL: invoke_from_inner execution - gij test
FAIL: invoke_from_inner execution - gij test
FAIL: TestEarlyGC compilation from source
FAIL: TestLeak compilation from source
FAIL: TestMultiple compilation from source
FAIL: TestParent compilation from source

		=== libjava Summary ===

# of expected passes		2813
# of unexpected failures	14
# of expected failures		14
# of untested testcases		20
		=== libstdc++-v3 tests ===


Running target unix
XPASS: 22_locale/collate_byname.cc execution test
XPASS: 22_locale/collate_members_char.cc execution test
XPASS: 22_locale/collate_members_wchar_t.cc execution test
XPASS: 22_locale/ctype_is_char.cc execution test
XPASS: 22_locale/ctype_is_wchar_t.cc execution test
XPASS: 22_locale/members.cc execution test
XPASS: 22_locale/messages_byname.cc execution test
XPASS: 22_locale/messages_members_char.cc execution test
XPASS: 22_locale/money_get_members_char.cc execution test
XPASS: 22_locale/money_get_members_wchar_t.cc execution test
XPASS: 22_locale/money_put_members_char.cc execution test
XPASS: 22_locale/money_put_members_wchar_t.cc execution test
XPASS: 22_locale/moneypunct_byname.cc execution test
XPASS: 22_locale/moneypunct_members_char.cc execution test
XPASS: 22_locale/moneypunct_members_wchar_t.cc execution test
XPASS: 22_locale/num_get_members_char.cc execution test
XPASS: 22_locale/num_get_members_wchar_t.cc execution test
XPASS: 22_locale/num_put_members_char.cc execution test
XPASS: 22_locale/num_put_members_wchar_t.cc execution test
XPASS: 22_locale/numpunct_byname.cc execution test
XPASS: 22_locale/numpunct_members_char.cc execution test
XPASS: 22_locale/numpunct_members_wchar_t.cc execution test
XPASS: 22_locale/time_get_members_char.cc execution test
XPASS: 22_locale/time_get_members_wchar_t.cc execution test
XPASS: 22_locale/time_put_members_char.cc execution test
XPASS: 22_locale/time_put_members_wchar_t.cc execution test
FAIL: 26_numerics/c99_classification_macros_c.cc (test for excess errors)

		=== libstdc++-v3 Summary ===

# of expected passes		417
# of unexpected failures	1
# of unexpected successes	26
# of expected failures		1

Compiler version: 3.4-bi 20021115 (experimental) 
Platform: ia64-suse-linux-gnu
configure flags: --host=ia64-suse-linux --enable-shared --enable-threads --with-system-zlib



More information about the Gcc-testresults mailing list