Results for 3.3 20021122 (experimental) testsuite on mipseb-unknown-netbsd1.7

Jason R Thorpe thorpej@shagadelic.org
Sat Nov 23 23:32:00 GMT 2002


LAST_UPDATED: Fri Nov 22 17:39:19 UTC 2002

Native configuration is mipseb-unknown-netbsd1.7

		=== g++ tests ===


Running target unix
FAIL: g++.dg/compat/break/bitfield7 y_tst.o compile
UNRESOLVED: g++.dg/compat/break/bitfield7 x_tst.o-y_tst.o link 
UNRESOLVED: g++.dg/compat/break/bitfield7 x_tst.o-y_tst.o execute 
FAIL: g++.dg/opt/longbranch1.C (test for excess errors)
FAIL: g++.dg/parse/stack1.C (test for excess errors)
FAIL: g++.dg/warn/Wunused-2.C  (test for warnings, line 5)
XPASS: g++.law/profile1.C (test for excess errors)
XPASS: g++.law/profile1.C  Execution test

		=== g++ Summary ===

# of expected passes		7766
# of unexpected failures	4
# of unexpected successes	2
# of expected failures		94
# of unresolved testcases	2
# of untested testcases		23
# of unsupported tests		16
/amd/frau-farbissina/u2/hack/gnu-toolchain/gcc/build/mipseb-mipseb-1.7/gcc/testsuite/../g++ version 3.3 20021122 (experimental)

		=== g77 tests ===


Running target unix
FAIL: g77.f-torture/compile/990115-1.f,  -O3 -fomit-frame-pointer -funroll-loops  
FAIL: g77.f-torture/compile/990115-1.f,  -O3 -fomit-frame-pointer -funroll-all-loops -finline-functions  

		=== g77 Summary ===

# of expected passes		1636
# of unexpected failures	2
# of unsupported tests		8
/amd/frau-farbissina/u2/hack/gnu-toolchain/gcc/build/mipseb-mipseb-1.7/gcc/testsuite/../g77 version 3.3 20021122 (experimental)

		=== gcc tests ===


Running target unix
FAIL: gcc.c-torture/compile/20001226-1.c,  -O0  
WARNING: program timed out.
FAIL: gcc.c-torture/compile/20001226-1.c,  -O1  
WARNING: program timed out.
FAIL: gcc.c-torture/compile/20001226-1.c,  -O2  
WARNING: program timed out.
FAIL: gcc.c-torture/compile/20001226-1.c,  -O3 -fomit-frame-pointer  
WARNING: program timed out.
FAIL: gcc.c-torture/compile/20001226-1.c,  -O3 -g  
WARNING: program timed out.
FAIL: gcc.c-torture/compile/20001226-1.c,  -Os  
FAIL: gcc.c-torture/execute/20020412-1.c compilation,  -O0 
UNRESOLVED: gcc.c-torture/execute/20020412-1.c execution,  -O0 
FAIL: gcc.c-torture/execute/20020412-1.c compilation,  -O1 
UNRESOLVED: gcc.c-torture/execute/20020412-1.c execution,  -O1 
FAIL: gcc.c-torture/execute/20020412-1.c compilation,  -O2 
UNRESOLVED: gcc.c-torture/execute/20020412-1.c execution,  -O2 
FAIL: gcc.c-torture/execute/20020412-1.c compilation,  -O3 -fomit-frame-pointer 
UNRESOLVED: gcc.c-torture/execute/20020412-1.c execution,  -O3 -fomit-frame-pointer 
FAIL: gcc.c-torture/execute/20020412-1.c compilation,  -O3 -fomit-frame-pointer -funroll-loops 
UNRESOLVED: gcc.c-torture/execute/20020412-1.c execution,  -O3 -fomit-frame-pointer -funroll-loops 
FAIL: gcc.c-torture/execute/20020412-1.c compilation,  -O3 -fomit-frame-pointer -funroll-all-loops -finline-functions 
UNRESOLVED: gcc.c-torture/execute/20020412-1.c execution,  -O3 -fomit-frame-pointer -funroll-all-loops -finline-functions 
FAIL: gcc.c-torture/execute/20020412-1.c compilation,  -O3 -g 
UNRESOLVED: gcc.c-torture/execute/20020412-1.c execution,  -O3 -g 
FAIL: gcc.c-torture/execute/20020412-1.c compilation,  -Os 
UNRESOLVED: gcc.c-torture/execute/20020412-1.c execution,  -Os 
FAIL: gcc.c-torture/execute/960218-1.c compilation,  -O0 
UNRESOLVED: gcc.c-torture/execute/960218-1.c execution,  -O0 
FAIL: gcc.c-torture/execute/960218-1.c compilation,  -O1 
UNRESOLVED: gcc.c-torture/execute/960218-1.c execution,  -O1 
FAIL: gcc.c-torture/execute/960218-1.c compilation,  -O2 
UNRESOLVED: gcc.c-torture/execute/960218-1.c execution,  -O2 
FAIL: gcc.c-torture/execute/960218-1.c compilation,  -O3 -fomit-frame-pointer 
UNRESOLVED: gcc.c-torture/execute/960218-1.c execution,  -O3 -fomit-frame-pointer 
FAIL: gcc.c-torture/execute/960218-1.c compilation,  -O3 -fomit-frame-pointer -funroll-loops 
UNRESOLVED: gcc.c-torture/execute/960218-1.c execution,  -O3 -fomit-frame-pointer -funroll-loops 
FAIL: gcc.c-torture/execute/960218-1.c compilation,  -O3 -fomit-frame-pointer -funroll-all-loops -finline-functions 
UNRESOLVED: gcc.c-torture/execute/960218-1.c execution,  -O3 -fomit-frame-pointer -funroll-all-loops -finline-functions 
FAIL: gcc.c-torture/execute/960218-1.c compilation,  -Os 
UNRESOLVED: gcc.c-torture/execute/960218-1.c execution,  -Os 
FAIL: gcc.c-torture/execute/builtin-constant.c execution,  -O1 
FAIL: gcc.c-torture/execute/builtin-constant.c execution,  -O2 
FAIL: gcc.c-torture/execute/builtin-constant.c execution,  -O3 -fomit-frame-pointer 
FAIL: gcc.c-torture/execute/builtin-constant.c execution,  -O3 -g 
FAIL: gcc.c-torture/execute/builtin-constant.c execution,  -Os 
FAIL: gcc.dg/cpp/_Pragma3.c (test for excess errors)
FAIL: gcc.dg/duff-2.c (test for excess errors)
FAIL: gcc.dg/mips-args-1.c (test for excess errors)
FAIL: gcc.dg/mips-args-2.c execution test
FAIL: gcc.dg/special/gcsec-1.c (test for excess errors)

		=== gcc Summary ===

# of expected passes		20393
# of unexpected failures	31
# of expected failures		88
# of unresolved testcases	15
# of unsupported tests		146
/amd/frau-farbissina/u2/hack/gnu-toolchain/gcc/build/mipseb-mipseb-1.7/gcc/xgcc version 3.3 20021122 (experimental)

		=== objc tests ===


Running target unix
WARNING: program timed out.
FAIL: objc/execute/bf-5.m execution,  -Os 

		=== objc Summary ===

# of expected passes		1152
# of unexpected failures	1
/amd/frau-farbissina/u2/hack/gnu-toolchain/gcc/build/mipseb-mipseb-1.7/gcc/xgcc version 3.3 20021122 (experimental)

		=== libstdc++-v3 tests ===


Running target unix
XPASS: 22_locale/collate_members_wchar_t.cc execution test
XPASS: 22_locale/ctype_is_wchar_t.cc execution test
XPASS: 22_locale/money_get_members_wchar_t.cc execution test
XPASS: 22_locale/money_put_members_wchar_t.cc execution test
XPASS: 22_locale/moneypunct_members_wchar_t.cc execution test
XPASS: 22_locale/num_get_members_wchar_t.cc execution test
XPASS: 22_locale/num_put_members_wchar_t.cc execution test
XPASS: 22_locale/numpunct_members_wchar_t.cc execution test
XPASS: 22_locale/time_get_members_wchar_t.cc execution test
XPASS: 22_locale/time_put_members_wchar_t.cc execution test
FAIL: thread/pthread1.cc (test for excess errors)
FAIL: thread/pthread2.cc (test for excess errors)
FAIL: thread/pthread3.cc (test for excess errors)
FAIL: thread/pthread4.cc (test for excess errors)
FAIL: thread/pthread5.cc (test for excess errors)
FAIL: thread/pthread6.cc (test for excess errors)

		=== libstdc++-v3 Summary ===

# of expected passes		412
# of unexpected failures	6
# of unexpected successes	10
# of expected failures		17

Compiler version: 3.3 20021122 (experimental) 
Platform: mipseb-unknown-netbsd1.7
configure flags: --prefix=/usr/local/gnu --disable-shared --host=mipseb-unknown-netbsd1.7



More information about the Gcc-testresults mailing list