Results for 3.3 20021122 (experimental) testsuite on alpha-unknown-netbsd1.7
Jason R Thorpe
thorpej@shagadelic.org
Fri Nov 22 17:57:00 GMT 2002
LAST_UPDATED: Fri Nov 22 17:39:19 UTC 2002
Native configuration is alpha-unknown-netbsd1.7
=== libstdc++-v3 tests ===
Running target unix
XPASS: 22_locale/collate_members_wchar_t.cc execution test
XPASS: 22_locale/ctype_is_wchar_t.cc execution test
XPASS: 22_locale/money_get_members_wchar_t.cc execution test
XPASS: 22_locale/money_put_members_wchar_t.cc execution test
XPASS: 22_locale/moneypunct_members_wchar_t.cc execution test
XPASS: 22_locale/num_get_members_wchar_t.cc execution test
XPASS: 22_locale/num_put_members_wchar_t.cc execution test
XPASS: 22_locale/numpunct_members_wchar_t.cc execution test
XPASS: 22_locale/time_get_members_wchar_t.cc execution test
XPASS: 22_locale/time_put_members_wchar_t.cc execution test
FAIL: thread/pthread1.cc (test for excess errors)
FAIL: thread/pthread2.cc (test for excess errors)
FAIL: thread/pthread3.cc (test for excess errors)
FAIL: thread/pthread4.cc (test for excess errors)
FAIL: thread/pthread5.cc (test for excess errors)
FAIL: thread/pthread6.cc (test for excess errors)
=== libstdc++-v3 Summary ===
# of expected passes 412
# of unexpected failures 6
# of unexpected successes 10
# of expected failures 17
=== g++ tests ===
Running target unix
FAIL: g++.dg/parse/stack1.C (test for excess errors)
FAIL: g++.dg/warn/Wunused-2.C (test for warnings, line 5)
FAIL: g++.dg/tls/init-2.C (test for excess errors)
FAIL: g++.pt/repo3.C (test for excess errors)
=== g++ Summary ===
# of expected passes 7798
# of unexpected failures 4
# of expected failures 92
# of untested testcases 22
# of unsupported tests 15
/u2/hack/gnu-toolchain/gcc/build/alpha-alpha/gcc/testsuite/../g++ version 3.3 20021122 (experimental)
=== g77 tests ===
Running target unix
=== g77 Summary ===
# of expected passes 1638
# of unsupported tests 8
/u2/hack/gnu-toolchain/gcc/build/alpha-alpha/gcc/testsuite/../g77 version 3.3 20021122 (experimental)
=== gcc tests ===
Running target unix
WARNING: program timed out.
FAIL: gcc.c-torture/compile/20001226-1.c, -O2
WARNING: program timed out.
FAIL: gcc.c-torture/compile/20001226-1.c, -O3 -fomit-frame-pointer
WARNING: program timed out.
FAIL: gcc.c-torture/compile/20001226-1.c, -O3 -g
WARNING: program timed out.
FAIL: gcc.c-torture/compile/20001226-1.c, -Os
FAIL: gcc.c-torture/compile/simd-5.c, -O1
FAIL: gcc.c-torture/compile/simd-5.c, -O2
FAIL: gcc.c-torture/compile/simd-5.c, -O3 -fomit-frame-pointer
FAIL: gcc.c-torture/compile/simd-5.c, -O3 -g
FAIL: gcc.c-torture/compile/simd-5.c, -Os
FAIL: gcc.c-torture/execute/20000605-1.c execution, -O2
FAIL: gcc.c-torture/execute/20000605-1.c execution, -Os
FAIL: gcc.c-torture/execute/960218-1.c compilation, -O0
UNRESOLVED: gcc.c-torture/execute/960218-1.c execution, -O0
FAIL: gcc.c-torture/execute/960218-1.c compilation, -O1
UNRESOLVED: gcc.c-torture/execute/960218-1.c execution, -O1
FAIL: gcc.c-torture/execute/960218-1.c compilation, -O2
UNRESOLVED: gcc.c-torture/execute/960218-1.c execution, -O2
FAIL: gcc.c-torture/execute/960218-1.c compilation, -O3 -fomit-frame-pointer
UNRESOLVED: gcc.c-torture/execute/960218-1.c execution, -O3 -fomit-frame-pointer
FAIL: gcc.c-torture/execute/960218-1.c compilation, -O3 -fomit-frame-pointer -funroll-loops
UNRESOLVED: gcc.c-torture/execute/960218-1.c execution, -O3 -fomit-frame-pointer -funroll-loops
FAIL: gcc.c-torture/execute/960218-1.c compilation, -O3 -fomit-frame-pointer -funroll-all-loops -finline-functions
UNRESOLVED: gcc.c-torture/execute/960218-1.c execution, -O3 -fomit-frame-pointer -funroll-all-loops -finline-functions
FAIL: gcc.c-torture/execute/960218-1.c compilation, -Os
UNRESOLVED: gcc.c-torture/execute/960218-1.c execution, -Os
FAIL: gcc.c-torture/execute/builtin-constant.c execution, -O1
FAIL: gcc.c-torture/execute/builtin-constant.c execution, -O2
FAIL: gcc.c-torture/execute/builtin-constant.c execution, -O3 -fomit-frame-pointer
FAIL: gcc.c-torture/execute/builtin-constant.c execution, -O3 -g
FAIL: gcc.c-torture/execute/builtin-constant.c execution, -Os
FAIL: gcc.c-torture/execute/simd-2.c compilation, -O3 -fomit-frame-pointer
UNRESOLVED: gcc.c-torture/execute/simd-2.c execution, -O3 -fomit-frame-pointer
FAIL: gcc.c-torture/execute/simd-2.c compilation, -O3 -g
UNRESOLVED: gcc.c-torture/execute/simd-2.c execution, -O3 -g
FAIL: gcc.c-torture/execute/ieee/rbug.c execution, -O0
FAIL: gcc.c-torture/execute/ieee/rbug.c execution, -O1
FAIL: gcc.c-torture/execute/ieee/rbug.c execution, -O2
FAIL: gcc.c-torture/execute/ieee/rbug.c execution, -Os
FAIL: gcc.dg/cpp/_Pragma3.c (test for excess errors)
FAIL: gcc.dg/duff-2.c (test for excess errors)
=== gcc Summary ===
# of expected passes 20442
# of unexpected failures 31
# of expected failures 73
# of unresolved testcases 9
# of unsupported tests 137
/u2/hack/gnu-toolchain/gcc/build/alpha-alpha/gcc/xgcc version 3.3 20021122 (experimental)
=== objc tests ===
Running target unix
=== objc Summary ===
# of expected passes 1153
/u2/hack/gnu-toolchain/gcc/build/alpha-alpha/gcc/xgcc version 3.3 20021122 (experimental)
Compiler version: 3.3 20021122 (experimental)
Platform: alpha-unknown-netbsd1.7
configure flags: --prefix=/usr/local/gnu --disable-shared --host=alpha-unknown-netbsd1.7
More information about the Gcc-testresults
mailing list