Results for 3.2 20021115 (Red Hat Linux 8.0 3.2-13) testsuite on i686-pc-linux-gnu

H.J. Lu hjl@lucon.org
Fri Nov 22 11:35:00 GMT 2002


LAST_UPDATED: Fri Nov 22 17:37:08 UTC 2002

Native configuration is i686-pc-linux-gnu

		=== g77 tests ===


Running target unix

		=== g77 Summary ===

# of expected passes		1468
/export/build/gnu/gcc-3.2-redhat-8/build-i686-linux/gcc/testsuite/../g77 version 3.2 20021115 (Red Hat Linux 8.0 3.2-13)

		=== gcc tests ===


Running target unix

		=== gcc Summary ===

# of expected passes		18686
# of expected failures		69
# of unsupported tests		46
/export/build/gnu/gcc-3.2-redhat-8/build-i686-linux/gcc/xgcc version 3.2 20021115 (Red Hat Linux 8.0 3.2-13)

		=== g++ tests ===


Running target unix
XPASS: g++.other/init5.C  Execution test

		=== g++ Summary ===

# of expected passes		7430
# of unexpected successes	1
# of expected failures		88
# of untested testcases		9
# of unsupported tests		3
/export/build/gnu/gcc-3.2-redhat-8/build-i686-linux/gcc/testsuite/../g++ version 3.2 20021115 (Red Hat Linux 8.0 3.2-13)

		=== objc tests ===


Running target unix

		=== objc Summary ===

# of expected passes		1047
# of expected failures		6
/export/build/gnu/gcc-3.2-redhat-8/build-i686-linux/gcc/xgcc version 3.2 20021115 (Red Hat Linux 8.0 3.2-13)

		=== libjava tests ===


Running target unix
FAIL: Array_3 -O execution from source compiled test

		=== libjava Summary ===

# of expected passes		2085
# of unexpected failures	1
# of expected failures		18
# of untested testcases		15
		=== libstdc++-v3 tests ===


Running target unix
FAIL: 22_locale/codecvt_members_char_char.cc execution test
FAIL: 22_locale/codecvt_members_wchar_t_char.cc execution test
FAIL: 22_locale/ctor_copy_dtor.cc execution test
FAIL: 22_locale/ctype_to_char.cc execution test
FAIL: 22_locale/ctype_to_wchar_t.cc execution test
FAIL: 22_locale/facet.cc execution test
FAIL: 26_numerics/c99_classification_macros_c.cc (test for excess errors)
FAIL: 27_io/ostream_inserter_arith.cc execution test

		=== libstdc++-v3 Summary ===

# of expected passes		403
# of unexpected failures	8
# of expected failures		26

Compiler version: 3.2 20021115 (Red Hat Linux 8.0 3.2-13) 
Platform: i686-pc-linux-gnu
configure flags: --host=i686-pc-linux-gnu --enable-clocale=gnu --with-system-zlib --enable-shared --enable-threads=posix --enable-haifa --disable-checking --prefix=/usr/gcc-3.2-redhat-8 --with-local-prefix=/usr/local



More information about the Gcc-testresults mailing list