Results for 3.3 20021121 (experimental) testsuite on alphaev67-unknown-linux-gnu

Richard Henderson rth@dorothy.sfbay.redhat.com
Thu Nov 21 16:49:00 GMT 2002


LAST_UPDATED: Thu Nov 21 22:52:01 UTC 2002

Native configuration is alphaev67-unknown-linux-gnu

		=== libjava tests ===


Running target unix
FAIL: PR1343 compilation from bytecode
FAIL: PR1343 -O compilation from bytecode
FAIL: Thread_Interrupt -O output - source compiled test
WARNING: program timed out.
FAIL: Thread_Wait_Interrupt execution - gij test
FAIL: initexc execution - gij test
FAIL: initexc compilation from bytecode
FAIL: initexc execution - gij test
FAIL: initexc -O compilation from bytecode
FAIL: /dorothy/rth/gcc/build/axp/alphaev67-unknown-linux-gnu/libjava/testsuite/TestEarlyGC.exe output - /dorothy/rth/gcc/build/axp/alphaev67-unknown-linux-gnu/libjava/testsuite/TestEarlyGC.exe

		=== libjava Summary ===

# of expected passes		2827
# of unexpected failures	9
# of expected failures		14
# of untested testcases		15
		=== libstdc++-v3 tests ===


Running target unix
XPASS: 22_locale/ctype_is_char.cc execution test
XPASS: 22_locale/ctype_is_wchar_t.cc execution test
XPASS: 22_locale/members.cc execution test
XPASS: 22_locale/messages_byname.cc execution test
XPASS: 22_locale/messages_members_char.cc execution test
XPASS: 22_locale/money_get_members_char.cc execution test
XPASS: 22_locale/money_get_members_wchar_t.cc execution test
XPASS: 22_locale/money_put_members_char.cc execution test
XPASS: 22_locale/money_put_members_wchar_t.cc execution test
XPASS: 22_locale/moneypunct_byname.cc execution test
XPASS: 22_locale/moneypunct_members_char.cc execution test
XPASS: 22_locale/moneypunct_members_wchar_t.cc execution test
XPASS: 22_locale/num_get_members_char.cc execution test
XPASS: 22_locale/num_get_members_wchar_t.cc execution test
XPASS: 22_locale/num_put_members_char.cc execution test
XPASS: 22_locale/num_put_members_wchar_t.cc execution test
XPASS: 22_locale/numpunct_byname.cc execution test
XPASS: 22_locale/numpunct_members_char.cc execution test
XPASS: 22_locale/numpunct_members_wchar_t.cc execution test
XPASS: 22_locale/time_get_members_char.cc execution test
XPASS: 22_locale/time_get_members_wchar_t.cc execution test
XPASS: 22_locale/time_put_members_char.cc execution test
XPASS: 22_locale/time_put_members_wchar_t.cc execution test
FAIL: 26_numerics/c99_classification_macros_c.cc (test for excess errors)

		=== libstdc++-v3 Summary ===

# of expected passes		417
# of unexpected failures	1
# of unexpected successes	23
# of expected failures		4
		=== g++ tests ===


Running target unix
FAIL: g++.dg/warn/Wunused-2.C  (test for warnings, line 5)
FAIL: g++.dg/tls/init-2.C (test for excess errors)
FAIL: g++.pt/repo3.C (test for excess errors)

		=== g++ Summary ===

# of expected passes		7799
# of unexpected failures	3
# of expected failures		92
# of untested testcases		22
# of unsupported tests		15
/dorothy/rth/gcc/build/axp/gcc/testsuite/../g++ version 3.3 20021121 (experimental)

		=== g77 tests ===


Running target unix

		=== g77 Summary ===

# of expected passes		1638
# of unsupported tests		8
/dorothy/rth/gcc/build/axp/gcc/testsuite/../g77 version 3.3 20021121 (experimental)

		=== gcc tests ===


Running target unix
WARNING: program timed out.
FAIL: gcc.c-torture/compile/20001226-1.c,  -O3 -g  
FAIL: gcc.c-torture/compile/simd-5.c,  -O1  
FAIL: gcc.c-torture/compile/simd-5.c,  -O2  
FAIL: gcc.c-torture/compile/simd-5.c,  -O3 -fomit-frame-pointer  
FAIL: gcc.c-torture/compile/simd-5.c,  -O3 -g  
FAIL: gcc.c-torture/compile/simd-5.c,  -Os  
FAIL: gcc.c-torture/execute/builtin-constant.c execution,  -O1 
FAIL: gcc.c-torture/execute/builtin-constant.c execution,  -O2 
FAIL: gcc.c-torture/execute/builtin-constant.c execution,  -O3 -fomit-frame-pointer 
FAIL: gcc.c-torture/execute/builtin-constant.c execution,  -O3 -g 
FAIL: gcc.c-torture/execute/builtin-constant.c execution,  -Os 
FAIL: gcc.dg/20021014-1.c execution test
FAIL: gcc.dg/duff-2.c (test for excess errors)
FAIL: gcc.dg/nest.c execution test
FAIL: gcc.dg/sibcall-3.c execution test
FAIL: gcc.dg/sibcall-4.c execution test

		=== gcc Summary ===

# of expected passes		20891
# of unexpected failures	16
# of expected failures		73
# of unsupported tests		136
/dorothy/rth/gcc/build/axp/gcc/xgcc version 3.3 20021121 (experimental)

		=== objc tests ===


Running target unix

		=== objc Summary ===

# of expected passes		1153
/dorothy/rth/gcc/build/axp/gcc/xgcc version 3.3 20021121 (experimental)


Compiler version: 3.3 20021121 (experimental) 
Platform: alphaev67-unknown-linux-gnu
configure flags: --host=alphaev67-unknown-linux-gnu --prefix=/dorothy/H-alpha-linux-gnu --enable-threads



More information about the Gcc-testresults mailing list