Results for 3.3 20021121 (experimental) testsuite on powerpc-ibm-aix4.3.3.0

David Edelsohn dje@watson.ibm.com
Thu Nov 21 14:26:00 GMT 2002


LAST_UPDATED: Thu Nov 21 15:37:24 UTC 2002

Native configuration is powerpc-ibm-aix4.3.3.0

		=== g++ tests ===


Running target unix
FAIL: g++.dg/compat/break/bitfield7 y_tst.o compile
UNRESOLVED: g++.dg/compat/break/bitfield7 x_tst.o-y_tst.o link 
UNRESOLVED: g++.dg/compat/break/bitfield7 x_tst.o-y_tst.o execute 
FAIL: g++.dg/warn/Wunused-2.C  (test for warnings, line 5)
FAIL: g++.dg/warn/weak1.C (test for excess errors)
FAIL: g++.abi/cxa_vec.C  Execution test
FAIL: g++.brendan/new3.C  Execution test
FAIL: g++.ext/attrib5.C (test for excess errors)
FAIL: g++.jason/thunk3.C (test for excess errors)
FAIL: g++.other/comdat3.C (test for excess errors)
FAIL: g++.other/mangle3.C (test for excess errors)
XPASS: g++.pt/const2.C (test for excess errors)
XPASS: g++.pt/const2.C  Execution test
FAIL: g++.pt/static3.C (test for excess errors)
FAIL: g++.pt/static6.C (test for excess errors)

		=== g++ Summary ===

# of expected passes		7651
# of unexpected failures	11
# of unexpected successes	2
# of expected failures		94
# of unresolved testcases	2
# of untested testcases		23
# of unsupported tests		16
/gcc/dje/build/powerpc-ibm-aix4.3.3.0-20021121/gcc/testsuite/../g++ version 3.3 20021121 (experimental)

		=== g77 tests ===


Running target unix

		=== g77 Summary ===

# of expected passes		1638
# of unsupported tests		8
/gcc/dje/build/powerpc-ibm-aix4.3.3.0-20021121/gcc/testsuite/../g77 version 3.3 20021121 (experimental)

		=== gcc tests ===


Running target unix
FAIL: gcc.c-torture/compile/981001-2.c,  -O3 -fomit-frame-pointer  
FAIL: gcc.c-torture/compile/981001-2.c,  -O3 -g  
FAIL: gcc.c-torture/compile/990801-1.c,  -O3 -fomit-frame-pointer -funroll-all-loops -finline-functions  
FAIL: gcc.c-torture/compile/20011119-1.c,  -O3 -fomit-frame-pointer  
FAIL: gcc.c-torture/compile/20011119-1.c,  -O3 -g  
FAIL: gcc.c-torture/compile/20011119-2.c,  -O0  
FAIL: gcc.c-torture/compile/20011119-2.c,  -O1  
FAIL: gcc.c-torture/compile/20011119-2.c,  -O2  
FAIL: gcc.c-torture/compile/20011119-2.c,  -O3 -fomit-frame-pointer  
FAIL: gcc.c-torture/compile/20011119-2.c,  -O3 -g  
FAIL: gcc.c-torture/compile/20011119-2.c,  -Os  
FAIL: gcc.c-torture/compile/simd-4.c,  -Os  
FAIL: gcc.c-torture/execute/20020412-1.c execution,  -O0 
FAIL: gcc.c-torture/execute/20020412-1.c execution,  -O1 
FAIL: gcc.c-torture/execute/20020412-1.c execution,  -O2 
FAIL: gcc.c-torture/execute/20020412-1.c execution,  -O3 -fomit-frame-pointer 
FAIL: gcc.c-torture/execute/20020412-1.c execution,  -O3 -fomit-frame-pointer -funroll-loops 
FAIL: gcc.c-torture/execute/20020412-1.c execution,  -O3 -fomit-frame-pointer -funroll-all-loops -finline-functions 
FAIL: gcc.c-torture/execute/20020412-1.c execution,  -O3 -g 
FAIL: gcc.c-torture/execute/20020412-1.c execution,  -Os 
FAIL: gcc.c-torture/execute/builtin-constant.c execution,  -O1 
FAIL: gcc.c-torture/execute/builtin-constant.c execution,  -O2 
FAIL: gcc.c-torture/execute/builtin-constant.c execution,  -O3 -fomit-frame-pointer 
FAIL: gcc.c-torture/execute/builtin-constant.c execution,  -O3 -g 
FAIL: gcc.c-torture/execute/builtin-constant.c execution,  -Os 
FAIL: gcc.c-torture/execute/eeprof-1.c execution,  -O0 
FAIL: gcc.c-torture/execute/eeprof-1.c execution,  -O1 
FAIL: gcc.c-torture/execute/eeprof-1.c execution,  -O2 
FAIL: gcc.c-torture/execute/eeprof-1.c execution,  -O3 -fomit-frame-pointer 
FAIL: gcc.c-torture/execute/eeprof-1.c execution,  -O3 -g 
FAIL: gcc.c-torture/execute/eeprof-1.c execution,  -Os 
FAIL: gcc.c-torture/execute/simd-2.c compilation,  -Os 
UNRESOLVED: gcc.c-torture/execute/simd-2.c execution,  -Os 
FAIL: gcc.c-torture/execute/ieee/20010114-2.c execution,  -O1 
FAIL: gcc.c-torture/execute/ieee/20010114-2.c execution,  -O2 
FAIL: gcc.c-torture/execute/ieee/20010114-2.c execution,  -Os 
FAIL: gcc.c-torture/execute/ieee/980619-1.c execution,  -O1 
FAIL: gcc.c-torture/execute/ieee/980619-1.c execution,  -O2 
FAIL: gcc.c-torture/execute/ieee/980619-1.c execution,  -O3 -fomit-frame-pointer 
FAIL: gcc.c-torture/execute/ieee/980619-1.c execution,  -O3 -fomit-frame-pointer -funroll-loops 
FAIL: gcc.c-torture/execute/ieee/980619-1.c execution,  -O3 -fomit-frame-pointer -funroll-all-loops -finline-functions 
FAIL: gcc.c-torture/execute/ieee/980619-1.c execution,  -O3 -g 
FAIL: gcc.c-torture/execute/ieee/980619-1.c execution,  -Os 
FAIL: gcc.dg/20020103-1.c scan-assembler-not LC
FAIL: gcc.dg/20020118-1.c execution test
FAIL: gcc.dg/altivec-4.c (test for excess errors)
FAIL: gcc.dg/altivec-7.c (test for excess errors)
FAIL: gcc.dg/altivec-8.c (test for excess errors)
FAIL: gcc.dg/asm-names.c (test for excess errors)
FAIL: gcc.dg/duff-2.c (test for excess errors)
FAIL: alias-1.c
FAIL: alias-2.c
FAIL: 20000419-2.c

		=== gcc Summary ===

# of expected passes		20143
# of unexpected failures	52
# of expected failures		58
# of unresolved testcases	1
# of unsupported tests		143
/gcc/dje/build/powerpc-ibm-aix4.3.3.0-20021121/gcc/xgcc version 3.3 20021121 (experimental)

		=== objc tests ===


Running target unix

		=== objc Summary ===

# of expected passes		1153
/gcc/dje/build/powerpc-ibm-aix4.3.3.0-20021121/gcc/xgcc version 3.3 20021121 (experimental)

		=== libstdc++-v3 tests ===


Running target unix
FAIL: 20_util/allocator_members.cc execution test
XPASS: 22_locale/collate_members_wchar_t.cc execution test
XPASS: 22_locale/ctype_is_wchar_t.cc execution test
XPASS: 22_locale/money_get_members_wchar_t.cc execution test
XPASS: 22_locale/money_put_members_wchar_t.cc execution test
XPASS: 22_locale/moneypunct_members_wchar_t.cc execution test
XPASS: 22_locale/num_get_members_wchar_t.cc execution test
XPASS: 22_locale/num_put_members_wchar_t.cc execution test
XPASS: 22_locale/numpunct_members_wchar_t.cc execution test
XPASS: 22_locale/time_get_members_wchar_t.cc execution test
XPASS: 22_locale/time_put_members_wchar_t.cc execution test
FAIL: 27_io/istream_extractor_arith.cc execution test

		=== libstdc++-v3 Summary ===

# of expected passes		404
# of unexpected failures	2
# of unexpected successes	10
# of expected failures		17
# of unsupported tests		6

Compiler version: 3.3 20021121 (experimental) 
Platform: powerpc-ibm-aix4.3.3.0
configure flags: --host=powerpc-ibm-aix4.3.3.0 --prefix=/gcc/dje/install/powerpc-ibm-aix4.3.3.0-20021121 --disable-win32-registry --disable-nls



More information about the Gcc-testresults mailing list