Results for 3.2.1 testsuite on sparc-sun-solaris2.7

Joe Buck Joe.Buck@synopsys.com
Thu Nov 21 07:47:00 GMT 2002


Used binutils 2.13.1.

LAST_UPDATED: Wed Nov 20 18:33:20 UTC 2002

Native configuration is sparc-sun-solaris2.7

		=== g++ tests ===


Running target unix

		=== g++ Summary ===

# of expected passes		7317
# of expected failures		89
# of untested testcases		21
# of unsupported tests		4
/remote/dtg103/jbuck/gnu/src/cvs/3_2_branch/gcc.sol2/gcc/testsuite/../g++ version 3.2.1

		=== g77 tests ===


Running target unix

		=== g77 Summary ===

# of expected passes		1452
# of unsupported tests		8
/remote/dtg103/jbuck/gnu/src/cvs/3_2_branch/gcc.sol2/gcc/testsuite/../g77 version 3.2.1

		=== gcc tests ===


Running target unix
WARNING: gcc.dg/20021014-1.c compilation failed to produce executable

		=== gcc Summary ===

# of expected passes		18387
# of expected failures		66
# of unsupported tests		110
/remote/dtg103/jbuck/gnu/src/cvs/3_2_branch/gcc.sol2/gcc/xgcc version 3.2.1

		=== libstdc++-v3 tests ===


Running target unix
XPASS: 22_locale/collate_members_wchar_t.cc execution test
XPASS: 22_locale/ctype_is_wchar_t.cc execution test
XPASS: 22_locale/money_get_members_wchar_t.cc execution test
XPASS: 22_locale/money_put_members_wchar_t.cc execution test
XPASS: 22_locale/moneypunct_members_wchar_t.cc execution test
XPASS: 22_locale/num_get_members_wchar_t.cc execution test
XPASS: 22_locale/num_put_members_wchar_t.cc execution test
XPASS: 22_locale/numpunct_members_wchar_t.cc execution test
XPASS: 22_locale/time_get_members_wchar_t.cc execution test
XPASS: 22_locale/time_put_members_wchar_t.cc execution test
FAIL: 27_io/istream_extractor_arith.cc execution test

		=== libstdc++-v3 Summary ===

# of expected passes		410
# of unexpected failures	1
# of unexpected successes	10
# of expected failures		16

Compiler version: 3.2.1 
Platform: sparc-sun-solaris2.7
configure flags: --host=sparc-sun-solaris2.7 --prefix=/remote/dtg103/jbuck/gcc-3.2.1.sol2 --with-as=/u/jbuck/gnu.sol2/bin/as --with-ld=/u/jbuck/gnu.sol2/bin/ld --enable-languages=c,c++,f77



More information about the Gcc-testresults mailing list