Results for 3.2.1 testsuite on i686-pc-linux-gnu

shopadm@caligula.rd.francetelecom.fr shopadm@caligula.rd.francetelecom.fr
Thu Nov 21 04:20:00 GMT 2002


LAST_UPDATED: 
Native configuration is i686-pc-linux-gnu

		=== g77 tests ===


Running target unix

		=== g77 Summary ===

# of expected passes		1468
/free/shop/build-gcc-3.2.1-i686-pc-linux-gnu/gcc/testsuite/../g77
version 3.2.1

		=== gcc tests ===


Running target unix
UNRESOLVED: weak-1.c
UNRESOLVED: weak-2.c
UNRESOLVED: wkali-1.c
UNRESOLVED: wkali-2.c

		=== gcc Summary ===

# of expected passes		18533
# of expected failures		68
# of unresolved testcases	4
# of unsupported tests		44
/free/shop/build-gcc-3.2.1-i686-pc-linux-gnu/gcc/xgcc version 3.2.1

		=== g++ tests ===


Running target unix
FAIL: g++.pt/instantiate4.C (test for excess errors)
FAIL: g++.pt/instantiate6.C (test for excess errors)
FAIL: g++.pt/repo1.C (test for excess errors)
FAIL: g++.pt/repo2.C (test for excess errors)
FAIL: g++.pt/repo3.C (test for excess errors)
FAIL: g++.pt/repo4.C (test for excess errors)

		=== g++ Summary ===

# of expected passes		7330
# of unexpected failures	6
# of expected failures		89
# of untested testcases		9
# of unsupported tests		3
/free/shop/build-gcc-3.2.1-i686-pc-linux-gnu/gcc/testsuite/../g++
version 3.2.1

		=== objc tests ===


Running target unix

		=== objc Summary ===

# of expected passes		1035
# of expected failures		6
/free/shop/build-gcc-3.2.1-i686-pc-linux-gnu/gcc/xgcc version 3.2.1

		=== libjava tests ===


Running target unix
FAIL: Thread_Interrupt -O output from bytecode->native test

		=== libjava Summary ===

# of expected passes		2060
# of unexpected failures	1
# of expected failures		18
# of untested testcases		14
		=== libstdc++-v3 tests ===


Running target unix
XPASS: 22_locale/ctype_is_wchar_t.cc execution test
FAIL: 26_numerics/c99_classification_macros_c.cc (test for excess
errors)

		=== libstdc++-v3 Summary ===

# of expected passes		410
# of unexpected failures	1
# of unexpected successes	1
# of expected failures		25

Compiler version: 3.2.1 
Platform: i686-pc-linux-gnu
configure flags: --host=i686-pc-linux-gnu
--prefix=/export/shop/stow/gcc-3.2.1/i686-pc-linux-gnu
--infodir=/export/shop/stow/gcc-3.2.1/info
--mandir=/export/shop/stow/gcc-3.2.1/man
--datadir=/export/shop/stow/gcc-3.2.1/share --enable-threads=posix
--enable-long-long --enable-namespaces --enable-multilib
--with-as=/export/shop/stow/binutils-2.13.1/i686-pc-linux-gnu/bin/as
--with-ld=/export/shop/stow/binutils-2.13.1/i686-pc-linux-gnu/bin/ld
--enable-nls --with-included-gettext
-------------- next part --------------
An HTML attachment was scrubbed...
URL: <http://gcc.gnu.org/pipermail/gcc-testresults/attachments/20021121/b77a2767/attachment.htm>


More information about the Gcc-testresults mailing list