Results for 3.2.1 testsuite on i686-pc-linux-gnu
Vin Shelton
acs@alumni.princeton.edu
Wed Nov 20 18:11:00 GMT 2002
LAST_UPDATED:
Native configuration is i686-pc-linux-gnu
=== binutils tests ===
Running target unix
=== binutils Summary ===
# of expected passes 31
# of expected failures 1
=== gas tests ===
Running target unix
=== gas Summary ===
# of expected passes 55
=== ld tests ===
Running target unix
=== ld Summary ===
# of expected passes 152
# of expected failures 13
=== g++ tests ===
Running target unix
=== g++ Summary ===
# of expected passes 7336
# of expected failures 89
# of untested testcases 9
# of unsupported tests 3
/opt/build/gcc-3.2.1/gcc/testsuite/../g++ version 3.2.1
=== gcc tests ===
Running target unix
=== gcc Summary ===
# of expected passes 18540
# of expected failures 65
# of unsupported tests 44
/opt/build/gcc-3.2.1/gcc/xgcc version 3.2.1
=== libstdc++-v3 tests ===
Running target unix
XPASS: 22_locale/ctype_is_wchar_t.cc execution test
FAIL: 26_numerics/c99_classification_macros_c.cc (test for excess errors)
=== libstdc++-v3 Summary ===
# of expected passes 410
# of unexpected failures 1
# of unexpected successes 1
# of expected failures 25
Compiler version: 3.2.1
Platform: i686-pc-linux-gnu
configure flags: --host=i686-pc-linux-gnu --prefix=/usr/local/gcc-3.2.1 --disable-nls
More information about the Gcc-testresults
mailing list