Results for 3.2.1 testsuite on powerpc-unknown-linux-gnu

Carl Eugen Hoyos ceh@cg.tuwien.ac.at
Wed Nov 20 00:53:00 GMT 2002


gcc-3.2.1 was build on an Apple G3 running 
SuSE7.1
kernel 2.4.2
glibc 2.2-13
binutils 2.13


LAST_UPDATED: 
Native configuration is powerpc-unknown-linux-gnu

		=== gcc tests ===


Running target unix
FAIL: gcc.dg/20020103-1.c scan-assembler-not LC
FAIL: gcc.dg/20020118-1.c execution test

		=== gcc Summary ===

# of expected passes		18390
# of unexpected failures	2
# of expected failures		66
# of unsupported tests		107
/cg/disks/kagran/people/ceh/Projects/gcc/ppcgcc321/gcc/xgcc version 3.2.1

		=== objc tests ===


Running target unix

		=== objc Summary ===

# of expected passes		1035
# of expected failures		6
/cg/disks/kagran/people/ceh/Projects/gcc/ppcgcc321/gcc/xgcc version 3.2.1


Compiler version: 3.2.1 
Platform: powerpc-unknown-linux-gnu
configure flags: --host=powerpc-unknown-linux-gnu --prefix=/usr/local/gcc-3.2.1 --enable-threads --with-as=/usr/local/bin/as --with-ld=/usr/local/bin/ld



More information about the Gcc-testresults mailing list