Results for 3.2.1 20021116 (prerelease) testsuite on mips-sgi-irix6.5 (RTL check)

Kaveh R. Ghazi ghazi@caip.rutgers.edu
Sat Nov 16 15:39:00 GMT 2002


LAST_UPDATED: 
Native configuration is mips-sgi-irix6.5

		=== g++ tests ===


Running target unix

		=== g++ Summary ===

# of expected passes		7131
# of expected failures		97
# of untested testcases		23
# of unsupported tests		6
/caip/u58/ghazi/gcc-testing/branch/build/gcc/testsuite/../g++ version 3.2.1 20021116 (prerelease)

		=== g77 tests ===


Running target unix

		=== g77 Summary ===

# of expected passes		1452
# of unsupported tests		8
/caip/u58/ghazi/gcc-testing/branch/build/gcc/testsuite/../g77 version 3.2.1 20021116 (prerelease)

		=== gcc tests ===


Running target unix
WARNING: program timed out.
FAIL: gcc.c-torture/compile/20001226-1.c,  -O3 -g  
WARNING: program timed out.
FAIL: gcc.c-torture/compile/20001226-1.c,  -Os  
FAIL: gcc.c-torture/execute/20020307-2.c execution,  -O0 
FAIL: gcc.c-torture/execute/20020307-2.c execution,  -O1 
FAIL: gcc.c-torture/execute/20020307-2.c execution,  -O2 
FAIL: gcc.c-torture/execute/20020307-2.c execution,  -O3 -fomit-frame-pointer 
FAIL: gcc.c-torture/execute/20020307-2.c execution,  -O3 -fomit-frame-pointer -funroll-loops 
FAIL: gcc.c-torture/execute/20020307-2.c execution,  -O3 -fomit-frame-pointer -funroll-all-loops -finline-functions 
FAIL: gcc.c-torture/execute/20020307-2.c execution,  -O3 -g 
FAIL: gcc.c-torture/execute/20020307-2.c execution,  -Os 
WARNING: gcc.dg/20021014-1.c compilation failed to produce executable

		=== gcc Summary ===

# of expected passes		17981
# of unexpected failures	10
# of expected failures		101
# of unsupported tests		124
/caip/u58/ghazi/gcc-testing/branch/build/gcc/xgcc version 3.2.1 20021116 (prerelease)

		=== objc tests ===


Running target unix

		=== objc Summary ===

# of expected passes		1035
# of expected failures		6
/caip/u58/ghazi/gcc-testing/branch/build/gcc/xgcc version 3.2.1 20021116 (prerelease)

		=== libstdc++-v3 tests ===


Running target unix
XPASS: 22_locale/collate_members_wchar_t.cc execution test
XPASS: 22_locale/ctype_is_wchar_t.cc execution test
XPASS: 22_locale/money_get_members_wchar_t.cc execution test
XPASS: 22_locale/money_put_members_wchar_t.cc execution test
XPASS: 22_locale/moneypunct_members_wchar_t.cc execution test
XPASS: 22_locale/num_get_members_wchar_t.cc execution test
XPASS: 22_locale/num_put_members_wchar_t.cc execution test
XPASS: 22_locale/numpunct_members_wchar_t.cc execution test
XPASS: 22_locale/time_get_members_wchar_t.cc execution test
XPASS: 22_locale/time_put_members_wchar_t.cc execution test
FAIL: 27_io/ostream_inserter_arith.cc execution test

		=== libstdc++-v3 Summary ===

# of expected passes		398
# of unexpected failures	1
# of unexpected successes	10
# of expected failures		16
# of unsupported tests		6

Compiler version: 3.2.1 20021116 (prerelease) 
Platform: mips-sgi-irix6.5
configure flags: --host=mips-sgi-irix6.5 --verbose --enable-checking=misc,tree,rtl,gc --enable-languages=c,objc,c++,f77,java



More information about the Gcc-testresults mailing list