Results for 3.2.1 20021116 (prerelease) testsuite on i686-pc-linux-gnu

H.J. Lu hjl@lucon.org
Sat Nov 16 11:03:00 GMT 2002


LAST_UPDATED: Sat Nov 16 17:38:30 UTC 2002

Native configuration is i686-pc-linux-gnu

		=== g77 tests ===


Running target unix

		=== g77 Summary ===

# of expected passes		1468
/export/build/gnu/gcc-3.2/build-i686-linux/gcc/testsuite/../g77 version 3.2.1 20021116 (prerelease)

		=== gcc tests ===


Running target unix

		=== gcc Summary ===

# of expected passes		18540
# of expected failures		68
# of unsupported tests		44
/export/build/gnu/gcc-3.2/build-i686-linux/gcc/xgcc version 3.2.1 20021116 (prerelease)

		=== g++ tests ===


Running target unix
XPASS: g++.other/init5.C  Execution test

		=== g++ Summary ===

# of expected passes		7339
# of unexpected successes	1
# of expected failures		88
# of untested testcases		9
# of unsupported tests		3
/export/build/gnu/gcc-3.2/build-i686-linux/gcc/testsuite/../g++ version 3.2.1 20021116 (prerelease)

		=== objc tests ===


Running target unix

		=== objc Summary ===

# of expected passes		1035
# of expected failures		6
/export/build/gnu/gcc-3.2/build-i686-linux/gcc/xgcc version 3.2.1 20021116 (prerelease)

		=== libjava tests ===


Running target unix

		=== libjava Summary ===

# of expected passes		2061
# of expected failures		18
# of untested testcases		14
		=== libstdc++-v3 tests ===


Running target unix
FAIL: 22_locale/codecvt_members_char_char.cc execution test
FAIL: 22_locale/codecvt_members_wchar_t_char.cc execution test
FAIL: 22_locale/ctor_copy_dtor.cc execution test
FAIL: 22_locale/ctype_to_char.cc execution test
FAIL: 22_locale/ctype_to_wchar_t.cc execution test
FAIL: 22_locale/facet.cc execution test
FAIL: 26_numerics/c99_classification_macros_c.cc (test for excess errors)
FAIL: 27_io/ostream_inserter_arith.cc execution test

		=== libstdc++-v3 Summary ===

# of expected passes		403
# of unexpected failures	8
# of expected failures		26

Compiler version: 3.2.1 20021116 (prerelease) 
Platform: i686-pc-linux-gnu
configure flags: --host=i686-pc-linux-gnu --enable-clocale=gnu --with-system-zlib --enable-shared --enable-threads=posix --enable-haifa --disable-checking --prefix=/usr/gcc-3.2 --with-local-prefix=/usr/local



More information about the Gcc-testresults mailing list