Results for 3.2.1 20021114 (prerelease) testsuite on i586-redhat-linux-gnu

Eric Botcazou eric@localhost.localdomain
Fri Nov 15 14:06:00 GMT 2002


LAST_UPDATED: Fri Nov 15 06:53:50 UTC 2002

Native configuration is i586-redhat-linux-gnu

		=== g77 tests ===


Running target unix

		=== g77 Summary ===

# of expected passes		1452
# of unsupported tests		8
/home/eric/cvs/gcc-3_2-branch/obj/gcc/testsuite/../g77 version 3.2.1 20021114 (prerelease)

		=== gcc tests ===


Running target unix
FAIL: gcc.c-torture/execute/loop-2e.c execution,  -Os 
FAIL: gcc.c-torture/execute/loop-3c.c execution,  -Os 

		=== gcc Summary ===

# of expected passes		18540
# of unexpected failures	2
# of expected failures		66
# of unsupported tests		44
/home/eric/cvs/gcc-3_2-branch/obj/gcc/xgcc version 3.2.1 20021114 (prerelease)

		=== g++ tests ===


Running target unix

		=== g++ Summary ===

# of expected passes		7336
# of expected failures		89
# of untested testcases		9
# of unsupported tests		3
/home/eric/cvs/gcc-3_2-branch/obj/gcc/testsuite/../g++ version 3.2.1 20021114 (prerelease)

		=== objc tests ===


Running target unix

		=== objc Summary ===

# of expected passes		1035
# of expected failures		6
/home/eric/cvs/gcc-3_2-branch/obj/gcc/xgcc version 3.2.1 20021114 (prerelease)

		=== libstdc++-v3 tests ===


Running target unix
XPASS: 22_locale/ctype_is_wchar_t.cc execution test
FAIL: 26_numerics/c99_classification_macros_c.cc (test for excess errors)

		=== libstdc++-v3 Summary ===

# of expected passes		410
# of unexpected failures	1
# of unexpected successes	1
# of expected failures		25

Compiler version: 3.2.1 20021114 (prerelease) 
Platform: i586-redhat-linux-gnu
configure flags: --host=i586-redhat-linux-gnu --prefix=/usr/local --enable-languages=c,c++,objc,f77 --enable-checking=misc,tree --disable-nls



More information about the Gcc-testresults mailing list