Results for 3.3 20021113 (experimental) testsuite on i686-pc-linux-gnu

Theodore Papadopoulo Theodore.Papadopoulo@sophia.inria.fr
Thu Nov 14 14:04:00 GMT 2002


LAST_UPDATED: Tue Nov 12 13:26:30 UTC 2002

Native configuration is i686-pc-linux-gnu

		=== g++ tests ===


Running target unix
ERROR: g++.dg/abi/rtti1.C: error executing dg-final: couldn't execute "c++filt": too many levels of symbolic links
UNRESOLVED: g++.dg/abi/rtti1.C: error executing dg-final: couldn't execute "c++filt": too many levels of symbolic links
ERROR: g++.dg/opt/vtgc1.C: error executing dg-final: couldn't execute "c++filt": too many levels of symbolic links
UNRESOLVED: g++.dg/opt/vtgc1.C: error executing dg-final: couldn't execute "c++filt": too many levels of symbolic links
FAIL: g++.dg/warn/Wunused-2.C  (test for warnings, line 5)
XPASS: g++.other/init5.C  Execution test

		=== g++ Summary ===

# of expected passes		7809
# of unexpected failures	1
# of unexpected successes	1
# of expected failures		91
# of unresolved testcases	2
# of untested testcases		9
# of unsupported tests		3
/0/user/papadop/src/Compiles/gcc-linux/gcc/testsuite/../g++ version 3.3 20021113 (experimental)

		=== g77 tests ===


Running target unix

		=== g77 Summary ===

# of expected passes		1654
/0/user/papadop/src/Compiles/gcc-linux/gcc/testsuite/../g77 version 3.3 20021113 (experimental)

		=== gcc tests ===


Running target unix
FAIL: gcc.c-torture/execute/builtin-constant.c execution,  -O1 
FAIL: gcc.c-torture/execute/builtin-constant.c execution,  -O2 
FAIL: gcc.c-torture/execute/builtin-constant.c execution,  -O3 -fomit-frame-pointer 
FAIL: gcc.c-torture/execute/builtin-constant.c execution,  -O3 -g 
FAIL: gcc.c-torture/execute/builtin-constant.c execution,  -Os 
FAIL: gcc.dg/typespec-1.c unsigned long long int signed (test for errors, line 935)
FAIL: gcc.dg/typespec-1.c unsigned long long int unsigned (test for errors, line 936)
FAIL: gcc.dg/typespec-1.c unsigned long long int _Bool (test for errors, line 937)
FAIL: gcc.dg/typespec-1.c (test for excess errors)

		=== gcc Summary ===

# of expected passes		20534
# of unexpected failures	9
# of expected failures		63
# of unsupported tests		65
/0/user/papadop/src/Compiles/gcc-linux/gcc/xgcc version 3.3 20021113 (experimental)

		=== objc tests ===


Running target unix

		=== objc Summary ===

# of expected passes		1153
/0/user/papadop/src/Compiles/gcc-linux/gcc/xgcc version 3.3 20021113 (experimental)

		=== libjava tests ===


Running target unix
FAIL: PR1343 compilation from bytecode
FAIL: PR1343 -O compilation from bytecode
FAIL: pr7912 compilation from bytecode
FAIL: pr7912 -O compilation from bytecode
FAIL: noclass run
FAIL: ArrayStore execution - source compiled test
FAIL: ArrayStore execution - gij test
FAIL: ArrayStore execution - bytecode->native test
FAIL: ArrayStore -O execution - source compiled test
FAIL: ArrayStore execution - gij test
FAIL: ArrayStore -O execution - bytecode->native test
FAIL: ArrayStore2 execution - gij test
FAIL: ArrayStore2 execution - gij test
FAIL: Array_3 execution - gij test
FAIL: Array_3 execution - gij test
FAIL: Divide_1 execution - gij test
FAIL: Divide_1 execution - gij test
FAIL: FileHandleGcTest -O execution - source compiled test
FAIL: FileHandleGcTest execution - gij test
FAIL: FileHandleGcTest -O execution - bytecode->native test
FAIL: Final execution - gij test
FAIL: Final execution - gij test
FAIL: G19990302_02 execution - source compiled test
FAIL: G19990302_02 execution - gij test
FAIL: G19990302_02 execution - bytecode->native test
FAIL: G19990302_02 -O execution - source compiled test
FAIL: G19990302_02 execution - gij test
FAIL: G19990302_02 -O execution - bytecode->native test
FAIL: G19990303_01 execution - source compiled test
FAIL: G19990303_01 execution - gij test
FAIL: G19990303_01 execution - bytecode->native test
FAIL: G19990303_01 -O execution - source compiled test
FAIL: G19990303_01 execution - gij test
FAIL: G19990303_01 -O execution - bytecode->native test
FAIL: G19990303_02 execution - gij test
FAIL: G19990303_02 execution - gij test
FAIL: G19990304_01 execution - source compiled test
FAIL: G19990304_01 execution - gij test
FAIL: G19990304_01 execution - bytecode->native test
FAIL: G19990304_01 -O execution - source compiled test
FAIL: G19990304_01 execution - gij test
FAIL: G19990304_01 -O execution - bytecode->native test
FAIL: InterfaceDispatch execution - source compiled test
FAIL: InterfaceDispatch execution - gij test
FAIL: InterfaceDispatch execution - bytecode->native test
FAIL: InterfaceDispatch -O execution - source compiled test
FAIL: InterfaceDispatch execution - gij test
FAIL: InterfaceDispatch -O execution - bytecode->native test
FAIL: Invoke_1 execution - gij test
FAIL: Invoke_1 execution - gij test
FAIL: PR141 execution - source compiled test
FAIL: PR141 execution - gij test
FAIL: PR141 execution - bytecode->native test
FAIL: PR141 -O execution - source compiled test
FAIL: PR141 execution - gij test
FAIL: PR141 -O execution - bytecode->native test
FAIL: PR218 execution - gij test
FAIL: PR218 execution - gij test
FAIL: StringBuffer_1 execution - source compiled test
FAIL: StringBuffer_1 execution - gij test
FAIL: StringBuffer_1 execution - bytecode->native test
FAIL: StringBuffer_1 -O execution - source compiled test
FAIL: StringBuffer_1 execution - gij test
FAIL: StringBuffer_1 -O execution - bytecode->native test
FAIL: Thread_Alive execution - source compiled test
FAIL: Thread_Alive execution - gij test
FAIL: Thread_Alive execution - bytecode->native test
FAIL: Thread_Alive -O execution - source compiled test
FAIL: Thread_Alive execution - gij test
FAIL: Thread_Alive -O execution - bytecode->native test
FAIL: Thread_Interrupt execution - source compiled test
FAIL: Thread_Interrupt execution - gij test
FAIL: Thread_Interrupt execution - bytecode->native test
FAIL: Thread_Interrupt -O execution - source compiled test
FAIL: Thread_Interrupt execution - gij test
FAIL: Thread_Interrupt -O execution - bytecode->native test
FAIL: Thread_Wait_2 execution - source compiled test
FAIL: Thread_Wait_2 execution - gij test
FAIL: Thread_Wait_2 execution - bytecode->native test
FAIL: Thread_Wait_2 -O execution - source compiled test
FAIL: Thread_Wait_2 execution - gij test
FAIL: Thread_Wait_2 -O execution - bytecode->native test
FAIL: Thread_Wait_Interrupt execution - source compiled test
FAIL: Thread_Wait_Interrupt execution - gij test
FAIL: Thread_Wait_Interrupt execution - bytecode->native test
FAIL: Thread_Wait_Interrupt -O execution - source compiled test
FAIL: Thread_Wait_Interrupt execution - gij test
FAIL: Thread_Wait_Interrupt -O execution - bytecode->native test
FAIL: Throw_1 execution - gij test
FAIL: Throw_1 execution - gij test
FAIL: Throw_2 execution - source compiled test
FAIL: Throw_2 execution - gij test
FAIL: Throw_2 execution - bytecode->native test
FAIL: Throw_2 -O execution - source compiled test
FAIL: Throw_2 execution - gij test
FAIL: Throw_2 -O execution - bytecode->native test
FAIL: initexc execution - source compiled test
FAIL: initexc execution - gij test
FAIL: initexc compilation from bytecode
FAIL: initexc -O execution - source compiled test
FAIL: initexc execution - gij test
FAIL: initexc -O compilation from bytecode
FAIL: instinit2 execution - gij test
FAIL: instinit2 execution - gij test
FAIL: invokethrow execution - source compiled test
FAIL: invokethrow execution - gij test
FAIL: invokethrow execution - bytecode->native test
FAIL: invokethrow -O execution - source compiled test
FAIL: invokethrow execution - gij test
FAIL: invokethrow -O execution - bytecode->native test
FAIL: pr184 execution - gij test
FAIL: pr184 execution - gij test
FAIL: pr83 execution - gij test
FAIL: pr83 execution - gij test
FAIL: /0/user/papadop/src/Compiles/gcc-linux/i686-pc-linux-gnu/libjava/testsuite/TestEarlyGC.exe output - /0/user/papadop/src/Compiles/gcc-linux/i686-pc-linux-gnu/libjava/testsuite/TestEarlyGC.exe

		=== libjava Summary ===

# of expected passes		2619
# of unexpected failures	115
# of expected failures		12
# of untested testcases		120
		=== libstdc++-v3 tests ===


Running target unix
FAIL: 22_locale/codecvt_members_char_char.cc (test for excess errors)
WARNING: 22_locale/codecvt_members_char_char.cc compilation failed to produce executable
XPASS: 22_locale/collate_members_wchar_t.cc execution test
XPASS: 22_locale/ctype_is_wchar_t.cc execution test
FAIL: 22_locale/facet.cc (test for excess errors)
WARNING: 22_locale/facet.cc compilation failed to produce executable
FAIL: 22_locale/global_templates.cc (test for excess errors)
WARNING: 22_locale/global_templates.cc compilation failed to produce executable
XPASS: 22_locale/money_get_members_wchar_t.cc execution test
XPASS: 22_locale/money_put_members_wchar_t.cc execution test
XPASS: 22_locale/moneypunct_members_wchar_t.cc execution test
XPASS: 22_locale/num_get_members_wchar_t.cc execution test
XPASS: 22_locale/num_put_members_wchar_t.cc execution test
XPASS: 22_locale/numpunct_members_wchar_t.cc execution test
FAIL: 22_locale/operators.cc (test for excess errors)
WARNING: 22_locale/operators.cc compilation failed to produce executable
FAIL: 22_locale/static_members.cc (test for excess errors)
WARNING: 22_locale/static_members.cc compilation failed to produce executable
XPASS: 22_locale/time_get_members_wchar_t.cc execution test
XPASS: 22_locale/time_put_members_wchar_t.cc execution test
FAIL: 26_numerics/c99_classification_macros_c.cc (test for excess errors)

		=== libstdc++-v3 Summary ===

# of expected passes		407
# of unexpected failures	6
# of unexpected successes	10
# of expected failures		17

Compiler version: 3.3 20021113 (experimental) 
Platform: i686-pc-linux-gnu
configure flags: --host=i686-pc-linux-gnu --with-gnu-as --with-gnu-ld --with-as=/proj/odyssee/home/gnu/binutils/bin/as --with-ld=/proj/odyssee/home/gnu/binutils/bin/ld --prefix=/proj/odyssee/home/gnu/gcc --enable-runpath --enable-__cxa_atexit
Counting all warnings,
there are 34 warnings in stage3 of this bootstrap.

Number of warnings per file:
      7	gcc/unwind-dw2-fde.h
      3	op17505.c
      3	gcc/tlink.c
      3	c-p13918.c
      2	insn-conditions.c
      2	gengtype-yacc.c
      2	gcc/gcc.c
      2	gcc/f/sta.c
      1	gt-ada-utils.h
      1	gt-ada-decl.h
      1	gcc/loop.c
      1	gcc/java/lang.c
      1	gcc/java/jvspec.c
      1	gcc/function.c
      1	gcc/emit-rtl.c
      1	gcc/collect2.c
      1	gcc/ada/tracebak.c
      1	ada/b_gnatb.c

Number of warning types:
      8	traditional C rejects ISO C style function definitions
      7	unused parameter \`???'
      5	string length \`???' is greater than the length \`???' ISO C89 compilers are required to support
      5	comparison of unsigned expression < 0 is always false
      4	comparison between signed and unsigned
      2	dereferencing type-punned pointer will break strict-aliasing rules
      1	unused variable \`???'
      1	signed and unsigned type in conditional expression
      1	function declaration isn't a prototype



More information about the Gcc-testresults mailing list