Results for 3.3 20021112 (experimental) testsuite on hppa64-hp-hpux11.11

John David Anglin dave@hiauly3.hia.nrc.ca
Tue Nov 12 12:47:00 GMT 2002


LAST_UPDATED: Tue Nov 12 16:18:20 UTC 2002

Native configuration is hppa64-hp-hpux11.11

		=== g++ tests ===


Running target unix
FAIL: g++.dg/bprob/g++-bprob-1.C execution: file g++-bprob-1.da does not exist,  -g  -fprofile-arcs
UNRESOLVED: g++.dg/bprob/g++-bprob-1.C compilation,  -g  -fbranch-probabilities
UNRESOLVED: g++.dg/bprob/g++-bprob-1.C execution,    -g  -fbranch-probabilities
FAIL: g++.dg/bprob/g++-bprob-1.C execution: file g++-bprob-1.da does not exist,  -O0  -fprofile-arcs
UNRESOLVED: g++.dg/bprob/g++-bprob-1.C compilation,  -O0  -fbranch-probabilities
UNRESOLVED: g++.dg/bprob/g++-bprob-1.C execution,    -O0  -fbranch-probabilities
FAIL: g++.dg/bprob/g++-bprob-1.C execution: file g++-bprob-1.da does not exist,  -O1  -fprofile-arcs
UNRESOLVED: g++.dg/bprob/g++-bprob-1.C compilation,  -O1  -fbranch-probabilities
UNRESOLVED: g++.dg/bprob/g++-bprob-1.C execution,    -O1  -fbranch-probabilities
FAIL: g++.dg/bprob/g++-bprob-1.C execution: file g++-bprob-1.da does not exist,  -O2  -fprofile-arcs
UNRESOLVED: g++.dg/bprob/g++-bprob-1.C compilation,  -O2  -fbranch-probabilities
UNRESOLVED: g++.dg/bprob/g++-bprob-1.C execution,    -O2  -fbranch-probabilities
FAIL: g++.dg/bprob/g++-bprob-1.C execution: file g++-bprob-1.da does not exist,  -O3  -fprofile-arcs
UNRESOLVED: g++.dg/bprob/g++-bprob-1.C compilation,  -O3  -fbranch-probabilities
UNRESOLVED: g++.dg/bprob/g++-bprob-1.C execution,    -O3  -fbranch-probabilities
FAIL: g++.dg/bprob/g++-bprob-1.C execution: file g++-bprob-1.da does not exist,  -O3 -g  -fprofile-arcs
UNRESOLVED: g++.dg/bprob/g++-bprob-1.C compilation,  -O3 -g  -fbranch-probabilities
UNRESOLVED: g++.dg/bprob/g++-bprob-1.C execution,    -O3 -g  -fbranch-probabilities
FAIL: g++.dg/bprob/g++-bprob-1.C execution: file g++-bprob-1.da does not exist,  -Os  -fprofile-arcs
UNRESOLVED: g++.dg/bprob/g++-bprob-1.C compilation,  -Os  -fbranch-probabilities
UNRESOLVED: g++.dg/bprob/g++-bprob-1.C execution,    -Os  -fbranch-probabilities
FAIL: g++.dg/init/copy3.C execution test
FAIL: g++.dg/parse/stack1.C (test for excess errors)
FAIL: g++.dg/warn/Wunused-2.C  (test for warnings, line 5)
FAIL: 33:is #####:should be 1
FAIL: 39:is #####:should be 1
FAIL: 41:is #####:should be 1
FAIL: 55:is #####:should be 3
FAIL: 58:is #####:should be 9
FAIL: 59:is #####:should be 3
FAIL: 66:is #####:should be 6
FAIL: 73:is #####:should be 81
FAIL: 74:is #####:should be 6
FAIL: 100:is #####:should be 2
FAIL: 102:is #####:should be 1
FAIL: 103:is #####:should be 1
FAIL: 105:is #####:should be 1
FAIL: 113:is #####:should be 15
FAIL: 115:is #####:should be 14
FAIL: 116:is #####:should be 1
FAIL: 118:is #####:should be 1
FAIL: 141:is #####:should be 5
FAIL: 143:is #####:should be 3
FAIL: 145:is #####:should be 3
FAIL: 150:is #####:should be 2
FAIL: 152:is #####:should be 1
FAIL: 154:is #####:should be 1
FAIL: 156:is #####:should be 5
FAIL: 158:is #####:should be 1
FAIL: 160:is #####:should be 5
FAIL: 162:is #####:should be 1
FAIL: 164:is #####:should be 1
FAIL: 165:is #####:should be 5
FAIL: 173:is #####:should be 6
FAIL: 175:is #####:should be 1
FAIL: 177:is #####:should be 6
FAIL: 181:is #####:should be 6
FAIL: 183:is #####:should be 3
FAIL: 185:is #####:should be 6
FAIL: 187:is #####:should be 2
FAIL: 189:is #####:should be 4
FAIL: 192:is #####:should be 4
FAIL: 200:is #####:should be 11
FAIL: 202:is #####:should be 1
FAIL: 204:is #####:should be 11
FAIL: 206:is #####:should be 5
FAIL: 208:is #####:should be 2
FAIL: 210:is #####:should be 1
FAIL: 212:is #####:should be 11
FAIL: 214:is #####:should be 3
FAIL: 215:is #####:should be 11
FAIL: 254:is #####:should be 5
FAIL: 257:is #####:should be 5
FAIL: 261:is #####:should be 1
FAIL: 269:is #####:should be 3
FAIL: 271:is #####:should be 1
FAIL: 272:is #####:should be 2
FAIL: 275:is #####:should be 1
FAIL: 276:is #####:should be 1
FAIL: 279:is #####:should be 4
FAIL: 57: expected branch percentages not found: 25
FAIL: 68: expected branch percentages not found: 30
FAIL: 70: expected branch percentages not found: 32
FAIL: 72: expected branch percentages not found: 27
FAIL: 101: expected branch percentages not found: 50
FAIL: 114: expected branch percentages not found: 7
FAIL: 142: expected branch percentages not found: 40
FAIL: 144: expected branch percentages not found: 0
FAIL: 151: expected branch percentages not found: 50
FAIL: 157: expected branch percentages not found: 20
FAIL: 161: expected branch percentages not found: 20
FAIL: 163: expected branch percentages not found: 0
FAIL: 174: expected branch percentages not found: 17
FAIL: 178: expected branch percentages not found: 0
FAIL: 182: expected branch percentages not found: 50
FAIL: 186: expected branch percentages not found: 33
FAIL: 190: expected branch percentages not found: 0
FAIL: 201: expected branch percentages not found: 27 50 25
FAIL: 205: expected branch percentages not found: 45
FAIL: 207: expected branch percentages not found: 40
FAIL: 209: expected branch percentages not found: 50
FAIL: 213: expected branch percentages not found: 9 10 11
FAIL: 258: expected branch percentages not found: 20 25
FAIL: 270: expected branch percentages not found: 33
FAIL: g++.dg/gcov/gcov-1.C gcov: 56 failures in line counts, 24 in branch percentages, 0 in return percentages
FAIL: 10:is #####:should be 1
FAIL: 15:is #####:should be 1
FAIL: 23:is #####:should be 1
FAIL: 24:is #####:should be 1
FAIL: 29:is #####:should be 1
FAIL: g++.dg/gcov/gcov-2.C gcov: 5 failures in line counts, 0 in branch percentages, 0 in return percentages
FAIL: 14:is #####:should be 1
FAIL: g++.dg/gcov/gcov-3.C gcov: 1 failures in line counts, 0 in branch percentages, 0 in return percentages
FAIL: g++.dg/special/conpr-1.C execution test
FAIL: g++.dg/special/conpr-2.C execution test
FAIL: g++.dg/special/conpr-3.C execution test
FAIL: g++.dg/special/conpr-3.C execution test
FAIL: g++.dg/special/initp1.C execution test
FAIL: g++.abi/cxa_vec.C  Execution test
FAIL: g++.benjamin/15071.C  Execution test
FAIL: g++.brendan/copy9.C  Execution test
FAIL: g++.brendan/ctors1.C  Execution test
FAIL: g++.brendan/ctors2.C  Execution test
FAIL: g++.brendan/new3.C  Execution test
FAIL: g++.brendan/ptolemy2.C  Execution test
FAIL: g++.jason/2371.C  Execution test
FAIL: g++.jason/const3.C  Execution test
FAIL: g++.jason/init2.C  Execution test
FAIL: g++.jason/init3.C  Execution test
FAIL: g++.jason/new4.C  Execution test
FAIL: g++.jason/return3.C  Execution test
FAIL: g++.jason/template11.C  Execution test
FAIL: g++.jason/template24.C  Execution test
FAIL: g++.jason/typeid1.C  Execution test
FAIL: g++.law/arg8.C  Execution test
FAIL: g++.law/array1.C  Execution test
FAIL: g++.law/ctors2.C  Execution test
FAIL: g++.law/ctors8.C  Execution test
FAIL: g++.law/global-init1.C  Execution test
FAIL: g++.law/init11.C  Execution test
FAIL: g++.law/init14.C  Execution test
FAIL: g++.law/profile1.C (test for excess errors)
FAIL: g++.law/virtual3.C  Execution test
FAIL: g++.mike/dyncast2.C  Execution test
FAIL: g++.mike/dyncast3.C  Execution test
FAIL: g++.mike/dyncast9.C  Execution test
FAIL: g++.mike/eh2.C  Execution test
XPASS: g++.mike/eh33.C (test for excess errors)
XPASS: g++.mike/eh33.C  Execution test
FAIL: g++.mike/eh36.C  Execution test
FAIL: g++.mike/eh37.C  Execution test
FAIL: g++.mike/eh38.C  Execution test
XPASS: g++.mike/eh50.C (test for excess errors)
XPASS: g++.mike/eh50.C  Execution test
FAIL: g++.mike/leak1.C  Execution test
FAIL: g++.mike/misc13.C  Execution test
FAIL: g++.mike/net17.C  Execution test
FAIL: g++.mike/net26.C  Execution test
FAIL: g++.mike/net34.C  Execution test
FAIL: g++.mike/net46.C  Execution test
FAIL: g++.mike/offset1.C  Execution test
FAIL: g++.mike/p10849a.C  Execution test
FAIL: g++.mike/p2394.C  Execution test
FAIL: g++.mike/p4736a.C  Execution test
FAIL: g++.mike/p6927.C  Execution test
FAIL: g++.mike/p789.C  Execution test
FAIL: g++.mike/pmf2.C  Execution test
FAIL: g++.mike/pmf8.C  Execution test
FAIL: g++.mike/ref1.C  Execution test
FAIL: g++.mike/temp.C  Execution test
FAIL: g++.mike/virt2.C  Execution test
FAIL: g++.other/init1.C  Execution test
FAIL: g++.other/init11.C  Execution test
FAIL: g++.other/init16.C  Execution test
XPASS: g++.other/init5.C  Execution test
FAIL: g++.other/inline7.C  Execution test
FAIL: g++.other/inline8.C  Execution test
FAIL: g++.other/rtti3.C  Execution test
FAIL: g++.other/rtti4.C  Execution test
FAIL: g++.other/rttid2.C  Execution test
FAIL: g++.other/rttid3.C  Execution test
FAIL: g++.other/rttid4.C  Execution test
FAIL: g++.other/sibcall1.C  Execution test
FAIL: g++.other/unchanging1.C  Execution test
FAIL: g++.other/virtual9.C  Execution test
FAIL: g++.pt/instantiate12.C  Execution test
FAIL: g++.pt/static11.C  Execution test
XPASS: g++.pt/static3.C (test for excess errors)
XPASS: g++.pt/static3.C  Execution test
XPASS: g++.pt/static6.C (test for excess errors)
FAIL: g++.pt/static8.C  Execution test
FAIL: g++.pt/t39.C  Execution test
FAIL: g++.pt/virtual4.C  Execution test
FAIL: g++.robertl/eb115.C  Execution test
FAIL: g++.robertl/eb118.C  Execution test
FAIL: g++.robertl/eb27.C  Execution test
FAIL: g++.robertl/eb41.C  Execution test
FAIL: g++.robertl/eb46.C  Execution test
FAIL: g++.robertl/eb54.C  Execution test
FAIL: g++.robertl/eb77.C  Execution test
FAIL: g++.robertl/eh990323-2.C  Execution test

		=== g++ Summary ===

# of expected passes		7444
# of unexpected failures	179
# of unexpected successes	8
# of expected failures		92
# of unresolved testcases	14
# of untested testcases		23
# of unsupported tests		16
/xxx/gnu/gcc-3.3/objdir/gcc/testsuite/../g++ version 3.3 20021112 (experimental)

		=== g77 tests ===


Running target unix
FAIL: g77.dg/bprob/g77-bprob-1.f execution: file g77-bprob-1.da does not exist,  -g  -fprofile-arcs
UNRESOLVED: g77.dg/bprob/g77-bprob-1.f compilation,  -g  -fbranch-probabilities
UNRESOLVED: g77.dg/bprob/g77-bprob-1.f execution,    -g  -fbranch-probabilities
FAIL: g77.dg/bprob/g77-bprob-1.f execution: file g77-bprob-1.da does not exist,  -O0  -fprofile-arcs
UNRESOLVED: g77.dg/bprob/g77-bprob-1.f compilation,  -O0  -fbranch-probabilities
UNRESOLVED: g77.dg/bprob/g77-bprob-1.f execution,    -O0  -fbranch-probabilities
FAIL: g77.dg/bprob/g77-bprob-1.f execution: file g77-bprob-1.da does not exist,  -O1  -fprofile-arcs
UNRESOLVED: g77.dg/bprob/g77-bprob-1.f compilation,  -O1  -fbranch-probabilities
UNRESOLVED: g77.dg/bprob/g77-bprob-1.f execution,    -O1  -fbranch-probabilities
FAIL: g77.dg/bprob/g77-bprob-1.f execution: file g77-bprob-1.da does not exist,  -O2  -fprofile-arcs
UNRESOLVED: g77.dg/bprob/g77-bprob-1.f compilation,  -O2  -fbranch-probabilities
UNRESOLVED: g77.dg/bprob/g77-bprob-1.f execution,    -O2  -fbranch-probabilities
FAIL: g77.dg/bprob/g77-bprob-1.f execution: file g77-bprob-1.da does not exist,  -O3  -fprofile-arcs
UNRESOLVED: g77.dg/bprob/g77-bprob-1.f compilation,  -O3  -fbranch-probabilities
UNRESOLVED: g77.dg/bprob/g77-bprob-1.f execution,    -O3  -fbranch-probabilities
FAIL: g77.dg/bprob/g77-bprob-1.f execution: file g77-bprob-1.da does not exist,  -O3 -g  -fprofile-arcs
UNRESOLVED: g77.dg/bprob/g77-bprob-1.f compilation,  -O3 -g  -fbranch-probabilities
UNRESOLVED: g77.dg/bprob/g77-bprob-1.f execution,    -O3 -g  -fbranch-probabilities
FAIL: g77.dg/bprob/g77-bprob-1.f execution: file g77-bprob-1.da does not exist,  -Os  -fprofile-arcs
UNRESOLVED: g77.dg/bprob/g77-bprob-1.f compilation,  -Os  -fbranch-probabilities
UNRESOLVED: g77.dg/bprob/g77-bprob-1.f execution,    -Os  -fbranch-probabilities
FAIL: 16:is #####:should be 1
FAIL: 18:is #####:should be 1
FAIL: 20:is #####:should be 1
FAIL: 32:is #####:should be 18
FAIL: 41:is #####:should be 1
FAIL: 42:is #####:should be 1
FAIL: 44:is #####:should be 1
FAIL: 46:is #####:should be 1
FAIL: 49:is #####:should be 1
FAIL: 55:is #####:should be 1
FAIL: 57:is #####:should be 1
FAIL: 59:is #####:should be 1
FAIL: 62:is #####:should be 1
FAIL: 68:is #####:should be 1
FAIL: 70:is #####:should be 1
FAIL: 72:is #####:should be 1
FAIL: 75:is #####:should be 1
FAIL: 82:is #####:should be 1
FAIL: 84:is #####:should be 1
FAIL: 86:is #####:should be 1
FAIL: 88:is #####:should be 1
FAIL: 91:is #####:should be 1
FAIL: 97:is #####:should be 1
FAIL: 99:is #####:should be 1
FAIL: 101:is #####:should be 1
FAIL: 103:is #####:should be 1
FAIL: 106:is #####:should be 1
FAIL: 118:is #####:should be 2
FAIL: 120:is #####:should be 1
FAIL: 122:is #####:should be 1
FAIL: 124:is #####:should be 1
FAIL: 125:is #####:should be 2
FAIL: 136:is #####:should be 19
FAIL: 138:is #####:should be 1
FAIL: 140:is #####:should be 1
FAIL: 142:is #####:should be 1
FAIL: 143:is #####:should be 2
FAIL: 150:is #####:should be 2
FAIL: 151:is #####:should be 1
FAIL: 153:is #####:should be 1
FAIL: 159:is #####:should be 1
FAIL: 161:is #####:should be 1
FAIL: 165:is #####:should be 2
FAIL: 173:is #####:should be 3
FAIL: 174:is #####:should be 3
FAIL: 175:is #####:should be 3
FAIL: 176:is #####:should be 3
FAIL: 177:is #####:should be 1
FAIL: 178:is #####:should be 1
FAIL: 179:is #####:should be 1
FAIL: 180:is #####:should be 1
FAIL: 181:is #####:should be 1
FAIL: 182:is #####:should be 3
FAIL: 189:is #####:should be 3
FAIL: 191:is #####:should be 3
FAIL: 193:is #####:should be 1
FAIL: 194:is #####:should be 1
FAIL: 195:is #####:should be 1
FAIL: 196:is #####:should be 1
FAIL: 197:is #####:should be 1
FAIL: 198:is #####:should be 3
FAIL: 207:is #####:should be 1
FAIL: 208:is #####:should be 1
FAIL: 210:is #####:should be 1
FAIL: 212:is #####:should be 1
FAIL: 214:is #####:should be 1
FAIL: 216:is #####:should be 1
FAIL: 221:is #####:should be 1
FAIL: 223:is #####:should be 1
FAIL: 225:is #####:should be 1
FAIL: 227:is #####:should be 1
FAIL: 229:is #####:should be 1
FAIL: 231:is #####:should be 1
FAIL: 233:is #####:should be 1
FAIL: 235:is #####:should be 1
FAIL: 246:is #####:should be 3
FAIL: 250:is #####:should be 9
FAIL: 259:is #####:should be 6
FAIL: 267:is #####:should be 81
FAIL: 279:is #####:should be 1
FAIL: 280:is #####:should be 1
FAIL: 282:is #####:should be 1
FAIL: 283:is #####:should be 1
FAIL: 284:is #####:should be 1
FAIL: 285:is #####:should be 1
FAIL: 286:is #####:should be 1
FAIL: 287:is #####:should be 1
FAIL: 293:is #####:should be 1
FAIL: 294:is #####:should be 1
FAIL: 295:is #####:should be 1
FAIL: 296:is #####:should be 1
FAIL: 297:is #####:should be 1
FAIL: 298:is #####:should be 1
FAIL: 299:is #####:should be 1
FAIL: 305:is #####:should be 1
FAIL: 306:is #####:should be 1
FAIL: 307:is #####:should be 1
FAIL: 308:is #####:should be 1
FAIL: 309:is #####:should be 1
FAIL: 310:is #####:should be 1
FAIL: 311:is #####:should be 1
FAIL: 312:is #####:should be 1
FAIL: 313:is #####:should be 1
FAIL: 314:is #####:should be 1
FAIL: 315:is #####:should be 1
FAIL: 316:is #####:should be 1
FAIL: 328:is #####:should be 5
FAIL: 330:is #####:should be 5
FAIL: 332:is #####:should be 3
FAIL: 334:is #####:should be 3
FAIL: 340:is #####:should be 2
FAIL: 342:is #####:should be 1
FAIL: 344:is #####:should be 1
FAIL: 348:is #####:should be 5
FAIL: 353:is #####:should be 5
FAIL: 355:is #####:should be 1
FAIL: 357:is #####:should be 1
FAIL: 367:is #####:should be 6
FAIL: 370:is #####:should be 6
FAIL: 372:is #####:should be 1
FAIL: 375:is #####:should be 6
FAIL: 380:is #####:should be 6
FAIL: 382:is #####:should be 3
FAIL: 385:is #####:should be 6
FAIL: 387:is #####:should be 2
FAIL: 390:is #####:should be 6
FAIL: 403:is #####:should be 11
FAIL: 405:is #####:should be 11
FAIL: 407:is #####:should be 1
FAIL: 410:is #####:should be 11
FAIL: 412:is #####:should be 5
FAIL: 414:is #####:should be 2
FAIL: 416:is #####:should be 1
FAIL: 421:is #####:should be 11
FAIL: 423:is #####:should be 3
FAIL: 50: expected branch percentages not found: 0
FAIL: 63: expected branch percentages not found: 0
FAIL: 76: expected branch percentages not found: 0
FAIL: 92: expected branch percentages not found: 0
FAIL: 107: expected branch percentages not found: 0
FAIL: 119: expected branch percentages not found: 50
FAIL: 123: expected branch percentages not found: 0
FAIL: 135: expected branch percentages not found: 5
FAIL: 141: expected branch percentages not found: 0
FAIL: 154: expected branch percentages not found: 0
FAIL: 162: expected branch percentages not found: 0
FAIL: 192: expected branch percentages not found: 33 50
FAIL: 249: expected branch percentages not found: 25
FAIL: 262: expected branch percentages not found: 40
FAIL: 264: expected branch percentages not found: 23
FAIL: 266: expected branch percentages not found: 27
FAIL: 331: expected branch percentages not found: 40
FAIL: 333: expected branch percentages not found: 0
FAIL: 341: expected branch percentages not found: 50
FAIL: 349: expected branch percentages not found: 20
FAIL: 354: expected branch percentages not found: 20
FAIL: 356: expected branch percentages not found: 0
FAIL: 371: expected branch percentages not found: 17
FAIL: 376: expected branch percentages not found: 0
FAIL: 381: expected branch percentages not found: 50
FAIL: 386: expected branch percentages not found: 33
FAIL: 391: expected branch percentages not found: 0
FAIL: 406: expected branch percentages not found: 27 50 25
FAIL: 411: expected branch percentages not found: 45
FAIL: 413: expected branch percentages not found: 40
FAIL: 415: expected branch percentages not found: 50
FAIL: 422: expected branch percentages not found: 9 10 11
FAIL: 17: expected return percentages not found: 100
FAIL: 19: expected return percentages not found: 100
FAIL: 21: expected return percentages not found: 100
FAIL: 45: expected return percentages not found: 100
FAIL: 47: expected return percentages not found: 100
FAIL: 58: expected return percentages not found: 100
FAIL: 60: expected return percentages not found: 100
FAIL: 71: expected return percentages not found: 100
FAIL: 73: expected return percentages not found: 100
FAIL: 85: expected return percentages not found: 100
FAIL: 87: expected return percentages not found: 100
FAIL: 89: expected return percentages not found: 100
FAIL: 100: expected return percentages not found: 100
FAIL: 102: expected return percentages not found: 100
FAIL: 104: expected return percentages not found: 100
FAIL: 211: expected return percentages not found: 100
FAIL: 213: expected return percentages not found: 100
FAIL: 215: expected return percentages not found: 100
FAIL: 224: expected return percentages not found: 100
FAIL: 226: expected return percentages not found: 100
FAIL: 228: expected return percentages not found: 100
FAIL: 230: expected return percentages not found: 100
FAIL: 232: expected return percentages not found: 100
FAIL: 234: expected return percentages not found: 100
FAIL: g77.dg/gcov/gcov-1.f gcov: 135 failures in line counts, 32 in branch percentages, 24 in return percentages
FAIL: g77.f-torture/execute/970625-2.f compilation,  -O1 

		=== g77 Summary ===

# of expected passes		1614
# of unexpected failures	200
# of unresolved testcases	14
# of untested testcases		1
# of unsupported tests		8
/xxx/gnu/gcc-3.3/objdir/gcc/testsuite/../g77 version 3.3 20021112 (experimental)

		=== gcc tests ===


Running target unix
FAIL: gcc.c-torture/execute/builtin-constant.c execution,  -O1 
FAIL: gcc.c-torture/execute/builtin-constant.c execution,  -O2 
FAIL: gcc.c-torture/execute/builtin-constant.c execution,  -O3 -fomit-frame-pointer 
FAIL: gcc.c-torture/execute/builtin-constant.c execution,  -O3 -g 
FAIL: gcc.c-torture/execute/builtin-constant.c execution,  -Os 
FAIL: gcc.dg/20021014-1.c (test for excess errors)
WARNING: gcc.dg/20021014-1.c compilation failed to produce executable
FAIL: gcc.dg/20021110.c (test for excess errors)
FAIL: gcc.dg/inline-1.c scan-assembler-not xyzzy
FAIL: gcc.dg/nest.c (test for excess errors)
WARNING: gcc.dg/nest.c compilation failed to produce executable
FAIL: gcc.dg/sibcall-1.c execution test
FAIL: gcc.dg/sibcall-2.c execution test
FAIL: gcc.dg/sibcall-3.c execution test
FAIL: gcc.dg/sibcall-4.c execution test
FAIL: gcc.dg/special/gcsec-1.c (test for excess errors)
WARNING: gcc.dg/special/gcsec-1.c compilation failed to produce executable
FAIL: gcc.misc-tests/bprob-1.c execution: file bprob-1.da does not exist,  -g  -fprofile-arcs
UNRESOLVED: gcc.misc-tests/bprob-1.c compilation,  -g  -fbranch-probabilities
UNRESOLVED: gcc.misc-tests/bprob-1.c execution,    -g  -fbranch-probabilities
FAIL: gcc.misc-tests/bprob-1.c execution: file bprob-1.da does not exist,  -O0  -fprofile-arcs
UNRESOLVED: gcc.misc-tests/bprob-1.c compilation,  -O0  -fbranch-probabilities
UNRESOLVED: gcc.misc-tests/bprob-1.c execution,    -O0  -fbranch-probabilities
FAIL: gcc.misc-tests/bprob-1.c execution: file bprob-1.da does not exist,  -O1  -fprofile-arcs
UNRESOLVED: gcc.misc-tests/bprob-1.c compilation,  -O1  -fbranch-probabilities
UNRESOLVED: gcc.misc-tests/bprob-1.c execution,    -O1  -fbranch-probabilities
FAIL: gcc.misc-tests/bprob-1.c execution: file bprob-1.da does not exist,  -O2 -DPERFTIME  -fprofile-arcs
UNRESOLVED: gcc.misc-tests/bprob-1.c compilation,  -O2 -DPERFTIME  -fbranch-probabilities
UNRESOLVED: gcc.misc-tests/bprob-1.c execution,    -O2 -DPERFTIME  -fbranch-probabilities
FAIL: gcc.misc-tests/bprob-1.c execution: file bprob-1.da does not exist,  -O3 -DPERFTIME  -fprofile-arcs
UNRESOLVED: gcc.misc-tests/bprob-1.c compilation,  -O3 -DPERFTIME  -fbranch-probabilities
UNRESOLVED: gcc.misc-tests/bprob-1.c execution,    -O3 -DPERFTIME  -fbranch-probabilities
FAIL: gcc.misc-tests/bprob-1.c execution: file bprob-1.da does not exist,  -O3 -g -DPERFTIME  -fprofile-arcs
UNRESOLVED: gcc.misc-tests/bprob-1.c compilation,  -O3 -g -DPERFTIME  -fbranch-probabilities
UNRESOLVED: gcc.misc-tests/bprob-1.c execution,    -O3 -g -DPERFTIME  -fbranch-probabilities
FAIL: gcc.misc-tests/bprob-1.c execution: file bprob-1.da does not exist,  -Os  -fprofile-arcs
UNRESOLVED: gcc.misc-tests/bprob-1.c compilation,  -Os  -fbranch-probabilities
UNRESOLVED: gcc.misc-tests/bprob-1.c execution,    -Os  -fbranch-probabilities
FAIL: gcc.misc-tests/bprob-2.c execution: file bprob-2.da does not exist,  -g  -fprofile-arcs
UNRESOLVED: gcc.misc-tests/bprob-2.c compilation,  -g  -fbranch-probabilities
UNRESOLVED: gcc.misc-tests/bprob-2.c execution,    -g  -fbranch-probabilities
FAIL: gcc.misc-tests/bprob-2.c execution: file bprob-2.da does not exist,  -O0  -fprofile-arcs
UNRESOLVED: gcc.misc-tests/bprob-2.c compilation,  -O0  -fbranch-probabilities
UNRESOLVED: gcc.misc-tests/bprob-2.c execution,    -O0  -fbranch-probabilities
FAIL: gcc.misc-tests/bprob-2.c execution: file bprob-2.da does not exist,  -O1  -fprofile-arcs
UNRESOLVED: gcc.misc-tests/bprob-2.c compilation,  -O1  -fbranch-probabilities
UNRESOLVED: gcc.misc-tests/bprob-2.c execution,    -O1  -fbranch-probabilities
FAIL: gcc.misc-tests/bprob-2.c execution: file bprob-2.da does not exist,  -O2 -DPERFTIME  -fprofile-arcs
UNRESOLVED: gcc.misc-tests/bprob-2.c compilation,  -O2 -DPERFTIME  -fbranch-probabilities
UNRESOLVED: gcc.misc-tests/bprob-2.c execution,    -O2 -DPERFTIME  -fbranch-probabilities
FAIL: gcc.misc-tests/bprob-2.c execution: file bprob-2.da does not exist,  -O3 -DPERFTIME  -fprofile-arcs
UNRESOLVED: gcc.misc-tests/bprob-2.c compilation,  -O3 -DPERFTIME  -fbranch-probabilities
UNRESOLVED: gcc.misc-tests/bprob-2.c execution,    -O3 -DPERFTIME  -fbranch-probabilities
FAIL: gcc.misc-tests/bprob-2.c execution: file bprob-2.da does not exist,  -O3 -g -DPERFTIME  -fprofile-arcs
UNRESOLVED: gcc.misc-tests/bprob-2.c compilation,  -O3 -g -DPERFTIME  -fbranch-probabilities
UNRESOLVED: gcc.misc-tests/bprob-2.c execution,    -O3 -g -DPERFTIME  -fbranch-probabilities
FAIL: gcc.misc-tests/bprob-2.c execution: file bprob-2.da does not exist,  -Os  -fprofile-arcs
UNRESOLVED: gcc.misc-tests/bprob-2.c compilation,  -Os  -fbranch-probabilities
UNRESOLVED: gcc.misc-tests/bprob-2.c execution,    -Os  -fbranch-probabilities
FAIL: 14:is #####:should be 11
FAIL: 15:is #####:should be 10
FAIL: 17:is #####:should be 1
FAIL: gcc.misc-tests/gcov-1.c gcov: 3 failures in line counts, 0 in branch percentages, 0 in return percentages
FAIL: 14:is #####:should be 11
FAIL: 15:is #####:should be 10
FAIL: 17:is #####:should be 1
FAIL: gcc.misc-tests/gcov-2.c gcov: 3 failures in line counts, 0 in branch percentages, 0 in return percentages
FAIL: 37:is #####:should be 1
FAIL: 42:is #####:should be 1
FAIL: gcc.misc-tests/gcov-3.c gcov: 2 failures in line counts, 0 in branch percentages, 0 in return percentages
FAIL: 31:is #####:should be 1
FAIL: 37:is #####:should be 1
FAIL: 39:is #####:should be 1
FAIL: 53:is #####:should be 3
FAIL: 55:is #####:should be 9
FAIL: 56:is #####:should be 3
FAIL: 63:is #####:should be 6
FAIL: 67:is #####:should be 81
FAIL: 68:is #####:should be 6
FAIL: 93:is #####:should be 2
FAIL: 94:is #####:should be 1
FAIL: 95:is #####:should be 1
FAIL: 97:is #####:should be 1
FAIL: 104:is #####:should be 15
FAIL: 105:is #####:should be 14
FAIL: 106:is #####:should be 1
FAIL: 108:is #####:should be 1
FAIL: 130:is #####:should be 5
FAIL: 131:is #####:should be 3
FAIL: 132:is #####:should be 3
FAIL: 136:is #####:should be 2
FAIL: 137:is #####:should be 1
FAIL: 139:is #####:should be 1
FAIL: 140:is #####:should be 5
FAIL: 141:is #####:should be 1
FAIL: 142:is #####:should be 5
FAIL: 143:is #####:should be 1
FAIL: 144:is #####:should be 1
FAIL: 145:is #####:should be 5
FAIL: 152:is #####:should be 6
FAIL: 153:is #####:should be 1
FAIL: 154:is #####:should be 6
FAIL: 156:is #####:should be 6
FAIL: 157:is #####:should be 3
FAIL: 158:is #####:should be 6
FAIL: 159:is #####:should be 2
FAIL: 160:is #####:should be 4
FAIL: 162:is #####:should be 4
FAIL: 169:is #####:should be 11
FAIL: 170:is #####:should be 1
FAIL: 171:is #####:should be 11
FAIL: 172:is #####:should be 5
FAIL: 173:is #####:should be 2
FAIL: 174:is #####:should be 1
FAIL: 175:is #####:should be 11
FAIL: 176:is #####:should be 3
FAIL: 177:is #####:should be 11
FAIL: 216:is #####:should be 5
FAIL: 218:is #####:should be 5
FAIL: 221:is #####:should be 1
FAIL: 228:is #####:should be 3
FAIL: 229:is #####:should be 1
FAIL: 230:is #####:should be 2
FAIL: 233:is #####:should be 1
FAIL: 234:is #####:should be 1
FAIL: 237:is #####:should be 4
FAIL: gcc.misc-tests/gcov-4.c gcov: 56 failures in line counts, 0 in branch percentages, 0 in return percentages
FAIL: 24: expected branch percentages not found: 25
FAIL: 35: expected branch percentages not found: 30
FAIL: 37: expected branch percentages not found: 32
FAIL: 39: expected branch percentages not found: 27
FAIL: 67: expected branch percentages not found: 50
FAIL: 79: expected branch percentages not found: 7
FAIL: 106: expected branch percentages not found: 40
FAIL: 108: expected branch percentages not found: 0
FAIL: 114: expected branch percentages not found: 50
FAIL: 119: expected branch percentages not found: 20
FAIL: 122: expected branch percentages not found: 20
FAIL: 132: expected branch percentages not found: 0
FAIL: 133: expected branch percentages not found: 17
FAIL: 136: expected branch percentages not found: 0
FAIL: 139: expected branch percentages not found: 50
FAIL: 142: expected branch percentages not found: 33
FAIL: 145: expected branch percentages not found: 0
FAIL: 155: expected branch percentages not found: 27 50 25
FAIL: 158: expected branch percentages not found: 45
FAIL: 160: expected branch percentages not found: 40
FAIL: 162: expected branch percentages not found: 50
FAIL: 165: expected branch percentages not found: 9 10 11
FAIL: 209: expected branch percentages not found: 20 25
FAIL: 220: expected branch percentages not found: 33
FAIL: gcc.misc-tests/gcov-4b.c gcov: 0 failures in line counts, 24 in branch percentages, 0 in return percentages
FAIL: 15:is #####:should be 5
FAIL: 18:is #####:should be 1
FAIL: 20:is #####:should be 4
FAIL: 29:is #####:should be 1
FAIL: 33:is #####:should be 4
FAIL: 16: expected branch percentages not found: 20
FAIL: 19: expected return percentages not found: 0
FAIL: 30: expected return percentages not found: 100
FAIL: 34: expected return percentages not found: 75
FAIL: gcc.misc-tests/gcov-6.c gcov: 5 failures in line counts, 1 in branch percentages, 3 in return percentages
FAIL: 17:is #####:should be 3
FAIL: 21:is #####:should be 1
FAIL: 25:is #####:should be 2
FAIL: 30:is #####:should be 3
FAIL: 34:is #####:should be 1
FAIL: 38:is #####:should be 2
FAIL: 40:is #####:should be 1
FAIL: 43:is #####:should be 1
FAIL: 75:is #####:should be 2
FAIL: 78:is #####:should be 3
FAIL: 80:is #####:should be 1
FAIL: 20: expected branch percentages not found: 33
FAIL: 33: expected branch percentages not found: 33
FAIL: 74: expected branch percentages not found: 33
FAIL: 39: expected return percentages not found: 50
FAIL: 41: expected return percentages not found: 100
FAIL: 79: expected return percentages not found: 33
FAIL: 81: expected return percentages not found: 0
FAIL: gcc.misc-tests/gcov-7.c gcov: 11 failures in line counts, 3 in branch percentages, 4 in return percentages
FAIL: 20: expected branch percentages not found: 1
FAIL: 28: expected branch percentages not found: 0
FAIL: 30: expected branch percentages not found: 1
FAIL: 47: expected branch percentages not found: 0
FAIL: gcc.misc-tests/gcov-8.c gcov: 0 failures in line counts, 4 in branch percentages, 0 in return percentages

		=== gcc Summary ===

# of expected passes		19898
# of unexpected failures	155
# of expected failures		68
# of unresolved testcases	28
# of unsupported tests		147
/xxx/gnu/gcc-3.3/objdir/gcc/xgcc version 3.3 20021112 (experimental)

		=== objc tests ===


Running target unix
FAIL: objc/execute/IMP.m execution,  -O0 
FAIL: objc/execute/IMP.m execution,  -O1 
FAIL: objc/execute/IMP.m execution,  -O2 
FAIL: objc/execute/IMP.m execution,  -O3 -fomit-frame-pointer 
FAIL: objc/execute/IMP.m execution,  -O3 -g 
FAIL: objc/execute/IMP.m execution,  -Os 
FAIL: objc/execute/_cmd.m execution,  -O0 
FAIL: objc/execute/_cmd.m execution,  -O1 
FAIL: objc/execute/_cmd.m execution,  -O2 
FAIL: objc/execute/_cmd.m execution,  -O3 -fomit-frame-pointer 
FAIL: objc/execute/_cmd.m execution,  -O3 -g 
FAIL: objc/execute/_cmd.m execution,  -Os 
FAIL: objc/execute/accessing_ivars.m execution,  -O0 
FAIL: objc/execute/accessing_ivars.m execution,  -O1 
FAIL: objc/execute/accessing_ivars.m execution,  -O2 
FAIL: objc/execute/accessing_ivars.m execution,  -O3 -fomit-frame-pointer 
FAIL: objc/execute/accessing_ivars.m execution,  -O3 -g 
FAIL: objc/execute/accessing_ivars.m execution,  -Os 
FAIL: objc/execute/bf-1.m execution,  -O0 
FAIL: objc/execute/bf-1.m execution,  -O1 
FAIL: objc/execute/bf-1.m execution,  -O2 
FAIL: objc/execute/bf-1.m execution,  -O3 -fomit-frame-pointer 
FAIL: objc/execute/bf-1.m execution,  -O3 -g 
FAIL: objc/execute/bf-1.m execution,  -Os 
FAIL: objc/execute/bf-10.m execution,  -O0 
FAIL: objc/execute/bf-10.m execution,  -O1 
FAIL: objc/execute/bf-10.m execution,  -O2 
FAIL: objc/execute/bf-10.m execution,  -O3 -fomit-frame-pointer 
FAIL: objc/execute/bf-10.m execution,  -O3 -g 
FAIL: objc/execute/bf-10.m execution,  -Os 
FAIL: objc/execute/bf-11.m execution,  -O0 
FAIL: objc/execute/bf-11.m execution,  -O1 
FAIL: objc/execute/bf-11.m execution,  -O2 
FAIL: objc/execute/bf-11.m execution,  -O3 -fomit-frame-pointer 
FAIL: objc/execute/bf-11.m execution,  -O3 -g 
FAIL: objc/execute/bf-11.m execution,  -Os 
FAIL: objc/execute/bf-12.m execution,  -O0 
FAIL: objc/execute/bf-12.m execution,  -O1 
FAIL: objc/execute/bf-12.m execution,  -O2 
FAIL: objc/execute/bf-12.m execution,  -O3 -fomit-frame-pointer 
FAIL: objc/execute/bf-12.m execution,  -O3 -g 
FAIL: objc/execute/bf-12.m execution,  -Os 
FAIL: objc/execute/bf-13.m execution,  -O0 
FAIL: objc/execute/bf-13.m execution,  -O1 
FAIL: objc/execute/bf-13.m execution,  -O2 
FAIL: objc/execute/bf-13.m execution,  -O3 -fomit-frame-pointer 
FAIL: objc/execute/bf-13.m execution,  -O3 -g 
FAIL: objc/execute/bf-13.m execution,  -Os 
FAIL: objc/execute/bf-14.m execution,  -O0 
FAIL: objc/execute/bf-14.m execution,  -O1 
FAIL: objc/execute/bf-14.m execution,  -O2 
FAIL: objc/execute/bf-14.m execution,  -O3 -fomit-frame-pointer 
FAIL: objc/execute/bf-14.m execution,  -O3 -g 
FAIL: objc/execute/bf-14.m execution,  -Os 
FAIL: objc/execute/bf-15.m execution,  -O0 
FAIL: objc/execute/bf-15.m execution,  -O1 
FAIL: objc/execute/bf-15.m execution,  -O2 
FAIL: objc/execute/bf-15.m execution,  -O3 -fomit-frame-pointer 
FAIL: objc/execute/bf-15.m execution,  -O3 -g 
FAIL: objc/execute/bf-15.m execution,  -Os 
FAIL: objc/execute/bf-16.m execution,  -O0 
FAIL: objc/execute/bf-16.m execution,  -O1 
FAIL: objc/execute/bf-16.m execution,  -O2 
FAIL: objc/execute/bf-16.m execution,  -O3 -fomit-frame-pointer 
FAIL: objc/execute/bf-16.m execution,  -O3 -g 
FAIL: objc/execute/bf-16.m execution,  -Os 
FAIL: objc/execute/bf-17.m execution,  -O0 
FAIL: objc/execute/bf-17.m execution,  -O1 
FAIL: objc/execute/bf-17.m execution,  -O2 
FAIL: objc/execute/bf-17.m execution,  -O3 -fomit-frame-pointer 
FAIL: objc/execute/bf-17.m execution,  -O3 -g 
FAIL: objc/execute/bf-17.m execution,  -Os 
FAIL: objc/execute/bf-18.m execution,  -O0 
FAIL: objc/execute/bf-18.m execution,  -O1 
FAIL: objc/execute/bf-18.m execution,  -O2 
FAIL: objc/execute/bf-18.m execution,  -O3 -fomit-frame-pointer 
FAIL: objc/execute/bf-18.m execution,  -O3 -g 
FAIL: objc/execute/bf-18.m execution,  -Os 
FAIL: objc/execute/bf-19.m execution,  -O0 
FAIL: objc/execute/bf-19.m execution,  -O1 
FAIL: objc/execute/bf-19.m execution,  -O2 
FAIL: objc/execute/bf-19.m execution,  -O3 -fomit-frame-pointer 
FAIL: objc/execute/bf-19.m execution,  -O3 -g 
FAIL: objc/execute/bf-19.m execution,  -Os 
FAIL: objc/execute/bf-2.m execution,  -O0 
FAIL: objc/execute/bf-2.m execution,  -O1 
FAIL: objc/execute/bf-2.m execution,  -O2 
FAIL: objc/execute/bf-2.m execution,  -O3 -fomit-frame-pointer 
FAIL: objc/execute/bf-2.m execution,  -O3 -g 
FAIL: objc/execute/bf-2.m execution,  -Os 
FAIL: objc/execute/bf-20.m execution,  -O0 
FAIL: objc/execute/bf-20.m execution,  -O1 
FAIL: objc/execute/bf-20.m execution,  -O2 
FAIL: objc/execute/bf-20.m execution,  -O3 -fomit-frame-pointer 
FAIL: objc/execute/bf-20.m execution,  -O3 -g 
FAIL: objc/execute/bf-20.m execution,  -Os 
FAIL: objc/execute/bf-21.m execution,  -O0 
FAIL: objc/execute/bf-21.m execution,  -O1 
FAIL: objc/execute/bf-21.m execution,  -O2 
FAIL: objc/execute/bf-21.m execution,  -O3 -fomit-frame-pointer 
FAIL: objc/execute/bf-21.m execution,  -O3 -g 
FAIL: objc/execute/bf-21.m execution,  -Os 
FAIL: objc/execute/bf-3.m execution,  -O0 
FAIL: objc/execute/bf-3.m execution,  -O1 
FAIL: objc/execute/bf-3.m execution,  -O2 
FAIL: objc/execute/bf-3.m execution,  -O3 -fomit-frame-pointer 
FAIL: objc/execute/bf-3.m execution,  -O3 -g 
FAIL: objc/execute/bf-3.m execution,  -Os 
FAIL: objc/execute/bf-4.m execution,  -O0 
FAIL: objc/execute/bf-4.m execution,  -O1 
FAIL: objc/execute/bf-4.m execution,  -O2 
FAIL: objc/execute/bf-4.m execution,  -O3 -fomit-frame-pointer 
FAIL: objc/execute/bf-4.m execution,  -O3 -g 
FAIL: objc/execute/bf-4.m execution,  -Os 
FAIL: objc/execute/bf-5.m execution,  -O0 
FAIL: objc/execute/bf-5.m execution,  -O1 
FAIL: objc/execute/bf-5.m execution,  -O2 
FAIL: objc/execute/bf-5.m execution,  -O3 -fomit-frame-pointer 
FAIL: objc/execute/bf-5.m execution,  -O3 -g 
FAIL: objc/execute/bf-5.m execution,  -Os 
FAIL: objc/execute/bf-6.m execution,  -O0 
FAIL: objc/execute/bf-6.m execution,  -O1 
FAIL: objc/execute/bf-6.m execution,  -O2 
FAIL: objc/execute/bf-6.m execution,  -O3 -fomit-frame-pointer 
FAIL: objc/execute/bf-6.m execution,  -O3 -g 
FAIL: objc/execute/bf-6.m execution,  -Os 
FAIL: objc/execute/bf-7.m execution,  -O0 
FAIL: objc/execute/bf-7.m execution,  -O1 
FAIL: objc/execute/bf-7.m execution,  -O2 
FAIL: objc/execute/bf-7.m execution,  -O3 -fomit-frame-pointer 
FAIL: objc/execute/bf-7.m execution,  -O3 -g 
FAIL: objc/execute/bf-7.m execution,  -Os 
FAIL: objc/execute/bf-8.m execution,  -O0 
FAIL: objc/execute/bf-8.m execution,  -O1 
FAIL: objc/execute/bf-8.m execution,  -O2 
FAIL: objc/execute/bf-8.m execution,  -O3 -fomit-frame-pointer 
FAIL: objc/execute/bf-8.m execution,  -O3 -g 
FAIL: objc/execute/bf-8.m execution,  -Os 
FAIL: objc/execute/bf-9.m execution,  -O0 
FAIL: objc/execute/bf-9.m execution,  -O1 
FAIL: objc/execute/bf-9.m execution,  -O2 
FAIL: objc/execute/bf-9.m execution,  -O3 -fomit-frame-pointer 
FAIL: objc/execute/bf-9.m execution,  -O3 -g 
FAIL: objc/execute/bf-9.m execution,  -Os 
FAIL: objc/execute/bycopy-2.m execution,  -O0 
FAIL: objc/execute/bycopy-2.m execution,  -O1 
FAIL: objc/execute/bycopy-2.m execution,  -O2 
FAIL: objc/execute/bycopy-2.m execution,  -O3 -fomit-frame-pointer 
FAIL: objc/execute/bycopy-2.m execution,  -O3 -g 
FAIL: objc/execute/bycopy-2.m execution,  -Os 
FAIL: objc/execute/bycopy-3.m execution,  -O0 
FAIL: objc/execute/bycopy-3.m execution,  -O1 
FAIL: objc/execute/bycopy-3.m execution,  -O2 
FAIL: objc/execute/bycopy-3.m execution,  -O3 -fomit-frame-pointer 
FAIL: objc/execute/bycopy-3.m execution,  -O3 -g 
FAIL: objc/execute/bycopy-3.m execution,  -Os 
FAIL: objc/execute/class-1.m execution,  -O0 
FAIL: objc/execute/class-1.m execution,  -O1 
FAIL: objc/execute/class-1.m execution,  -O2 
FAIL: objc/execute/class-1.m execution,  -O3 -fomit-frame-pointer 
FAIL: objc/execute/class-1.m execution,  -O3 -g 
FAIL: objc/execute/class-1.m execution,  -Os 
FAIL: objc/execute/class-10.m execution,  -O0 
FAIL: objc/execute/class-10.m execution,  -O1 
FAIL: objc/execute/class-10.m execution,  -O2 
FAIL: objc/execute/class-10.m execution,  -O3 -fomit-frame-pointer 
FAIL: objc/execute/class-10.m execution,  -O3 -g 
FAIL: objc/execute/class-10.m execution,  -Os 
FAIL: objc/execute/class-11.m execution,  -O0 
FAIL: objc/execute/class-11.m execution,  -O1 
FAIL: objc/execute/class-11.m execution,  -O2 
FAIL: objc/execute/class-11.m execution,  -O3 -fomit-frame-pointer 
FAIL: objc/execute/class-11.m execution,  -O3 -g 
FAIL: objc/execute/class-11.m execution,  -Os 
FAIL: objc/execute/class-12.m execution,  -O0 
FAIL: objc/execute/class-12.m execution,  -O1 
FAIL: objc/execute/class-12.m execution,  -O2 
FAIL: objc/execute/class-12.m execution,  -O3 -fomit-frame-pointer 
FAIL: objc/execute/class-12.m execution,  -O3 -g 
FAIL: objc/execute/class-12.m execution,  -Os 
FAIL: objc/execute/class-13.m execution,  -O0 
FAIL: objc/execute/class-13.m execution,  -O1 
FAIL: objc/execute/class-13.m execution,  -O2 
FAIL: objc/execute/class-13.m execution,  -O3 -fomit-frame-pointer 
FAIL: objc/execute/class-13.m execution,  -O3 -g 
FAIL: objc/execute/class-13.m execution,  -Os 
FAIL: objc/execute/class-14.m execution,  -O0 
FAIL: objc/execute/class-14.m execution,  -O1 
FAIL: objc/execute/class-14.m execution,  -O2 
FAIL: objc/execute/class-14.m execution,  -O3 -fomit-frame-pointer 
FAIL: objc/execute/class-14.m execution,  -O3 -g 
FAIL: objc/execute/class-14.m execution,  -Os 
FAIL: objc/execute/class-2.m execution,  -O0 
FAIL: objc/execute/class-2.m execution,  -O1 
FAIL: objc/execute/class-2.m execution,  -O2 
FAIL: objc/execute/class-2.m execution,  -O3 -fomit-frame-pointer 
FAIL: objc/execute/class-2.m execution,  -O3 -g 
FAIL: objc/execute/class-2.m execution,  -Os 
FAIL: objc/execute/class-3.m execution,  -O0 
FAIL: objc/execute/class-3.m execution,  -O1 
FAIL: objc/execute/class-3.m execution,  -O2 
FAIL: objc/execute/class-3.m execution,  -O3 -fomit-frame-pointer 
FAIL: objc/execute/class-3.m execution,  -O3 -g 
FAIL: objc/execute/class-3.m execution,  -Os 
FAIL: objc/execute/class-4.m execution,  -O0 
FAIL: objc/execute/class-4.m execution,  -O1 
FAIL: objc/execute/class-4.m execution,  -O2 
FAIL: objc/execute/class-4.m execution,  -O3 -fomit-frame-pointer 
FAIL: objc/execute/class-4.m execution,  -O3 -g 
FAIL: objc/execute/class-4.m execution,  -Os 
FAIL: objc/execute/class-5.m execution,  -O0 
FAIL: objc/execute/class-5.m execution,  -O1 
FAIL: objc/execute/class-5.m execution,  -O2 
FAIL: objc/execute/class-5.m execution,  -O3 -fomit-frame-pointer 
FAIL: objc/execute/class-5.m execution,  -O3 -g 
FAIL: objc/execute/class-5.m execution,  -Os 
FAIL: objc/execute/class-6.m execution,  -O0 
FAIL: objc/execute/class-6.m execution,  -O1 
FAIL: objc/execute/class-6.m execution,  -O2 
FAIL: objc/execute/class-6.m execution,  -O3 -fomit-frame-pointer 
FAIL: objc/execute/class-6.m execution,  -O3 -g 
FAIL: objc/execute/class-6.m execution,  -Os 
FAIL: objc/execute/class-7.m execution,  -O0 
FAIL: objc/execute/class-7.m execution,  -O1 
FAIL: objc/execute/class-7.m execution,  -O2 
FAIL: objc/execute/class-7.m execution,  -O3 -fomit-frame-pointer 
FAIL: objc/execute/class-7.m execution,  -O3 -g 
FAIL: objc/execute/class-7.m execution,  -Os 
FAIL: objc/execute/class-8.m execution,  -O0 
FAIL: objc/execute/class-8.m execution,  -O1 
FAIL: objc/execute/class-8.m execution,  -O2 
FAIL: objc/execute/class-8.m execution,  -O3 -fomit-frame-pointer 
FAIL: objc/execute/class-8.m execution,  -O3 -g 
FAIL: objc/execute/class-8.m execution,  -Os 
FAIL: objc/execute/class-9.m execution,  -O0 
FAIL: objc/execute/class-9.m execution,  -O1 
FAIL: objc/execute/class-9.m execution,  -O2 
FAIL: objc/execute/class-9.m execution,  -O3 -fomit-frame-pointer 
FAIL: objc/execute/class-9.m execution,  -O3 -g 
FAIL: objc/execute/class-9.m execution,  -Os 
FAIL: objc/execute/class_self-1.m execution,  -O0 
FAIL: objc/execute/class_self-1.m execution,  -O1 
FAIL: objc/execute/class_self-1.m execution,  -O2 
FAIL: objc/execute/class_self-1.m execution,  -O3 -fomit-frame-pointer 
FAIL: objc/execute/class_self-1.m execution,  -O3 -g 
FAIL: objc/execute/class_self-1.m execution,  -Os 
FAIL: objc/execute/class_self-2.m execution,  -O0 
FAIL: objc/execute/class_self-2.m execution,  -O1 
FAIL: objc/execute/class_self-2.m execution,  -O2 
FAIL: objc/execute/class_self-2.m execution,  -O3 -fomit-frame-pointer 
FAIL: objc/execute/class_self-2.m execution,  -O3 -g 
FAIL: objc/execute/class_self-2.m execution,  -Os 
FAIL: objc/execute/compatibility_alias.m execution,  -O0 
FAIL: objc/execute/compatibility_alias.m execution,  -O1 
FAIL: objc/execute/compatibility_alias.m execution,  -O2 
FAIL: objc/execute/compatibility_alias.m execution,  -O3 -fomit-frame-pointer 
FAIL: objc/execute/compatibility_alias.m execution,  -O3 -g 
FAIL: objc/execute/compatibility_alias.m execution,  -Os 
FAIL: objc/execute/enumeration-1.m execution,  -O0 
FAIL: objc/execute/enumeration-1.m execution,  -O1 
FAIL: objc/execute/enumeration-1.m execution,  -O2 
FAIL: objc/execute/enumeration-1.m execution,  -O3 -fomit-frame-pointer 
FAIL: objc/execute/enumeration-1.m execution,  -O3 -g 
FAIL: objc/execute/enumeration-1.m execution,  -Os 
FAIL: objc/execute/enumeration-2.m execution,  -O0 
FAIL: objc/execute/enumeration-2.m execution,  -O1 
FAIL: objc/execute/enumeration-2.m execution,  -O2 
FAIL: objc/execute/enumeration-2.m execution,  -O3 -fomit-frame-pointer 
FAIL: objc/execute/enumeration-2.m execution,  -O3 -g 
FAIL: objc/execute/enumeration-2.m execution,  -Os 
FAIL: objc/execute/formal_protocol-1.m execution,  -O0 
FAIL: objc/execute/formal_protocol-1.m execution,  -O1 
FAIL: objc/execute/formal_protocol-1.m execution,  -O2 
FAIL: objc/execute/formal_protocol-1.m execution,  -O3 -fomit-frame-pointer 
FAIL: objc/execute/formal_protocol-1.m execution,  -O3 -g 
FAIL: objc/execute/formal_protocol-1.m execution,  -Os 
FAIL: objc/execute/formal_protocol-2.m execution,  -O0 
FAIL: objc/execute/formal_protocol-2.m execution,  -O1 
FAIL: objc/execute/formal_protocol-2.m execution,  -O2 
FAIL: objc/execute/formal_protocol-2.m execution,  -O3 -fomit-frame-pointer 
FAIL: objc/execute/formal_protocol-2.m execution,  -O3 -g 
FAIL: objc/execute/formal_protocol-2.m execution,  -Os 
FAIL: objc/execute/formal_protocol-3.m execution,  -O0 
FAIL: objc/execute/formal_protocol-3.m execution,  -O1 
FAIL: objc/execute/formal_protocol-3.m execution,  -O2 
FAIL: objc/execute/formal_protocol-3.m execution,  -O3 -fomit-frame-pointer 
FAIL: objc/execute/formal_protocol-3.m execution,  -O3 -g 
FAIL: objc/execute/formal_protocol-3.m execution,  -Os 
FAIL: objc/execute/formal_protocol-4.m execution,  -O0 
FAIL: objc/execute/formal_protocol-4.m execution,  -O1 
FAIL: objc/execute/formal_protocol-4.m execution,  -O2 
FAIL: objc/execute/formal_protocol-4.m execution,  -O3 -fomit-frame-pointer 
FAIL: objc/execute/formal_protocol-4.m execution,  -O3 -g 
FAIL: objc/execute/formal_protocol-4.m execution,  -Os 
FAIL: objc/execute/formal_protocol-5.m execution,  -O0 
FAIL: objc/execute/formal_protocol-5.m execution,  -O1 
FAIL: objc/execute/formal_protocol-5.m execution,  -O2 
FAIL: objc/execute/formal_protocol-5.m execution,  -O3 -fomit-frame-pointer 
FAIL: objc/execute/formal_protocol-5.m execution,  -O3 -g 
FAIL: objc/execute/formal_protocol-5.m execution,  -Os 
FAIL: objc/execute/formal_protocol-6.m execution,  -O0 
FAIL: objc/execute/formal_protocol-6.m execution,  -O1 
FAIL: objc/execute/formal_protocol-6.m execution,  -O2 
FAIL: objc/execute/formal_protocol-6.m execution,  -O3 -fomit-frame-pointer 
FAIL: objc/execute/formal_protocol-6.m execution,  -O3 -g 
FAIL: objc/execute/formal_protocol-6.m execution,  -Os 
FAIL: objc/execute/formal_protocol-7.m execution,  -O0 
FAIL: objc/execute/formal_protocol-7.m execution,  -O1 
FAIL: objc/execute/formal_protocol-7.m execution,  -O2 
FAIL: objc/execute/formal_protocol-7.m execution,  -O3 -fomit-frame-pointer 
FAIL: objc/execute/formal_protocol-7.m execution,  -O3 -g 
FAIL: objc/execute/formal_protocol-7.m execution,  -Os 
FAIL: objc/execute/initialize.m execution,  -O0 
FAIL: objc/execute/initialize.m execution,  -O1 
FAIL: objc/execute/initialize.m execution,  -O2 
FAIL: objc/execute/initialize.m execution,  -O3 -fomit-frame-pointer 
FAIL: objc/execute/initialize.m execution,  -O3 -g 
FAIL: objc/execute/initialize.m execution,  -Os 
FAIL: objc/execute/load-2.m execution,  -O0 
FAIL: objc/execute/load-2.m execution,  -O1 
FAIL: objc/execute/load-2.m execution,  -O2 
FAIL: objc/execute/load-2.m execution,  -O3 -fomit-frame-pointer 
FAIL: objc/execute/load-2.m execution,  -O3 -g 
FAIL: objc/execute/load-2.m execution,  -Os 
FAIL: objc/execute/load-3.m execution,  -O0 
FAIL: objc/execute/load-3.m execution,  -O1 
FAIL: objc/execute/load-3.m execution,  -O2 
FAIL: objc/execute/load-3.m execution,  -O3 -fomit-frame-pointer 
FAIL: objc/execute/load-3.m execution,  -O3 -fomit-frame-pointer -funroll-loops 
FAIL: objc/execute/load-3.m execution,  -O3 -fomit-frame-pointer -funroll-all-loops -finline-functions 
FAIL: objc/execute/load-3.m execution,  -O3 -g 
FAIL: objc/execute/load-3.m execution,  -Os 
FAIL: objc/execute/load.m execution,  -O0 
FAIL: objc/execute/load.m execution,  -O1 
FAIL: objc/execute/load.m execution,  -O2 
FAIL: objc/execute/load.m execution,  -O3 -fomit-frame-pointer 
FAIL: objc/execute/load.m execution,  -O3 -g 
FAIL: objc/execute/load.m execution,  -Os 
FAIL: objc/execute/many_args_method.m execution,  -O0 
FAIL: objc/execute/many_args_method.m execution,  -O1 
FAIL: objc/execute/many_args_method.m execution,  -O2 
FAIL: objc/execute/many_args_method.m execution,  -O3 -fomit-frame-pointer 
FAIL: objc/execute/many_args_method.m execution,  -O3 -g 
FAIL: objc/execute/many_args_method.m execution,  -Os 
FAIL: objc/execute/nested-3.m execution,  -O0 
FAIL: objc/execute/nested-3.m execution,  -O1 
FAIL: objc/execute/nested-3.m execution,  -O2 
FAIL: objc/execute/nested-3.m execution,  -O3 -fomit-frame-pointer 
FAIL: objc/execute/nested-3.m execution,  -O3 -g 
FAIL: objc/execute/nested-3.m execution,  -Os 
FAIL: objc/execute/no_clash.m execution,  -O0 
FAIL: objc/execute/no_clash.m execution,  -O1 
FAIL: objc/execute/no_clash.m execution,  -O2 
FAIL: objc/execute/no_clash.m execution,  -O3 -fomit-frame-pointer 
FAIL: objc/execute/no_clash.m execution,  -O3 -g 
FAIL: objc/execute/no_clash.m execution,  -Os 
FAIL: objc/execute/np-2.m execution,  -O0 
FAIL: objc/execute/np-2.m execution,  -O1 
FAIL: objc/execute/np-2.m execution,  -O2 
FAIL: objc/execute/np-2.m execution,  -O3 -fomit-frame-pointer 
FAIL: objc/execute/np-2.m execution,  -O3 -g 
FAIL: objc/execute/np-2.m execution,  -Os 
FAIL: objc/execute/object_is_class.m execution,  -O0 
FAIL: objc/execute/object_is_class.m execution,  -O1 
FAIL: objc/execute/object_is_class.m execution,  -O2 
FAIL: objc/execute/object_is_class.m execution,  -O3 -fomit-frame-pointer 
FAIL: objc/execute/object_is_class.m execution,  -O3 -g 
FAIL: objc/execute/object_is_class.m execution,  -Os 
FAIL: objc/execute/object_is_meta_class.m execution,  -O0 
FAIL: objc/execute/object_is_meta_class.m execution,  -O1 
FAIL: objc/execute/object_is_meta_class.m execution,  -O2 
FAIL: objc/execute/object_is_meta_class.m execution,  -O3 -fomit-frame-pointer 
FAIL: objc/execute/object_is_meta_class.m execution,  -O3 -g 
FAIL: objc/execute/object_is_meta_class.m execution,  -Os 
FAIL: objc/execute/redefining_self.m execution,  -O0 
FAIL: objc/execute/redefining_self.m execution,  -O1 
FAIL: objc/execute/redefining_self.m execution,  -O2 
FAIL: objc/execute/redefining_self.m execution,  -O3 -fomit-frame-pointer 
FAIL: objc/execute/redefining_self.m execution,  -O3 -g 
FAIL: objc/execute/redefining_self.m execution,  -Os 
FAIL: objc/execute/root_methods.m execution,  -O0 
FAIL: objc/execute/root_methods.m execution,  -O1 
FAIL: objc/execute/root_methods.m execution,  -O2 
FAIL: objc/execute/root_methods.m execution,  -O3 -fomit-frame-pointer 
FAIL: objc/execute/root_methods.m execution,  -O3 -g 
FAIL: objc/execute/root_methods.m execution,  -Os 
FAIL: objc/execute/selector-1.m execution,  -O0 
FAIL: objc/execute/selector-1.m execution,  -O1 
FAIL: objc/execute/selector-1.m execution,  -O2 
FAIL: objc/execute/selector-1.m execution,  -O3 -fomit-frame-pointer 
FAIL: objc/execute/selector-1.m execution,  -O3 -g 
FAIL: objc/execute/selector-1.m execution,  -Os 
FAIL: objc/execute/static-1.m execution,  -O0 
FAIL: objc/execute/static-1.m execution,  -O1 
FAIL: objc/execute/static-1.m execution,  -O2 
FAIL: objc/execute/static-1.m execution,  -O3 -fomit-frame-pointer 
FAIL: objc/execute/static-1.m execution,  -O3 -g 
FAIL: objc/execute/static-1.m execution,  -Os 
FAIL: objc/execute/static-2.m execution,  -O0 
FAIL: objc/execute/static-2.m execution,  -O1 
FAIL: objc/execute/static-2.m execution,  -O2 
FAIL: objc/execute/static-2.m execution,  -O3 -fomit-frame-pointer 
FAIL: objc/execute/static-2.m execution,  -O3 -g 
FAIL: objc/execute/static-2.m execution,  -Os 
FAIL: objc/execute/string1.m execution,  -O0 
FAIL: objc/execute/string1.m execution,  -O1 
FAIL: objc/execute/string1.m execution,  -O2 
FAIL: objc/execute/string1.m execution,  -O3 -fomit-frame-pointer 
FAIL: objc/execute/string1.m execution,  -O3 -g 
FAIL: objc/execute/string1.m execution,  -Os 
FAIL: objc/execute/string2.m execution,  -O0 
FAIL: objc/execute/string2.m execution,  -O1 
FAIL: objc/execute/string2.m execution,  -O2 
FAIL: objc/execute/string2.m execution,  -O3 -fomit-frame-pointer 
FAIL: objc/execute/string2.m execution,  -O3 -g 
FAIL: objc/execute/string2.m execution,  -Os 
FAIL: objc/execute/string3.m execution,  -O0 
FAIL: objc/execute/string3.m execution,  -O1 
FAIL: objc/execute/string3.m execution,  -O2 
FAIL: objc/execute/string3.m execution,  -O3 -fomit-frame-pointer 
FAIL: objc/execute/string3.m execution,  -O3 -g 
FAIL: objc/execute/string3.m execution,  -Os 
FAIL: objc/execute/string4.m execution,  -O0 
FAIL: objc/execute/string4.m execution,  -O1 
FAIL: objc/execute/string4.m execution,  -O2 
FAIL: objc/execute/string4.m execution,  -O3 -fomit-frame-pointer 
FAIL: objc/execute/string4.m execution,  -O3 -g 
FAIL: objc/execute/string4.m execution,  -Os 
FAIL: objc/execute/va_method.m execution,  -O0 
FAIL: objc/execute/va_method.m execution,  -O1 
FAIL: objc/execute/va_method.m execution,  -O2 
FAIL: objc/execute/va_method.m execution,  -O3 -fomit-frame-pointer 
FAIL: objc/execute/va_method.m execution,  -O3 -fomit-frame-pointer -funroll-loops 
FAIL: objc/execute/va_method.m execution,  -O3 -fomit-frame-pointer -funroll-all-loops -finline-functions 
FAIL: objc/execute/va_method.m execution,  -O3 -g 
FAIL: objc/execute/va_method.m execution,  -Os 
FAIL: objc.dg/bitfield-1.m execution test
FAIL: objc.dg/desig-init-1.m execution test
FAIL: objc.dg/special/unclaimed-category-1.m execution test

		=== objc Summary ===

# of expected passes		714
# of unexpected failures	439
/xxx/gnu/gcc-3.3/objdir/gcc/xgcc version 3.3 20021112 (experimental)

		=== libstdc++-v3 tests ===


Running target unix
FAIL: 20_util/allocator_members.cc execution test
FAIL: 21_strings/inserters_extractors.cc execution test
XPASS: 22_locale/collate_members_wchar_t.cc execution test
XPASS: 22_locale/ctype_is_wchar_t.cc execution test
XPASS: 22_locale/money_get_members_wchar_t.cc execution test
XPASS: 22_locale/money_put_members_wchar_t.cc execution test
XPASS: 22_locale/moneypunct_members_wchar_t.cc execution test
XPASS: 22_locale/num_get_members_wchar_t.cc execution test
XPASS: 22_locale/num_put_members_wchar_t.cc execution test
XPASS: 22_locale/numpunct_members_wchar_t.cc execution test
XPASS: 22_locale/time_get_members_wchar_t.cc execution test
XPASS: 22_locale/time_put_members_wchar_t.cc execution test
FAIL: 23_containers/map_operators.cc execution test
FAIL: 23_containers/multiset.cc execution test
FAIL: 26_numerics/binary_closure.cc execution test
FAIL: 26_numerics/c99_classification_macros_c.cc (test for excess errors)
FAIL: 27_io/filebuf_virtuals.cc execution test
FAIL: 27_io/ios_base_callbacks.cc execution test
FAIL: 27_io/ios_base_members_static.cc execution test
FAIL: 27_io/ios_init.cc execution test
FAIL: 27_io/iostream_members.cc execution test
FAIL: 27_io/istream_extractor_arith.cc execution test
FAIL: 27_io/narrow_stream_objects.cc execution test
FAIL: 27_io/ostream_inserter_arith.cc execution test
FAIL: 27_io/stringbuf_members.cc execution test
FAIL: ext/rope.cc execution test

		=== libstdc++-v3 Summary ===

# of expected passes		390
# of unexpected failures	16
# of unexpected successes	10
# of expected failures		17
# of unsupported tests		6

Compiler version: 3.3 20021112 (experimental) 
Platform: hppa64-hp-hpux11.11
configure flags: --host=hppa64-hp-hpux11.11 --with-gnu-as --with-as=/opt/gnu64/bin/as --with-gnu-ld --with-ld=/opt/gnu64/bin/ld --disable-nls --prefix=/opt/gnu64 --with-local-prefix=/opt/gnu64 --enable-shared



More information about the Gcc-testresults mailing list