Results for 3.3 20021111 (experimental) testsuite on i686-pc-cygwin

Tim Prince tprince@computer.org
Tue Nov 12 06:26:00 GMT 2002


-- Native configuration is i686-pc-cygwin

                === g++ tests ===


Running target unix
FAIL: g++.dg/ext/instantiate3.C scan-assembler-not
FAIL: g++.dg/opt/vt1.C scan-assembler-not section[^
WARNING: program timed out.
FAIL: g++.dg/parse/stack1.C (test for excess errors)
FAIL: g++.dg/warn/Wunused-2.C  (test for warnings, line 5)
FAIL: g++.dg/special/conpr-1.C execution test
FAIL: g++.dg/special/conpr-2.C execution test
FAIL: g++.dg/special/conpr-3.C execution test
FAIL: g++.dg/special/conpr-3.C execution test
FAIL: g++.dg/special/initp1.C execution test
FAIL: g++.eh/badalloc1.C  Execution test
XPASS: g++.ext/attrib5.C  Execution test
XPASS: g++.jason/template18.C  Execution test

                === g++ Summary ===

# of expected passes            7804
# of unexpected failures        10
# of unexpected successes       2
# of expected failures          92
# of untested testcases         15
# of unsupported tests          3
/gcc-20020930/w2k/gcc/testsuite/../g++ version 3.3 20021111 (experimental)

                === g77 tests ===


Running target unix

                === g77 Summary ===

# of expected passes            1654
/gcc-20020930/w2k/gcc/testsuite/../g77 version 3.3 20021111 (experimental)

                === gcc tests ===


Running target unix
FAIL: gcc.c-torture/execute/builtin-constant.c execution,  -O1
FAIL: gcc.c-torture/execute/builtin-constant.c execution,  -O2
FAIL: gcc.c-torture/execute/builtin-constant.c execution,  -O3 
-fomit-frame-pointer
FAIL: gcc.c-torture/execute/builtin-constant.c execution,  -O3 -g
FAIL: gcc.c-torture/execute/builtin-constant.c execution,  -Os
FAIL: gcc.dg/20021110.c (test for excess errors)

                === gcc Summary ===

# of expected passes            20449
# of unexpected failures        6
# of expected failures          59
# of unsupported tests          71
/gcc-20020930/w2k/gcc/xgcc version 3.3 20021111 (experimental)

                === objc tests ===


Running target unix

                === objc Summary ===

# of expected passes            1153
/gcc-20020930/w2k/gcc/xgcc version 3.3 20021111 (experimental)

                === libstdc++-v3 tests ===


Running target unix
XPASS: 22_locale/collate_members_wchar_t.cc execution test
XPASS: 22_locale/ctype_is_wchar_t.cc execution test
XPASS: 22_locale/money_get_members_wchar_t.cc execution test
XPASS: 22_locale/money_put_members_wchar_t.cc execution test
XPASS: 22_locale/moneypunct_members_wchar_t.cc execution test
XPASS: 22_locale/num_get_members_wchar_t.cc execution test
XPASS: 22_locale/num_put_members_wchar_t.cc execution test
XPASS: 22_locale/numpunct_members_wchar_t.cc execution test
XPASS: 22_locale/time_get_members_wchar_t.cc execution test
XPASS: 22_locale/time_put_members_wchar_t.cc execution test
FAIL: 26_numerics/c99_classification_macros_c.cc (test for excess errors)
FAIL: 27_io/filebuf_members.cc execution test
FAIL: 27_io/istream_extractor_arith.cc execution test

                === libstdc++-v3 Summary ===

# of expected passes            415
# of unexpected failures        3
# of unexpected successes       10
# of expected failures          17

Compiler version: 3.3 20021111 (experimental)
Platform: i686-pc-cygwin
configure flags: --host=i686-pc-cygwin --enable-threads=posix 
--disable-shared --enable-sjlj-exceptions
BOOT_CFLAGS=-O2  -march=pentium3 -mfpmath=sse -pipe

Tim Prince



More information about the Gcc-testresults mailing list