Results for 3.2.1 20021109 (prerelease) testsuite on sparc64-unknown-linux-gnu

c.christian.joensson@telia.com c.christian.joensson@telia.com
Sun Nov 10 18:45:00 GMT 2002


This was on a Aurora SPARC Linux 0.42 build (Douglas) Ultra1
sun4u system with these packages:

binutils 2.13.1 sparc64-linux
bison-1.35-1
dejagnu-1.4.3-0   (built ftp://ftp.gnu.org/gnu/dejagnu/dejagnu-1.4.3-0.src.rpm)
expect-5.32.2-67
gcc 3.2.1 20021109 sparc64-linux
glibc-2.2.5-40
glibc64-2.2.5-40
kernel-2.4.19-1.2sparc
tcl-8.3.3-67

LAST_UPDATED: Sat Nov  9 13:04:45 UTC 2002

Native configuration is sparc64-unknown-linux-gnu

		=== g77 tests ===


Running target unix/-m32

		=== g77 Summary for unix/-m32 ===

# of expected passes		1452
# of unsupported tests		8

Running target unix/-fPIC

		=== g77 Summary for unix/-fPIC ===

# of expected passes		1452
# of unsupported tests		8

Running target unix/-fpic

		=== g77 Summary for unix/-fpic ===

# of expected passes		1452
# of unsupported tests		8

Running target unix

		=== g77 Summary for unix ===

# of expected passes		1452
# of unsupported tests		8

		=== g77 Summary ===

# of expected passes		5808
# of unsupported tests		32
/usr/local/src/gcc-binutils/branch/objdir/gcc/testsuite/../g77 version 3.2.1 20021109 (prerelease)

		=== gcc tests ===


Running target unix/-m32
WARNING: program timed out.
FAIL: gcc.c-torture/compile/20001226-1.c,  -O3 -g  
XPASS: gcc.c-torture/execute/20020227-1.c execution,  -O0 
XPASS: gcc.c-torture/execute/20020227-1.c execution,  -O1 
XPASS: gcc.c-torture/execute/20020227-1.c execution,  -O2 
XPASS: gcc.c-torture/execute/20020227-1.c execution,  -O3 -fomit-frame-pointer 
XPASS: gcc.c-torture/execute/20020227-1.c execution,  -O3 -g 
XPASS: gcc.c-torture/execute/20020227-1.c execution,  -Os 
FAIL: gcc.dg/ultrasp2.c (test for excess errors)
FAIL: gcc.dg/ultrasp4.c (test for excess errors)

		=== gcc Summary for unix/-m32 ===

# of expected passes		18630
# of unexpected failures	3
# of unexpected successes	6
# of expected failures		66
# of unsupported tests		108

Running target unix/-fPIC
WARNING: program timed out.
FAIL: gcc.c-torture/compile/20001226-1.c,  -O3 -g  
XPASS: gcc.c-torture/execute/20020227-1.c execution,  -O0 
XPASS: gcc.c-torture/execute/20020227-1.c execution,  -O1 
FAIL: gcc.dg/20021014-1.c execution test
XPASS: gcc.dg/c99-intconst-1.c (test for excess errors)
FAIL: linkage.c

		=== gcc Summary for unix/-fPIC ===

# of expected passes		18630
# of unexpected failures	3
# of unexpected successes	3
# of expected failures		69
# of unsupported tests		108

Running target unix/-fpic
WARNING: program timed out.
FAIL: gcc.c-torture/compile/20001226-1.c,  -O3 -g  
XPASS: gcc.c-torture/execute/20020227-1.c execution,  -O0 
XPASS: gcc.c-torture/execute/20020227-1.c execution,  -O1 
FAIL: gcc.dg/20021014-1.c execution test
XPASS: gcc.dg/c99-intconst-1.c (test for excess errors)
FAIL: linkage.c

		=== gcc Summary for unix/-fpic ===

# of expected passes		18630
# of unexpected failures	3
# of unexpected successes	3
# of expected failures		69
# of unsupported tests		108

Running target unix
WARNING: program timed out.
FAIL: gcc.c-torture/compile/20001226-1.c,  -O3 -g  
XPASS: gcc.c-torture/execute/20020227-1.c execution,  -O0 
XPASS: gcc.c-torture/execute/20020227-1.c execution,  -O1 
FAIL: gcc.dg/20021014-1.c execution test
XPASS: gcc.dg/c99-intconst-1.c (test for excess errors)
FAIL: linkage.c

		=== gcc Summary for unix ===

# of expected passes		18630
# of unexpected failures	3
# of unexpected successes	3
# of expected failures		69
# of unsupported tests		108

		=== gcc Summary ===

# of expected passes		74520
# of unexpected failures	12
# of unexpected successes	15
# of expected failures		273
# of unsupported tests		432
/usr/local/src/gcc-binutils/branch/objdir/gcc/xgcc version 3.2.1 20021109 (prerelease)

		=== g++ tests ===


Running target unix/-m32

		=== g++ Summary for unix/-m32 ===

# of expected passes		7308
# of expected failures		89
# of untested testcases		23
# of unsupported tests		5

Running target unix/-fPIC
FAIL: g++.law/profile1.C  Execution test

		=== g++ Summary for unix/-fPIC ===

# of expected passes		7307
# of unexpected failures	1
# of expected failures		89
# of untested testcases		23
# of unsupported tests		5

Running target unix/-fpic
FAIL: g++.law/profile1.C  Execution test

		=== g++ Summary for unix/-fpic ===

# of expected passes		7307
# of unexpected failures	1
# of expected failures		89
# of untested testcases		23
# of unsupported tests		5

Running target unix
FAIL: g++.law/profile1.C  Execution test

		=== g++ Summary for unix ===

# of expected passes		7307
# of unexpected failures	1
# of expected failures		89
# of untested testcases		23
# of unsupported tests		5

		=== g++ Summary ===

# of expected passes		29229
# of unexpected failures	3
# of expected failures		356
# of untested testcases		92
# of unsupported tests		20
/usr/local/src/gcc-binutils/branch/objdir/gcc/testsuite/../g++ version 3.2.1 20021109 (prerelease)

		=== objc tests ===


Running target unix/-m32

		=== objc Summary for unix/-m32 ===

# of expected passes		1035
# of expected failures		6

Running target unix/-fPIC

		=== objc Summary for unix/-fPIC ===

# of expected passes		1035
# of expected failures		6

Running target unix/-fpic

		=== objc Summary for unix/-fpic ===

# of expected passes		1035
# of expected failures		6

Running target unix

		=== objc Summary for unix ===

# of expected passes		1035
# of expected failures		6

		=== objc Summary ===

# of expected passes		4140
# of expected failures		24
/usr/local/src/gcc-binutils/branch/objdir/gcc/xgcc version 3.2.1 20021109 (prerelease)

		=== libjava tests ===


Running target unix/-m32

		=== libjava Summary for unix/-m32 ===

# of expected passes		2061
# of expected failures		18
# of untested testcases		14

Running target unix/-fPIC

		=== libjava Summary for unix/-fPIC ===

# of expected passes		2061
# of expected failures		18
# of untested testcases		14

Running target unix/-fpic

		=== libjava Summary for unix/-fpic ===

# of expected passes		2061
# of expected failures		18
# of untested testcases		14

Running target unix

		=== libjava Summary for unix ===

# of expected passes		2061
# of expected failures		18
# of untested testcases		14

		=== libjava Summary ===

# of expected passes		8244
# of expected failures		72
# of untested testcases		56
		=== libstdc++-v3 tests ===


Running target unix/-m32
XPASS: 22_locale/collate_byname.cc execution test
XPASS: 22_locale/collate_members_char.cc execution test
XPASS: 22_locale/collate_members_wchar_t.cc execution test
XPASS: 22_locale/ctype_is_char.cc execution test
XPASS: 22_locale/ctype_is_wchar_t.cc execution test
XPASS: 22_locale/members.cc execution test
XPASS: 22_locale/money_get_members_char.cc execution test
XPASS: 22_locale/money_get_members_wchar_t.cc execution test
XPASS: 22_locale/money_put_members_char.cc execution test
XPASS: 22_locale/money_put_members_wchar_t.cc execution test
XPASS: 22_locale/moneypunct_byname.cc execution test
XPASS: 22_locale/moneypunct_members_char.cc execution test
XPASS: 22_locale/moneypunct_members_wchar_t.cc execution test
XPASS: 22_locale/num_get_members_char.cc execution test
XPASS: 22_locale/num_get_members_wchar_t.cc execution test
XPASS: 22_locale/num_put_members_char.cc execution test
XPASS: 22_locale/num_put_members_wchar_t.cc execution test
XPASS: 22_locale/numpunct_byname.cc execution test
XPASS: 22_locale/numpunct_members_char.cc execution test
XPASS: 22_locale/numpunct_members_wchar_t.cc execution test
XPASS: 22_locale/time_get_members_char.cc execution test
XPASS: 22_locale/time_get_members_wchar_t.cc execution test
XPASS: 22_locale/time_put_members_char.cc execution test
XPASS: 22_locale/time_put_members_wchar_t.cc execution test
FAIL: 26_numerics/c99_classification_macros_c.cc (test for excess errors)
WARNING: program timed out.
FAIL: thread/pthread5.cc execution test

		=== libstdc++-v3 Summary for unix/-m32 ===

# of expected passes		409
# of unexpected failures	2
# of unexpected successes	24
# of expected failures		2

Running target unix/-fPIC
XPASS: 22_locale/collate_byname.cc execution test
XPASS: 22_locale/collate_members_char.cc execution test
XPASS: 22_locale/collate_members_wchar_t.cc execution test
XPASS: 22_locale/ctype_is_char.cc execution test
XPASS: 22_locale/ctype_is_wchar_t.cc execution test
XPASS: 22_locale/members.cc execution test
XPASS: 22_locale/messages_byname.cc execution test
XPASS: 22_locale/messages_members_char.cc execution test
XPASS: 22_locale/money_get_members_char.cc execution test
XPASS: 22_locale/money_get_members_wchar_t.cc execution test
XPASS: 22_locale/money_put_members_char.cc execution test
XPASS: 22_locale/money_put_members_wchar_t.cc execution test
XPASS: 22_locale/moneypunct_byname.cc execution test
XPASS: 22_locale/moneypunct_members_char.cc execution test
XPASS: 22_locale/moneypunct_members_wchar_t.cc execution test
XPASS: 22_locale/num_get_members_char.cc execution test
XPASS: 22_locale/num_get_members_wchar_t.cc execution test
XPASS: 22_locale/num_put_members_char.cc execution test
XPASS: 22_locale/num_put_members_wchar_t.cc execution test
XPASS: 22_locale/numpunct_byname.cc execution test
XPASS: 22_locale/numpunct_members_char.cc execution test
XPASS: 22_locale/numpunct_members_wchar_t.cc execution test
XPASS: 22_locale/time_get_members_char.cc execution test
XPASS: 22_locale/time_get_members_wchar_t.cc execution test
XPASS: 22_locale/time_put_members_char.cc execution test
XPASS: 22_locale/time_put_members_wchar_t.cc execution test
FAIL: 26_numerics/c99_classification_macros_c.cc (test for excess errors)
WARNING: program timed out.
FAIL: thread/pthread4.cc execution test

		=== libstdc++-v3 Summary for unix/-fPIC ===

# of expected passes		409
# of unexpected failures	2
# of unexpected successes	26

Running target unix/-fpic
XPASS: 22_locale/collate_byname.cc execution test
XPASS: 22_locale/collate_members_char.cc execution test
XPASS: 22_locale/collate_members_wchar_t.cc execution test
XPASS: 22_locale/ctype_is_char.cc execution test
XPASS: 22_locale/ctype_is_wchar_t.cc execution test
XPASS: 22_locale/members.cc execution test
XPASS: 22_locale/messages_byname.cc execution test
XPASS: 22_locale/messages_members_char.cc execution test
XPASS: 22_locale/money_get_members_char.cc execution test
XPASS: 22_locale/money_get_members_wchar_t.cc execution test
XPASS: 22_locale/money_put_members_char.cc execution test
XPASS: 22_locale/money_put_members_wchar_t.cc execution test
XPASS: 22_locale/moneypunct_byname.cc execution test
XPASS: 22_locale/moneypunct_members_char.cc execution test
XPASS: 22_locale/moneypunct_members_wchar_t.cc execution test
XPASS: 22_locale/num_get_members_char.cc execution test
XPASS: 22_locale/num_get_members_wchar_t.cc execution test
XPASS: 22_locale/num_put_members_char.cc execution test
XPASS: 22_locale/num_put_members_wchar_t.cc execution test
XPASS: 22_locale/numpunct_byname.cc execution test
XPASS: 22_locale/numpunct_members_char.cc execution test
XPASS: 22_locale/numpunct_members_wchar_t.cc execution test
XPASS: 22_locale/time_get_members_char.cc execution test
XPASS: 22_locale/time_get_members_wchar_t.cc execution test
XPASS: 22_locale/time_put_members_char.cc execution test
XPASS: 22_locale/time_put_members_wchar_t.cc execution test
FAIL: 26_numerics/c99_classification_macros_c.cc (test for excess errors)
WARNING: program timed out.
FAIL: thread/pthread4.cc execution test

		=== libstdc++-v3 Summary for unix/-fpic ===

# of expected passes		409
# of unexpected failures	2
# of unexpected successes	26

Running target unix
XPASS: 22_locale/collate_byname.cc execution test
XPASS: 22_locale/collate_members_char.cc execution test
XPASS: 22_locale/collate_members_wchar_t.cc execution test
XPASS: 22_locale/ctype_is_char.cc execution test
XPASS: 22_locale/ctype_is_wchar_t.cc execution test
XPASS: 22_locale/members.cc execution test
XPASS: 22_locale/messages_byname.cc execution test
XPASS: 22_locale/messages_members_char.cc execution test
XPASS: 22_locale/money_get_members_char.cc execution test
XPASS: 22_locale/money_get_members_wchar_t.cc execution test
XPASS: 22_locale/money_put_members_char.cc execution test
XPASS: 22_locale/money_put_members_wchar_t.cc execution test
XPASS: 22_locale/moneypunct_byname.cc execution test
XPASS: 22_locale/moneypunct_members_char.cc execution test
XPASS: 22_locale/moneypunct_members_wchar_t.cc execution test
XPASS: 22_locale/num_get_members_char.cc execution test
XPASS: 22_locale/num_get_members_wchar_t.cc execution test
XPASS: 22_locale/num_put_members_char.cc execution test
XPASS: 22_locale/num_put_members_wchar_t.cc execution test
XPASS: 22_locale/numpunct_byname.cc execution test
XPASS: 22_locale/numpunct_members_char.cc execution test
XPASS: 22_locale/numpunct_members_wchar_t.cc execution test
XPASS: 22_locale/time_get_members_char.cc execution test
XPASS: 22_locale/time_get_members_wchar_t.cc execution test
XPASS: 22_locale/time_put_members_char.cc execution test
XPASS: 22_locale/time_put_members_wchar_t.cc execution test
FAIL: 26_numerics/c99_classification_macros_c.cc (test for excess errors)
WARNING: program timed out.
FAIL: thread/pthread4.cc execution test

		=== libstdc++-v3 Summary for unix ===

# of expected passes		409
# of unexpected failures	2
# of unexpected successes	26

		=== libstdc++-v3 Summary ===

# of expected passes		1636
# of unexpected failures	8
# of unexpected successes	102
# of expected failures		2

Compiler version: 3.2.1 20021109 (prerelease) 
Platform: sparc64-unknown-linux-gnu
configure flags: --host=sparc64-linux --prefix=/usr/local/gcc-binutils --enable-shared --enable-threads=posix
BOOT_CFLAGS=-m64 -g -O2 -pipe
Counting all warnings,
there are 629 warnings in stage0 of this bootstrap.

Number of warnings per file:
    288	libiberty/md5.c
    222	libiberty/regex.c
     19	libjava/java/lang/mprec.c
     10	libjava/java/lang/natClassLoader.cc
      8	libjava/java/lang/strtod.c
      8	libjava/java/lang/dtoa.c
      8	java/lang/Integer.h
      8	cc1
      6	libjava/java/lang/e_exp.c
      6	include/xregex2.h
      6	gcc/unwind-pe.h
      6	fastjar/jartool.c
      4	include/gc.h
      2	libsupc++/eh_terminate.cc
      2	libjava/prims.cc
      2	libjava/posix-threads.cc
      2	libjava/java/lang/e_rem_pio2.c
      2	libjava/java/lang/e_log.c
      2	libjava/java/lang/e_asin.c
      2	libjava/gnu/gcj/runtime/natSharedLibLoader.cc
      2	libjava/gnu/gcj/io/shs.cc
      2	libjava/boehm.cc
      2	libf2c/libI77/open.c
      2	include/java-signal.h
      2	gcc/boehm-gc/mark_rts.c
      2	cxa_demangle.c
      2	config.h
      1	include/fficonfig.h
      1	include/config.h

Number of warning types:
    192	traditional C rejects string concatenation
     96	function-like macro \`FI' must be used with arguments in traditional C
     96	function-like macro \`FH' must be used with arguments in traditional C
     96	function-like macro \`FG' must be used with arguments in traditional C
     26	\`???' might be used uninitialized in this function
     24	signed and unsigned type in conditional expression
     12	unused
     12	suggest parentheses around + or - inside shift
      8	decimal constant is so large that it is 
      7	this is the location of the previous definition
      6	unused parameter \`???'
      6	ISO C89 does not support \`static' or type qualifiers in parameter array declarators
      4	suggest parentheses around assignment used as truth value
      4	pointer targets in passing arg ??? of \`???' differ in signedness
      4	(it is valid for C++ but not the selected language)
      4	ignoring command line option '-fno-implicit-templates'
      4	\`GC_LINUX_THREADS' redefined
      4	control 
      4	\`
      3	suggest parentheses around arithmetic in operand of |
      2	\`_XOPEN_SOURCE' redefined
      2	unused 
      2	string length \`???' is greater than the length \`???' ISO C89 compilers are required to support
      2	\`noreturn'
      2	function returns address of local variable
      2	division: function singularity
      2	\`???' defined but not used
      2	\`???' defined but 
      1	\`SIZEOF_VOID_P' redefined
Counting all warnings,
there are 49 warnings in stage3 of this bootstrap.

Number of warnings per file:
     18	gcc/combine.c
     10	gcc/regclass.c
      4	gcc/gcc.c
      2	gcc/libgcc2.c
      2	gcc/fold-const.c
      2	gcc/crtstuff.c
      1	gcc/sched-deps.c
      1	gcc/reload.c
      1	gcc/profile.c
      1	gcc/objc/lang-specs.h
      1	gcc/java/jvspec.c
      1	gcc/ggc-page.c
      1	gcc/emit-rtl.c
      1	gcc/cppexp.c
      1	gcc/cp/lang-specs.h
      1	gcc/cp/init.c
      1	gcc/cp/class.c

Number of warning types:
     29	comparison between signed and unsigned
      6	string length \`???' is greater than the length \`???' ISO C89 compilers are required to support
      3	signed and unsigned type in conditional expression
      2	unused variable \`???'
      2	\`???' might be used uninitialized in this function
      2	\`???' defined but not used
      1	unused parameter \`???'
      1	traditional C rejects string concatenation
      1	pointer targets in passing arg ??? of \`???' differ in signedness
      1	\`long' switch expression not converted to \`int' in ISO C
      1	??? format, ??? arg (arg ???)



More information about the Gcc-testresults mailing list