Results for 3.3 20021109 (experimental) testsuite on hppa2.0w-hp-hpux11.11

John David Anglin dave@hiauly3.hia.nrc.ca
Sat Nov 9 21:51:00 GMT 2002


LAST_UPDATED: Sat Nov  9 18:59:45 UTC 2002

Native configuration is hppa2.0w-hp-hpux11.11

		=== g++ tests ===


Running target unix
FAIL: g++.dg/compat/break/bitfield7 y_tst.o compile
FAIL: g++.dg/compat/break/bitfield7 x_tst.o-y_tst.o link
UNRESOLVED: g++.dg/compat/break/bitfield7 x_tst.o-y_tst.o execute 
FAIL: g++.dg/warn/Wunused-2.C  (test for warnings, line 5)
FAIL: g++.dg/warn/weak1.C (test for excess errors)
FAIL: g++.ext/attrib5.C (test for excess errors)
XPASS: g++.mike/eh33.C (test for excess errors)
XPASS: g++.mike/eh33.C  Execution test
XPASS: g++.mike/eh50.C (test for excess errors)
XPASS: g++.mike/eh50.C  Execution test
FAIL: g++.other/comdat3.C (test for excess errors)
FAIL: g++.other/mangle3.C (test for excess errors)

		=== g++ Summary ===

# of expected passes		7642
# of unexpected failures	7
# of unexpected successes	4
# of expected failures		101
# of unresolved testcases	1
# of untested testcases		23
# of unsupported tests		15
/xxx/gnu/gcc-3.3/objdir/gcc/testsuite/../g++ version 3.3 20021109 (experimental)

		=== g77 tests ===


Running target unix
FAIL: g77.f-torture/execute/970625-2.f compilation,  -O1 

		=== g77 Summary ===

# of expected passes		1636
# of unexpected failures	1
# of untested testcases		1
# of unsupported tests		8
/xxx/gnu/gcc-3.3/objdir/gcc/testsuite/../g77 version 3.3 20021109 (experimental)

		=== gcc tests ===


Running target unix
FAIL: gcc.c-torture/execute/builtin-constant.c execution,  -O1 
FAIL: gcc.c-torture/execute/builtin-constant.c execution,  -O2 
FAIL: gcc.c-torture/execute/builtin-constant.c execution,  -O3 -fomit-frame-pointer 
FAIL: gcc.c-torture/execute/builtin-constant.c execution,  -O3 -g 
FAIL: gcc.c-torture/execute/builtin-constant.c execution,  -Os 
FAIL: gcc.dg/20021014-1.c (test for excess errors)
WARNING: gcc.dg/20021014-1.c compilation failed to produce executable
FAIL: gcc.dg/inline-1.c scan-assembler-not xyzzy

		=== gcc Summary ===

# of expected passes		20024
# of unexpected failures	7
# of expected failures		62
# of unsupported tests		156
/xxx/gnu/gcc-3.3/objdir/gcc/xgcc version 3.3 20021109 (experimental)

		=== objc tests ===


Running target unix

		=== objc Summary ===

# of expected passes		1153
/xxx/gnu/gcc-3.3/objdir/gcc/xgcc version 3.3 20021109 (experimental)

		=== libstdc++-v3 tests ===


Running target unix
XPASS: 22_locale/collate_members_wchar_t.cc execution test
XPASS: 22_locale/ctype_is_wchar_t.cc execution test
XPASS: 22_locale/money_get_members_wchar_t.cc execution test
XPASS: 22_locale/money_put_members_wchar_t.cc execution test
XPASS: 22_locale/moneypunct_members_wchar_t.cc execution test
XPASS: 22_locale/num_get_members_wchar_t.cc execution test
XPASS: 22_locale/num_put_members_wchar_t.cc execution test
XPASS: 22_locale/numpunct_members_wchar_t.cc execution test
XPASS: 22_locale/time_get_members_wchar_t.cc execution test
XPASS: 22_locale/time_put_members_wchar_t.cc execution test
FAIL: 26_numerics/c99_classification_macros_c.cc (test for excess errors)

		=== libstdc++-v3 Summary ===

# of expected passes		405
# of unexpected failures	1
# of unexpected successes	10
# of expected failures		17
# of unsupported tests		6

Compiler version: 3.3 20021109 (experimental) 
Platform: hppa2.0w-hp-hpux11.11
configure flags: --host=hppa2.0w-hp-hpux11.11 --with-gnu-as --with-as=/opt/gnu/bin/as --enable-shared --disable-nls --prefix=/opt/gnu --with-local-prefix=/opt/gnu



More information about the Gcc-testresults mailing list