Results for 3.2.120021107(prerelease) testsuite on armv5l-unknown-linux-gnu

jeroen.dobbelaere@acunia.com jeroen.dobbelaere@acunia.com
Thu Nov 7 17:22:00 GMT 2002


kernel : 2.4.16-rmk1-xng1
ebinutils-2.13.90.0.10
glibc-2.2.5 + arm patch

LAST_UPDATED: Thu Nov  7 16:42:19 UTC 2002

Native configuration is armv5l-unknown-linux-gnu

		=== libjava tests ===


Running target unix

		=== libjava Summary ===

# of expected passes		2061
# of expected failures		18
# of untested testcases		14
		=== libstdc++-v3 tests ===


Running target unix
FAIL: 18_support/numeric_limits.cc execution test
XPASS: 22_locale/ctype_is_wchar_t.cc execution test
FAIL: 26_numerics/c99_classification_macros_c.cc (test for excess errors)

		=== libstdc++-v3 Summary ===

# of expected passes		409
# of unexpected failures	2
# of unexpected successes	1
# of expected failures		25
		=== g++ tests ===


Running target unix
FAIL: g++.dg/abi/vbase10.C  (test for warnings, line 6)

		=== g++ Summary ===

# of expected passes		7305
# of unexpected failures	1
# of expected failures		89
# of untested testcases		23
# of unsupported tests		6
/usr/src/cvs-others/gcc-trees/gcc-3.2-branch/build-tmp-0/gcc/testsuite/../g++ version 3.2.1 20021107 (prerelease)

		=== g77 tests ===


Running target unix

		=== g77 Summary ===

# of expected passes		1452
# of unsupported tests		8
/usr/src/cvs-others/gcc-trees/gcc-3.2-branch/build-tmp-0/gcc/testsuite/../g77 version 3.2.1 20021107 (prerelease)

		=== gcc tests ===


Running target unix
FAIL: gcc.c-torture/execute/20020201-1.c execution,  -O0 
FAIL: gcc.c-torture/execute/20020201-1.c execution,  -O1 
FAIL: gcc.c-torture/execute/20020201-1.c execution,  -O2 
FAIL: gcc.c-torture/execute/20020201-1.c execution,  -O3 -fomit-frame-pointer 
FAIL: gcc.c-torture/execute/20020201-1.c execution,  -O3 -g 
FAIL: gcc.c-torture/execute/20020201-1.c execution,  -Os 
FAIL: gcc.c-torture/execute/20020307-2.c execution,  -O0 
FAIL: gcc.c-torture/execute/20020307-2.c execution,  -O1 
FAIL: gcc.c-torture/execute/20020307-2.c execution,  -O2 
FAIL: gcc.c-torture/execute/20020307-2.c execution,  -O3 -fomit-frame-pointer 
FAIL: gcc.c-torture/execute/20020307-2.c execution,  -O3 -fomit-frame-pointer -funroll-loops 
FAIL: gcc.c-torture/execute/20020307-2.c execution,  -O3 -fomit-frame-pointer -funroll-all-loops -finline-functions 
FAIL: gcc.c-torture/execute/20020307-2.c execution,  -O3 -g 
FAIL: gcc.c-torture/execute/20020307-2.c execution,  -Os 
FAIL: gcc.c-torture/execute/920501-2.c execution,  -O0 
FAIL: gcc.c-torture/execute/920501-2.c execution,  -O1 
FAIL: gcc.c-torture/execute/920501-2.c execution,  -O2 
FAIL: gcc.c-torture/execute/920501-2.c execution,  -O3 -fomit-frame-pointer 
FAIL: gcc.c-torture/execute/920501-2.c execution,  -O3 -fomit-frame-pointer -funroll-loops 
FAIL: gcc.c-torture/execute/920501-2.c execution,  -O3 -fomit-frame-pointer -funroll-all-loops -finline-functions 
FAIL: gcc.c-torture/execute/920501-2.c execution,  -O3 -g 
FAIL: gcc.c-torture/execute/920501-2.c execution,  -Os 
FAIL: gcc.c-torture/execute/920501-6.c execution,  -O0 
FAIL: gcc.c-torture/execute/920501-6.c execution,  -O1 
FAIL: gcc.c-torture/execute/920501-6.c execution,  -O2 
FAIL: gcc.c-torture/execute/920501-6.c execution,  -O3 -fomit-frame-pointer 
FAIL: gcc.c-torture/execute/920501-6.c execution,  -O3 -fomit-frame-pointer -funroll-loops 
FAIL: gcc.c-torture/execute/920501-6.c execution,  -O3 -fomit-frame-pointer -funroll-all-loops -finline-functions 
FAIL: gcc.c-torture/execute/920501-6.c execution,  -O3 -g 
FAIL: gcc.c-torture/execute/920501-6.c execution,  -Os 
FAIL: gcc.c-torture/execute/920604-1.c execution,  -O0 
FAIL: gcc.c-torture/execute/920604-1.c execution,  -O1 
FAIL: gcc.c-torture/execute/920604-1.c execution,  -O2 
FAIL: gcc.c-torture/execute/920604-1.c execution,  -Os 
FAIL: gcc.c-torture/execute/990208-1.c execution,  -O3 -fomit-frame-pointer 
FAIL: gcc.c-torture/execute/990208-1.c execution,  -O3 -g 
FAIL: gcc.c-torture/execute/divconst-3.c execution,  -O0 
FAIL: gcc.c-torture/execute/divconst-3.c execution,  -O1 
FAIL: gcc.c-torture/execute/divconst-3.c execution,  -O2 
FAIL: gcc.c-torture/execute/divconst-3.c execution,  -O3 -fomit-frame-pointer 
FAIL: gcc.c-torture/execute/divconst-3.c execution,  -O3 -g 
FAIL: gcc.c-torture/execute/divconst-3.c execution,  -Os 
FAIL: gcc.dg/20021014-1.c execution test
FAIL: gcc.dg/pack-test-1.c (test for excess errors)
FAIL: gcc.dg/pack-test-2.c  (test for errors, line 7)
FAIL: gcc.dg/pack-test-2.c  (test for errors, line 14)
FAIL: gcc.dg/pack-test-2.c  (test for errors, line 19)
FAIL: gcc.dg/pack-test-2.c (test for excess errors)
FAIL: gcc.misc-tests/gcov-4b.c gcov: 309: expected branch percentages not found: 25

		=== gcc Summary ===

# of expected passes		18312
# of unexpected failures	49
# of expected failures		66
# of unsupported tests		117
/usr/src/cvs-others/gcc-trees/gcc-3.2-branch/build-tmp-0/gcc/xgcc version 3.2.1 20021107 (prerelease)

		=== objc tests ===


Running target unix

		=== objc Summary ===

# of expected passes		1035
# of expected failures		6
/usr/src/cvs-others/gcc-trees/gcc-3.2-branch/build-tmp-0/gcc/xgcc version 3.2.1 20021107 (prerelease)


Compiler version: 3.2.120021107(prerelease) 
Platform: armv5l-unknown-linux-gnu
configure flags: --host=armv5l-unknown-linux-gnu --prefix=/usr/local/gcc-3.2-cvs --with-cpu=xscale



More information about the Gcc-testresults mailing list