Results for 3.2 testsuite on alphaev56-dec-osf5.1

Rolf von Kuhlmann kuhlmann@helios.mpch-mainz.mpg.de
Wed Nov 6 09:37:00 GMT 2002


All languages were built. The flag "--enable-languages=c++,java" was
only to rebuilt these because the first attempt failed.

Tweaks needed for java. See: 

http://gcc.gnu.org/ml/gcc/2002-08/msg01082.html

or

http://gcc.gnu.org/ml/gcc/2002-07/msg01368.html

#########################################################

LAST_UPDATED: 
Native configuration is alphaev56-dec-osf5.1

		=== libjava tests ===


Running target unix
FAIL: cxxtest.c compilation
FAIL: TLtest compilation from bytecode
FAIL: TLtest -O compilation from bytecode
FAIL: Throw_2 execution from source compiled test
FAIL: Throw_2 execution from bytecode->native test
FAIL: Throw_2 -O execution from source compiled test
FAIL: Throw_2 -O execution from bytecode->native test
FAIL: invokethrow execution from source compiled test
FAIL: invokethrow execution from bytecode->native test
FAIL: invokethrow -O execution from source compiled test
FAIL: invokethrow -O execution from bytecode->native test

		=== libjava Summary ===

# of expected passes		1974
# of unexpected failures	11
# of expected failures		18
# of untested testcases		102
		=== libstdc++-v3 tests ===


Running target unix
XPASS: 22_locale/collate_members_wchar_t.cc execution test
XPASS: 22_locale/ctype_is_wchar_t.cc execution test
XPASS: 22_locale/money_get_members_wchar_t.cc execution test
XPASS: 22_locale/money_put_members_wchar_t.cc execution test
XPASS: 22_locale/moneypunct_members_wchar_t.cc execution test
XPASS: 22_locale/num_get_members_wchar_t.cc execution test
XPASS: 22_locale/num_put_members_wchar_t.cc execution test
XPASS: 22_locale/numpunct_members_wchar_t.cc execution test
XPASS: 22_locale/time_get_members_wchar_t.cc execution test
XPASS: 22_locale/time_put_members_wchar_t.cc execution test
FAIL: 26_numerics/complex_inserters_extractors.cc execution test
FAIL: 27_io/istream_extractor_arith.cc execution test

		=== libstdc++-v3 Summary ===

# of expected passes		395
# of unexpected failures	2
# of unexpected successes	10
# of expected failures		16
# of unsupported tests		6
		=== g++ tests ===


Running target unix
FAIL: g++.dg/special/conpr-1.C execution test
FAIL: g++.dg/special/conpr-2.C execution test
FAIL: g++.dg/special/conpr-3.C execution test
FAIL: g++.dg/special/conpr-3.C execution test
FAIL: g++.dg/special/initp1.C execution test

		=== g++ Summary ===

# of expected passes		7242
# of unexpected failures	5
# of expected failures		90
# of untested testcases		22
# of unsupported tests		5
/soft/gcc/gcc-3.2_obj/gcc/testsuite/../g++ version 3.2

		=== gcc tests ===


Running target unix
FAIL: gcc.c-torture/compile/labels-3.c,  -O0  
FAIL: gcc.c-torture/compile/labels-3.c,  -O1  
FAIL: gcc.c-torture/compile/labels-3.c,  -O2  
FAIL: gcc.c-torture/compile/labels-3.c,  -O3 -fomit-frame-pointer  
FAIL: gcc.c-torture/compile/labels-3.c,  -O3 -g  
FAIL: gcc.c-torture/compile/labels-3.c,  -Os  
FAIL: gcc.dg/cpp/wchar-1.c execution test
XPASS: gcc.dg/c99-intconst-1.c (test for excess errors)
FAIL: gcc.dg/inline-2.c scan-assembler bsr

		=== gcc Summary ===

# of expected passes		18414
# of unexpected failures	8
# of unexpected successes	1
# of expected failures		73
# of unsupported tests		116
/soft/gcc/gcc-3.2_obj/gcc/xgcc version 3.2


Compiler version: 3.2
 
Platform: alphaev56-dec-osf5.1
configure flags: --host=alphaev56-dec-osf5.1 --prefix=/soft/gcc/v3.2 --with-local-prefix=/soft/gcc/v3.2 --disable-nls --enable-libgcj --enable-languages=c++,java



More information about the Gcc-testresults mailing list