Results for 3.3 20021105 (experimental) testsuite on i686-pc-linux-gnu

Joe Buck jbuck@synopsys.com
Wed Nov 6 08:38:00 GMT 2002


Red Hat Linux 7.2
glibc: glibc-2.2.4-30
binutils: binutils-2.11.90.0.8-12
kernel-2.4.7-10

LAST_UPDATED: Tue Nov  5 17:48:39 UTC 2002

Native configuration is i686-pc-linux-gnu

		=== g77 tests ===


Running target unix

		=== g77 Summary ===

# of expected passes		1654
/var/tmp/gcc-trunk/gcc/testsuite/../g77 version 3.3 20021105 (experimental)

		=== gcc tests ===


Running target unix
FAIL: gcc.c-torture/execute/builtin-constant.c execution,  -O1 
FAIL: gcc.c-torture/execute/builtin-constant.c execution,  -O2 
FAIL: gcc.c-torture/execute/builtin-constant.c execution,  -O3 -fomit-frame-pointer 
FAIL: gcc.c-torture/execute/builtin-constant.c execution,  -O3 -g 
FAIL: gcc.c-torture/execute/builtin-constant.c execution,  -Os 

		=== gcc Summary ===

# of expected passes		20509
# of unexpected failures	5
# of expected failures		63
# of unsupported tests		65
/var/tmp/gcc-trunk/gcc/xgcc version 3.3 20021105 (experimental)

		=== g++ tests ===


Running target unix
FAIL: g++.dg/opt/vtgc1.C scan-assembler-dem .vtable_inherit[ 	]*vtable for Multivv3.*0
FAIL: g++.dg/opt/vtgc1.C scan-assembler-dem .vtable_inherit[ 	]*VTT for Multivv3.*0
FAIL: g++.dg/opt/vtgc1.C scan-assembler-dem .vtable_inherit[ 	]*vtable for Multiss2.*vtable for Base2
FAIL: g++.dg/opt/vtgc1.C scan-assembler-dem .vtable_inherit[ 	]*vtable for Multivs1.*vtable for Base2
FAIL: g++.dg/opt/vtgc1.C scan-assembler-dem .vtable_inherit[ 	]*VTT for Multivs1.*vtable for Base2
FAIL: g++.dg/opt/vtgc1.C scan-assembler-dem .vtable_inherit[ 	]*vtable for Multisv0.*vtable for Side0
FAIL: g++.dg/opt/vtgc1.C scan-assembler-dem .vtable_inherit[ 	]*VTT for Multisv0.*vtable for Side0
FAIL: g++.dg/opt/vtgc1.C scan-assembler-dem .vtable_inherit[ 	]*vtable for Side0.*0
FAIL: g++.dg/opt/vtgc1.C scan-assembler-dem .vtable_inherit[ 	]*vtable for VbasedA.*0
FAIL: g++.dg/opt/vtgc1.C scan-assembler-dem .vtable_inherit[ 	]*VTT for VbasedA.*0
FAIL: g++.dg/opt/vtgc1.C scan-assembler-dem .vtable_inherit[ 	]*vtable for Base2.*vtable for Base1
FAIL: g++.dg/opt/vtgc1.C scan-assembler-dem .vtable_inherit[ 	]*vtable for Base1.*vtable for Base0
FAIL: g++.dg/opt/vtgc1.C scan-assembler-dem .vtable_inherit[ 	]*vtable for Base0.*0
FAIL: g++.dg/warn/Wunused-2.C  (test for warnings, line 5)

		=== g++ Summary ===

# of expected passes		7802
# of unexpected failures	14
# of expected failures		92
# of untested testcases		9
# of unsupported tests		3
/var/tmp/gcc-trunk/gcc/testsuite/../g++ version 3.3 20021105 (experimental)

		=== objc tests ===


Running target unix

		=== objc Summary ===

# of expected passes		1153
/var/tmp/gcc-trunk/gcc/xgcc version 3.3 20021105 (experimental)

		=== libjava tests ===


Running target unix
FAIL: PR1343 compilation from bytecode
FAIL: PR1343 -O compilation from bytecode
FAIL: pr7912 compilation from bytecode
FAIL: pr7912 -O compilation from bytecode
FAIL: initexc compilation from bytecode
FAIL: initexc -O compilation from bytecode
FAIL: /var/tmp/gcc-trunk/i686-pc-linux-gnu/libjava/testsuite/TestEarlyGC.exe output - /var/tmp/gcc-trunk/i686-pc-linux-gnu/libjava/testsuite/TestEarlyGC.exe

		=== libjava Summary ===

# of expected passes		2832
# of unexpected failures	7
# of expected failures		14
# of untested testcases		12
		=== libstdc++-v3 tests ===


Running target unix
XPASS: 22_locale/ctype_is_char.cc execution test
XPASS: 22_locale/ctype_is_wchar_t.cc execution test
XPASS: 22_locale/members.cc execution test
XPASS: 22_locale/messages_byname.cc execution test
XPASS: 22_locale/messages_members_char.cc execution test
XPASS: 22_locale/money_get_members_char.cc execution test
XPASS: 22_locale/money_get_members_wchar_t.cc execution test
XPASS: 22_locale/money_put_members_char.cc execution test
XPASS: 22_locale/money_put_members_wchar_t.cc execution test
XPASS: 22_locale/moneypunct_byname.cc execution test
XPASS: 22_locale/moneypunct_members_char.cc execution test
XPASS: 22_locale/moneypunct_members_wchar_t.cc execution test
XPASS: 22_locale/num_get_members_char.cc execution test
XPASS: 22_locale/num_get_members_wchar_t.cc execution test
XPASS: 22_locale/num_put_members_char.cc execution test
XPASS: 22_locale/num_put_members_wchar_t.cc execution test
XPASS: 22_locale/numpunct_byname.cc execution test
XPASS: 22_locale/numpunct_members_char.cc execution test
XPASS: 22_locale/numpunct_members_wchar_t.cc execution test
XPASS: 22_locale/time_get_members_char.cc execution test
XPASS: 22_locale/time_get_members_wchar_t.cc execution test
XPASS: 22_locale/time_put_members_char.cc execution test
XPASS: 22_locale/time_put_members_wchar_t.cc execution test
FAIL: 26_numerics/c99_classification_macros_c.cc (test for excess errors)

		=== libstdc++-v3 Summary ===

# of expected passes		417
# of unexpected failures	1
# of unexpected successes	23
# of expected failures		4

Compiler version: 3.3 20021105 (experimental) 
Platform: i686-pc-linux-gnu
configure flags: --host=i686-pc-linux-gnu --prefix=/usr/localdisk/gcc-trunk



More information about the Gcc-testresults mailing list