Results for 3.3 20021104 (experimental) testsuite on powerpc-apple-darwin6.0

rbrown64@csc.com.au rbrown64@csc.com.au
Tue Nov 5 20:37:00 GMT 2002


LAST_UPDATED:
Native configuration is powerpc-apple-darwin6.0

            === g++ tests ===


Running target unix
FAIL: g++.dg/compat/break/bitfield7 y_tst.o compile
FAIL: g++.dg/compat/break/bitfield7 x_tst.o-y_tst.o link
UNRESOLVED: g++.dg/compat/break/bitfield7 x_tst.o-y_tst.o execute
FAIL: g++.dg/compat/eh/ctor1 x_tst.o-y_tst.o execute
FAIL: g++.dg/compat/eh/ctor2 x_tst.o-y_tst.o execute
FAIL: g++.dg/compat/eh/dtor1 x_tst.o-y_tst.o execute
FAIL: g++.dg/compat/eh/filter1 x_tst.o-y_tst.o execute
FAIL: g++.dg/compat/eh/filter2 x_tst.o-y_tst.o execute
FAIL: g++.dg/compat/eh/new1 x_tst.o-y_tst.o execute
FAIL: g++.dg/compat/eh/nrv1 x_tst.o-y_tst.o execute
FAIL: g++.dg/compat/eh/spec3 x_tst.o-y_tst.o execute
FAIL: g++.dg/compat/eh/template1 x_tst.o-y_tst.o execute
FAIL: g++.dg/compat/eh/unexpected1 x_tst.o-y_tst.o execute
FAIL: g++.dg/compat/init/array5 x_tst.o-y_tst.o execute
FAIL: g++.dg/abi/offsetof.C  (test for warnings, line 21)
FAIL: g++.dg/eh/ctor1.C execution test
FAIL: g++.dg/eh/ctor2.C execution test
FAIL: g++.dg/eh/dtor1.C execution test
FAIL: g++.dg/eh/filter1.C execution test
FAIL: g++.dg/eh/filter2.C execution test
FAIL: g++.dg/eh/loop1.C execution test
FAIL: g++.dg/eh/new1.C execution test
FAIL: g++.dg/eh/omit-frame-pointer.C execution test
FAIL: g++.dg/eh/registers1.C execution test
FAIL: g++.dg/eh/spec3.C execution test
FAIL: g++.dg/eh/template1.C execution test
FAIL: g++.dg/eh/unexpected1.C execution test
FAIL: g++.dg/init/array5.C execution test
FAIL: g++.dg/init/ctor1.C execution test
FAIL: g++.dg/parse/stack1.C (test for excess errors)
FAIL: g++.dg/warn/Wunused-2.C  (test for warnings, line 5)
FAIL: g++.dg/warn/weak1.C (test for excess errors)
FAIL: g++.dg/special/conpr-3.C execution test
FAIL: g++.abi/cxa_vec.C  Execution test
FAIL: g++.brendan/eh1.C  Execution test
FAIL: g++.eh/badalloc1.C (test for excess errors)
FAIL: g++.eh/badalloc1.C  Execution test
FAIL: g++.eh/catch11.C  Execution test
FAIL: g++.eh/catch12.C  Execution test
FAIL: g++.eh/catch3.C  Execution test
FAIL: g++.eh/catch3p.C  Execution test
FAIL: g++.eh/catch4.C  Execution test
FAIL: g++.eh/catch4p.C  Execution test
FAIL: g++.eh/catch5.C  Execution test
FAIL: g++.eh/catch5p.C  Execution test
FAIL: g++.eh/catch6.C  Execution test
FAIL: g++.eh/catch6p.C  Execution test
FAIL: g++.eh/catch7.C  Execution test
FAIL: g++.eh/catch7p.C  Execution test
FAIL: g++.eh/catch8.C  Execution test
FAIL: g++.eh/catch8p.C  Execution test
FAIL: g++.eh/catch9.C  Execution test
FAIL: g++.eh/catch9p.C  Execution test
FAIL: g++.eh/catchptr1.C  Execution test
FAIL: g++.eh/cleanup1.C  Execution test
FAIL: g++.eh/cleanup2.C  Execution test
FAIL: g++.eh/flow1.C  Execution test
FAIL: g++.eh/fntry1.C  Execution test
FAIL: g++.eh/ia64-1.C  Execution test
FAIL: g++.eh/inline2.C  Execution test
FAIL: g++.eh/new1.C  Execution test
FAIL: g++.eh/new2.C  Execution test
FAIL: g++.eh/pdel1.C  Execution test
FAIL: g++.eh/pdel2.C  Execution test
FAIL: g++.eh/ptr1.C  Execution test
FAIL: g++.eh/ptrmem1.C  Execution test
FAIL: g++.eh/rethrow1.C  Execution test
FAIL: g++.eh/rethrow2.C  Execution test
FAIL: g++.eh/rethrow3.C  Execution test
FAIL: g++.eh/rethrow4.C  Execution test
FAIL: g++.eh/rethrow5.C  Execution test
FAIL: g++.eh/rethrow6.C  Execution test
FAIL: g++.eh/spec1.C  Execution test
FAIL: g++.eh/spec2.C  Execution test
FAIL: g++.eh/spec3.C  Execution test
FAIL: g++.eh/spec4.C  Execution test
FAIL: g++.eh/terminate1.C  Execution test
FAIL: g++.eh/terminate2.C  Execution test
FAIL: g++.eh/tmpl1.C  Execution test
FAIL: g++.eh/unwind1.C  Execution test
FAIL: g++.eh/vbase1.C  Execution test
FAIL: g++.eh/vbase2.C  Execution test
FAIL: g++.eh/vbase4.C  Execution test
FAIL: g++.ext/attrib5.C (test for excess errors)
FAIL: g++.law/ctors2.C  Execution test
FAIL: g++.martin/new1.C  Execution test
FAIL: g++.mike/dyncast1.C  Execution test
FAIL: g++.mike/dyncast2.C  Execution test
FAIL: g++.mike/eh10.C  Execution test
FAIL: g++.mike/eh12.C  Execution test
FAIL: g++.mike/eh14.C  Execution test
FAIL: g++.mike/eh16.C  Execution test
FAIL: g++.mike/eh17.C  Execution test
FAIL: g++.mike/eh18.C  Execution test
FAIL: g++.mike/eh2.C  Execution test
FAIL: g++.mike/eh21.C  Execution test
FAIL: g++.mike/eh23.C  Execution test
FAIL: g++.mike/eh24.C  Execution test
FAIL: g++.mike/eh25.C  Execution test
FAIL: g++.mike/eh26.C  Execution test
FAIL: g++.mike/eh27.C  Execution test
FAIL: g++.mike/eh28.C  Execution test
FAIL: g++.mike/eh29.C  Execution test
FAIL: g++.mike/eh3.C  Execution test
FAIL: g++.mike/eh31.C  Execution test
FAIL: g++.mike/eh33.C  Execution test
FAIL: g++.mike/eh34.C  Execution test
FAIL: g++.mike/eh35.C  Execution test
FAIL: g++.mike/eh36.C  Execution test
FAIL: g++.mike/eh37.C  Execution test
FAIL: g++.mike/eh38.C  Execution test
FAIL: g++.mike/eh39.C  Execution test
FAIL: g++.mike/eh40.C  Execution test
FAIL: g++.mike/eh41.C  Execution test
FAIL: g++.mike/eh42.C  Execution test
FAIL: g++.mike/eh44.C  Execution test
FAIL: g++.mike/eh47.C  Execution test
FAIL: g++.mike/eh48.C  Execution test
FAIL: g++.mike/eh49.C  Execution test
FAIL: g++.mike/eh5.C  Execution test
FAIL: g++.mike/eh50.C  Execution test
FAIL: g++.mike/eh51.C  Execution test
FAIL: g++.mike/eh55.C  Execution test
FAIL: g++.mike/eh6.C  Execution test
FAIL: g++.mike/eh8.C  Execution test
FAIL: g++.mike/p7912.C  Execution test
FAIL: g++.mike/p9706.C  Execution test
FAIL: g++.oliva/delete3.C  Execution test
FAIL: g++.oliva/new1.C  Execution test
FAIL: g++.other/array1.C  Execution test
FAIL: g++.other/comdat3.C (test for excess errors)
FAIL: g++.other/eh3.C  Execution test
FAIL: g++.other/init7.C  Execution test
FAIL: g++.other/mangle3.C (test for excess errors)
FAIL: g++.other/new7.C  Execution test
FAIL: g++.other/singleton.C  Execution test
FAIL: g++.other/vbase2.C  Execution test
FAIL: g++.pt/fntry1.C  Execution test
FAIL: g++.pt/static3.C (test for excess errors)
FAIL: g++.pt/static6.C (test for excess errors)
FAIL: g++.robertl/eb31.C  Execution test
FAIL: g++.robertl/eb50.C  Execution test
FAIL: g++.robertl/eb66.C  Execution test
FAIL: g++.robertl/eb88.C  Execution test
FAIL: g++.robertl/eh990323-1.C  Execution test
FAIL: g++.robertl/eh990323-2.C  Execution test
FAIL: g++.robertl/eh990323-3.C  Execution test
FAIL: g++.robertl/eh990323-4.C  Execution test
FAIL: g++.robertl/eh990323-5.C  Execution test
FAIL: g++.robertl/ice990323-2.C  Execution test

            === g++ Summary ===

# of expected passes          7507
# of unexpected failures      149
# of expected failures        95
# of unresolved testcases     1
# of untested testcases       23
# of unsupported tests        14
/devel/src/gcc-20021104.obj/gcc/testsuite/../g++ version 3.3 20021104 (experimental)

            === g77 tests ===


Running target unix
FAIL: g77.dg/7388.f (test for excess errors)
WARNING: g77.dg/7388.f compilation failed to produce executable
FAIL: g77.dg/7388.f (test for excess errors)
WARNING: g77.dg/7388.f compilation failed to produce executable
FAIL: g77.dg/7388.f (test for excess errors)
WARNING: g77.dg/7388.f compilation failed to produce executable
FAIL: g77.dg/7388.f (test for excess errors)
WARNING: g77.dg/7388.f compilation failed to produce executable
FAIL: g77.dg/7388.f (test for excess errors)
WARNING: g77.dg/7388.f compilation failed to produce executable
FAIL: g77.dg/7388.f (test for excess errors)
WARNING: g77.dg/7388.f compilation failed to produce executable

            === g77 Summary ===

# of expected passes          1626
# of unexpected failures      6
# of unsupported tests        8
/devel/src/gcc-20021104.obj/gcc/testsuite/../g77 version 3.3 20021104 (experimental)

            === gcc tests ===


Running target unix
FAIL: gcc.c-torture/compile/20001226-1.c,  -O2
FAIL: gcc.c-torture/compile/20001226-1.c,  -O3 -fomit-frame-pointer
FAIL: gcc.c-torture/compile/20001226-1.c,  -O3 -g
FAIL: gcc.c-torture/compile/simd-4.c,  -Os
FAIL: gcc.c-torture/execute/20020412-1.c execution,  -O0
FAIL: gcc.c-torture/execute/20020412-1.c execution,  -O1
FAIL: gcc.c-torture/execute/20020412-1.c execution,  -O2
FAIL: gcc.c-torture/execute/20020412-1.c execution,  -O3 -fomit-frame-pointer
FAIL: gcc.c-torture/execute/20020412-1.c execution,  -O3 -fomit-frame-pointer -funroll-loops
FAIL: gcc.c-torture/execute/20020412-1.c execution,  -O3 -fomit-frame-pointer -funroll-all-loops -finline-functions
FAIL: gcc.c-torture/execute/20020412-1.c execution,  -O3 -g
FAIL: gcc.c-torture/execute/20020412-1.c execution,  -Os
FAIL: gcc.c-torture/execute/builtin-constant.c execution,  -O1
FAIL: gcc.c-torture/execute/builtin-constant.c execution,  -O2
FAIL: gcc.c-torture/execute/builtin-constant.c execution,  -O3 -fomit-frame-pointer
FAIL: gcc.c-torture/execute/builtin-constant.c execution,  -O3 -g
FAIL: gcc.c-torture/execute/builtin-constant.c execution,  -Os
FAIL: gcc.c-torture/execute/pure-1.c compilation,  -O1
UNRESOLVED: gcc.c-torture/execute/pure-1.c execution,  -O1
FAIL: gcc.c-torture/execute/pure-1.c compilation,  -O2
UNRESOLVED: gcc.c-torture/execute/pure-1.c execution,  -O2
FAIL: gcc.c-torture/execute/pure-1.c compilation,  -Os
UNRESOLVED: gcc.c-torture/execute/pure-1.c execution,  -Os
FAIL: gcc.c-torture/execute/simd-2.c compilation,  -Os
UNRESOLVED: gcc.c-torture/execute/simd-2.c execution,  -Os
FAIL: gcc.dg/20020425-1.c (test for excess errors)
FAIL: gcc.dg/c90-intconst-1.c (test for excess errors)
FAIL: gcc.dg/c99-intconst-1.c (test for excess errors)
FAIL: gcc.dg/struct-by-value-1.c (test for excess errors)
WARNING: gcc.dg/struct-by-value-1.c compilation failed to produce executable
FAIL: gcc.dg/wchar_t-1.c (test for excess errors)
FAIL: gcc.dg/wint_t-1.c (test for excess errors)
FAIL: gcc.dg/format/c99-scanf-3.c vfscanf (test for warnings, line 21)
FAIL: gcc.dg/format/c99-scanf-3.c vfscanf (test for warnings, line 21)
FAIL: gcc.dg/format/ext-6.c vfscanf (test for warnings, line 42)
FAIL: gcc.dg/format/ext-6.c vfscanf (test for warnings, line 42)
FAIL: gcc.dg/noncompile/990416-1.c (test for excess errors)
UNRESOLVED: weak-1.c
UNRESOLVED: weak-2.c
UNRESOLVED: wkali-1.c
UNRESOLVED: wkali-2.c
UNRESOLVED: gcc.dg/weak

            === gcc Summary ===

# of expected passes          20471
# of unexpected failures      32
# of expected failures        62
# of unresolved testcases     9
# of unsupported tests        141
            === objc tests ===


Running target unix
FAIL: objc/execute/IMP.m compilation,  -O0
UNRESOLVED: objc/execute/IMP.m execution,  -O0
FAIL: objc/execute/IMP.m compilation,  -O1
UNRESOLVED: objc/execute/IMP.m execution,  -O1
FAIL: objc/execute/IMP.m compilation,  -O2
UNRESOLVED: objc/execute/IMP.m execution,  -O2
FAIL: objc/execute/IMP.m compilation,  -O3 -fomit-frame-pointer
UNRESOLVED: objc/execute/IMP.m execution,  -O3 -fomit-frame-pointer
FAIL: objc/execute/IMP.m compilation,  -O3 -g
UNRESOLVED: objc/execute/IMP.m execution,  -O3 -g
FAIL: objc/execute/IMP.m compilation,  -Os
UNRESOLVED: objc/execute/IMP.m execution,  -Os
FAIL: objc/execute/_cmd.m compilation,  -O0
UNRESOLVED: objc/execute/_cmd.m execution,  -O0
FAIL: objc/execute/_cmd.m compilation,  -O1
UNRESOLVED: objc/execute/_cmd.m execution,  -O1
FAIL: objc/execute/_cmd.m compilation,  -O2
UNRESOLVED: objc/execute/_cmd.m execution,  -O2
FAIL: objc/execute/_cmd.m compilation,  -O3 -fomit-frame-pointer
UNRESOLVED: objc/execute/_cmd.m execution,  -O3 -fomit-frame-pointer
FAIL: objc/execute/_cmd.m compilation,  -O3 -g
UNRESOLVED: objc/execute/_cmd.m execution,  -O3 -g
FAIL: objc/execute/_cmd.m compilation,  -Os
UNRESOLVED: objc/execute/_cmd.m execution,  -Os
FAIL: objc/execute/bf-1.m compilation,  -O0
UNRESOLVED: objc/execute/bf-1.m execution,  -O0
FAIL: objc/execute/bf-1.m compilation,  -O1
UNRESOLVED: objc/execute/bf-1.m execution,  -O1
FAIL: objc/execute/bf-1.m compilation,  -O2
UNRESOLVED: objc/execute/bf-1.m execution,  -O2
FAIL: objc/execute/bf-1.m compilation,  -O3 -fomit-frame-pointer
UNRESOLVED: objc/execute/bf-1.m execution,  -O3 -fomit-frame-pointer
FAIL: objc/execute/bf-1.m compilation,  -O3 -g
UNRESOLVED: objc/execute/bf-1.m execution,  -O3 -g
FAIL: objc/execute/bf-1.m compilation,  -Os
UNRESOLVED: objc/execute/bf-1.m execution,  -Os
FAIL: objc/execute/bf-10.m compilation,  -O0
UNRESOLVED: objc/execute/bf-10.m execution,  -O0
FAIL: objc/execute/bf-10.m compilation,  -O1
UNRESOLVED: objc/execute/bf-10.m execution,  -O1
FAIL: objc/execute/bf-10.m compilation,  -O2
UNRESOLVED: objc/execute/bf-10.m execution,  -O2
FAIL: objc/execute/bf-10.m compilation,  -O3 -fomit-frame-pointer
UNRESOLVED: objc/execute/bf-10.m execution,  -O3 -fomit-frame-pointer
FAIL: objc/execute/bf-10.m compilation,  -O3 -g
UNRESOLVED: objc/execute/bf-10.m execution,  -O3 -g
FAIL: objc/execute/bf-10.m compilation,  -Os
UNRESOLVED: objc/execute/bf-10.m execution,  -Os
FAIL: objc/execute/bf-11.m compilation,  -O0
UNRESOLVED: objc/execute/bf-11.m execution,  -O0
FAIL: objc/execute/bf-11.m compilation,  -O1
UNRESOLVED: objc/execute/bf-11.m execution,  -O1
FAIL: objc/execute/bf-11.m compilation,  -O2
UNRESOLVED: objc/execute/bf-11.m execution,  -O2
FAIL: objc/execute/bf-11.m compilation,  -O3 -fomit-frame-pointer
UNRESOLVED: objc/execute/bf-11.m execution,  -O3 -fomit-frame-pointer
FAIL: objc/execute/bf-11.m compilation,  -O3 -g
UNRESOLVED: objc/execute/bf-11.m execution,  -O3 -g
FAIL: objc/execute/bf-11.m compilation,  -Os
UNRESOLVED: objc/execute/bf-11.m execution,  -Os
FAIL: objc/execute/bf-12.m compilation,  -O0
UNRESOLVED: objc/execute/bf-12.m execution,  -O0
FAIL: objc/execute/bf-12.m compilation,  -O1
UNRESOLVED: objc/execute/bf-12.m execution,  -O1
FAIL: objc/execute/bf-12.m compilation,  -O2
UNRESOLVED: objc/execute/bf-12.m execution,  -O2
FAIL: objc/execute/bf-12.m compilation,  -O3 -fomit-frame-pointer
UNRESOLVED: objc/execute/bf-12.m execution,  -O3 -fomit-frame-pointer
FAIL: objc/execute/bf-12.m compilation,  -O3 -g
UNRESOLVED: objc/execute/bf-12.m execution,  -O3 -g
FAIL: objc/execute/bf-12.m compilation,  -Os
UNRESOLVED: objc/execute/bf-12.m execution,  -Os
FAIL: objc/execute/bf-13.m compilation,  -O0
UNRESOLVED: objc/execute/bf-13.m execution,  -O0
FAIL: objc/execute/bf-13.m compilation,  -O1
UNRESOLVED: objc/execute/bf-13.m execution,  -O1
FAIL: objc/execute/bf-13.m compilation,  -O2
UNRESOLVED: objc/execute/bf-13.m execution,  -O2
FAIL: objc/execute/bf-13.m compilation,  -O3 -fomit-frame-pointer
UNRESOLVED: objc/execute/bf-13.m execution,  -O3 -fomit-frame-pointer
FAIL: objc/execute/bf-13.m compilation,  -O3 -g
UNRESOLVED: objc/execute/bf-13.m execution,  -O3 -g
FAIL: objc/execute/bf-13.m compilation,  -Os
UNRESOLVED: objc/execute/bf-13.m execution,  -Os
FAIL: objc/execute/bf-14.m compilation,  -O0
UNRESOLVED: objc/execute/bf-14.m execution,  -O0
FAIL: objc/execute/bf-14.m compilation,  -O1
UNRESOLVED: objc/execute/bf-14.m execution,  -O1
FAIL: objc/execute/bf-14.m compilation,  -O2
UNRESOLVED: objc/execute/bf-14.m execution,  -O2
FAIL: objc/execute/bf-14.m compilation,  -O3 -fomit-frame-pointer
UNRESOLVED: objc/execute/bf-14.m execution,  -O3 -fomit-frame-pointer
FAIL: objc/execute/bf-14.m compilation,  -O3 -g
UNRESOLVED: objc/execute/bf-14.m execution,  -O3 -g
FAIL: objc/execute/bf-14.m compilation,  -Os
UNRESOLVED: objc/execute/bf-14.m execution,  -Os
FAIL: objc/execute/bf-15.m compilation,  -O0
UNRESOLVED: objc/execute/bf-15.m execution,  -O0
FAIL: objc/execute/bf-15.m compilation,  -O1
UNRESOLVED: objc/execute/bf-15.m execution,  -O1
FAIL: objc/execute/bf-15.m compilation,  -O2
UNRESOLVED: objc/execute/bf-15.m execution,  -O2
FAIL: objc/execute/bf-15.m compilation,  -O3 -fomit-frame-pointer
UNRESOLVED: objc/execute/bf-15.m execution,  -O3 -fomit-frame-pointer
FAIL: objc/execute/bf-15.m compilation,  -O3 -g
UNRESOLVED: objc/execute/bf-15.m execution,  -O3 -g
FAIL: objc/execute/bf-15.m compilation,  -Os
UNRESOLVED: objc/execute/bf-15.m execution,  -Os
FAIL: objc/execute/bf-16.m compilation,  -O0
UNRESOLVED: objc/execute/bf-16.m execution,  -O0
FAIL: objc/execute/bf-16.m compilation,  -O1
UNRESOLVED: objc/execute/bf-16.m execution,  -O1
FAIL: objc/execute/bf-16.m compilation,  -O2
UNRESOLVED: objc/execute/bf-16.m execution,  -O2
FAIL: objc/execute/bf-16.m compilation,  -O3 -fomit-frame-pointer
UNRESOLVED: objc/execute/bf-16.m execution,  -O3 -fomit-frame-pointer
FAIL: objc/execute/bf-16.m compilation,  -O3 -g
UNRESOLVED: objc/execute/bf-16.m execution,  -O3 -g
FAIL: objc/execute/bf-16.m compilation,  -Os
UNRESOLVED: objc/execute/bf-16.m execution,  -Os
FAIL: objc/execute/bf-17.m compilation,  -O0
UNRESOLVED: objc/execute/bf-17.m execution,  -O0
FAIL: objc/execute/bf-17.m compilation,  -O1
UNRESOLVED: objc/execute/bf-17.m execution,  -O1
FAIL: objc/execute/bf-17.m compilation,  -O2
UNRESOLVED: objc/execute/bf-17.m execution,  -O2
FAIL: objc/execute/bf-17.m compilation,  -O3 -fomit-frame-pointer
UNRESOLVED: objc/execute/bf-17.m execution,  -O3 -fomit-frame-pointer
FAIL: objc/execute/bf-17.m compilation,  -O3 -g
UNRESOLVED: objc/execute/bf-17.m execution,  -O3 -g
FAIL: objc/execute/bf-17.m compilation,  -Os
UNRESOLVED: objc/execute/bf-17.m execution,  -Os
FAIL: objc/execute/bf-18.m compilation,  -O0
UNRESOLVED: objc/execute/bf-18.m execution,  -O0
FAIL: objc/execute/bf-18.m compilation,  -O1
UNRESOLVED: objc/execute/bf-18.m execution,  -O1
FAIL: objc/execute/bf-18.m compilation,  -O2
UNRESOLVED: objc/execute/bf-18.m execution,  -O2
FAIL: objc/execute/bf-18.m compilation,  -O3 -fomit-frame-pointer
UNRESOLVED: objc/execute/bf-18.m execution,  -O3 -fomit-frame-pointer
FAIL: objc/execute/bf-18.m compilation,  -O3 -g
UNRESOLVED: objc/execute/bf-18.m execution,  -O3 -g
FAIL: objc/execute/bf-18.m compilation,  -Os
UNRESOLVED: objc/execute/bf-18.m execution,  -Os
FAIL: objc/execute/bf-19.m compilation,  -O0
UNRESOLVED: objc/execute/bf-19.m execution,  -O0
FAIL: objc/execute/bf-19.m compilation,  -O1
UNRESOLVED: objc/execute/bf-19.m execution,  -O1
FAIL: objc/execute/bf-19.m compilation,  -O2
UNRESOLVED: objc/execute/bf-19.m execution,  -O2
FAIL: objc/execute/bf-19.m compilation,  -O3 -fomit-frame-pointer
UNRESOLVED: objc/execute/bf-19.m execution,  -O3 -fomit-frame-pointer
FAIL: objc/execute/bf-19.m compilation,  -O3 -g
UNRESOLVED: objc/execute/bf-19.m execution,  -O3 -g
FAIL: objc/execute/bf-19.m compilation,  -Os
UNRESOLVED: objc/execute/bf-19.m execution,  -Os
FAIL: objc/execute/bf-2.m compilation,  -O0
UNRESOLVED: objc/execute/bf-2.m execution,  -O0
FAIL: objc/execute/bf-2.m compilation,  -O1
UNRESOLVED: objc/execute/bf-2.m execution,  -O1
FAIL: objc/execute/bf-2.m compilation,  -O2
UNRESOLVED: objc/execute/bf-2.m execution,  -O2
FAIL: objc/execute/bf-2.m compilation,  -O3 -fomit-frame-pointer
UNRESOLVED: objc/execute/bf-2.m execution,  -O3 -fomit-frame-pointer
FAIL: objc/execute/bf-2.m compilation,  -O3 -g
UNRESOLVED: objc/execute/bf-2.m execution,  -O3 -g
FAIL: objc/execute/bf-2.m compilation,  -Os
UNRESOLVED: objc/execute/bf-2.m execution,  -Os
FAIL: objc/execute/bf-20.m compilation,  -O0
UNRESOLVED: objc/execute/bf-20.m execution,  -O0
FAIL: objc/execute/bf-20.m compilation,  -O1
UNRESOLVED: objc/execute/bf-20.m execution,  -O1
FAIL: objc/execute/bf-20.m compilation,  -O2
UNRESOLVED: objc/execute/bf-20.m execution,  -O2
FAIL: objc/execute/bf-20.m compilation,  -O3 -fomit-frame-pointer
UNRESOLVED: objc/execute/bf-20.m execution,  -O3 -fomit-frame-pointer
FAIL: objc/execute/bf-20.m compilation,  -O3 -g
UNRESOLVED: objc/execute/bf-20.m execution,  -O3 -g
FAIL: objc/execute/bf-20.m compilation,  -Os
UNRESOLVED: objc/execute/bf-20.m execution,  -Os
FAIL: objc/execute/bf-21.m compilation,  -O0
UNRESOLVED: objc/execute/bf-21.m execution,  -O0
FAIL: objc/execute/bf-21.m compilation,  -O1
UNRESOLVED: objc/execute/bf-21.m execution,  -O1
FAIL: objc/execute/bf-21.m compilation,  -O2
UNRESOLVED: objc/execute/bf-21.m execution,  -O2
FAIL: objc/execute/bf-21.m compilation,  -O3 -fomit-frame-pointer
UNRESOLVED: objc/execute/bf-21.m execution,  -O3 -fomit-frame-pointer
FAIL: objc/execute/bf-21.m compilation,  -O3 -g
UNRESOLVED: objc/execute/bf-21.m execution,  -O3 -g
FAIL: objc/execute/bf-21.m compilation,  -Os
UNRESOLVED: objc/execute/bf-21.m execution,  -Os
FAIL: objc/execute/bf-3.m compilation,  -O0
UNRESOLVED: objc/execute/bf-3.m execution,  -O0
FAIL: objc/execute/bf-3.m compilation,  -O1
UNRESOLVED: objc/execute/bf-3.m execution,  -O1
FAIL: objc/execute/bf-3.m compilation,  -O2
UNRESOLVED: objc/execute/bf-3.m execution,  -O2
FAIL: objc/execute/bf-3.m compilation,  -O3 -fomit-frame-pointer
UNRESOLVED: objc/execute/bf-3.m execution,  -O3 -fomit-frame-pointer
FAIL: objc/execute/bf-3.m compilation,  -O3 -g
UNRESOLVED: objc/execute/bf-3.m execution,  -O3 -g
FAIL: objc/execute/bf-3.m compilation,  -Os
UNRESOLVED: objc/execute/bf-3.m execution,  -Os
FAIL: objc/execute/bf-4.m compilation,  -O0
UNRESOLVED: objc/execute/bf-4.m execution,  -O0
FAIL: objc/execute/bf-4.m compilation,  -O1
UNRESOLVED: objc/execute/bf-4.m execution,  -O1
FAIL: objc/execute/bf-4.m compilation,  -O2
UNRESOLVED: objc/execute/bf-4.m execution,  -O2
FAIL: objc/execute/bf-4.m compilation,  -O3 -fomit-frame-pointer
UNRESOLVED: objc/execute/bf-4.m execution,  -O3 -fomit-frame-pointer
FAIL: objc/execute/bf-4.m compilation,  -O3 -g
UNRESOLVED: objc/execute/bf-4.m execution,  -O3 -g
FAIL: objc/execute/bf-4.m compilation,  -Os
UNRESOLVED: objc/execute/bf-4.m execution,  -Os
FAIL: objc/execute/bf-5.m compilation,  -O0
UNRESOLVED: objc/execute/bf-5.m execution,  -O0
FAIL: objc/execute/bf-5.m compilation,  -O1
UNRESOLVED: objc/execute/bf-5.m execution,  -O1
FAIL: objc/execute/bf-5.m compilation,  -O2
UNRESOLVED: objc/execute/bf-5.m execution,  -O2
FAIL: objc/execute/bf-5.m compilation,  -O3 -fomit-frame-pointer
UNRESOLVED: objc/execute/bf-5.m execution,  -O3 -fomit-frame-pointer
FAIL: objc/execute/bf-5.m compilation,  -O3 -g
UNRESOLVED: objc/execute/bf-5.m execution,  -O3 -g
FAIL: objc/execute/bf-5.m compilation,  -Os
UNRESOLVED: objc/execute/bf-5.m execution,  -Os
FAIL: objc/execute/bf-6.m compilation,  -O0
UNRESOLVED: objc/execute/bf-6.m execution,  -O0
FAIL: objc/execute/bf-6.m compilation,  -O1
UNRESOLVED: objc/execute/bf-6.m execution,  -O1
FAIL: objc/execute/bf-6.m compilation,  -O2
UNRESOLVED: objc/execute/bf-6.m execution,  -O2
FAIL: objc/execute/bf-6.m compilation,  -O3 -fomit-frame-pointer
UNRESOLVED: objc/execute/bf-6.m execution,  -O3 -fomit-frame-pointer
FAIL: objc/execute/bf-6.m compilation,  -O3 -g
UNRESOLVED: objc/execute/bf-6.m execution,  -O3 -g
FAIL: objc/execute/bf-6.m compilation,  -Os
UNRESOLVED: objc/execute/bf-6.m execution,  -Os
FAIL: objc/execute/bf-7.m compilation,  -O0
UNRESOLVED: objc/execute/bf-7.m execution,  -O0
FAIL: objc/execute/bf-7.m compilation,  -O1
UNRESOLVED: objc/execute/bf-7.m execution,  -O1
FAIL: objc/execute/bf-7.m compilation,  -O2
UNRESOLVED: objc/execute/bf-7.m execution,  -O2
FAIL: objc/execute/bf-7.m compilation,  -O3 -fomit-frame-pointer
UNRESOLVED: objc/execute/bf-7.m execution,  -O3 -fomit-frame-pointer
FAIL: objc/execute/bf-7.m compilation,  -O3 -g
UNRESOLVED: objc/execute/bf-7.m execution,  -O3 -g
FAIL: objc/execute/bf-7.m compilation,  -Os
UNRESOLVED: objc/execute/bf-7.m execution,  -Os
FAIL: objc/execute/bf-8.m compilation,  -O0
UNRESOLVED: objc/execute/bf-8.m execution,  -O0
FAIL: objc/execute/bf-8.m compilation,  -O1
UNRESOLVED: objc/execute/bf-8.m execution,  -O1
FAIL: objc/execute/bf-8.m compilation,  -O2
UNRESOLVED: objc/execute/bf-8.m execution,  -O2
FAIL: objc/execute/bf-8.m compilation,  -O3 -fomit-frame-pointer
UNRESOLVED: objc/execute/bf-8.m execution,  -O3 -fomit-frame-pointer
FAIL: objc/execute/bf-8.m compilation,  -O3 -g
UNRESOLVED: objc/execute/bf-8.m execution,  -O3 -g
FAIL: objc/execute/bf-8.m compilation,  -Os
UNRESOLVED: objc/execute/bf-8.m execution,  -Os
FAIL: objc/execute/bf-9.m compilation,  -O0
UNRESOLVED: objc/execute/bf-9.m execution,  -O0
FAIL: objc/execute/bf-9.m compilation,  -O1
UNRESOLVED: objc/execute/bf-9.m execution,  -O1
FAIL: objc/execute/bf-9.m compilation,  -O2
UNRESOLVED: objc/execute/bf-9.m execution,  -O2
FAIL: objc/execute/bf-9.m compilation,  -O3 -fomit-frame-pointer
UNRESOLVED: objc/execute/bf-9.m execution,  -O3 -fomit-frame-pointer
FAIL: objc/execute/bf-9.m compilation,  -O3 -g
UNRESOLVED: objc/execute/bf-9.m execution,  -O3 -g
FAIL: objc/execute/bf-9.m compilation,  -Os
UNRESOLVED: objc/execute/bf-9.m execution,  -Os
FAIL: objc/execute/bycopy-3.m compilation,  -O0
UNRESOLVED: objc/execute/bycopy-3.m execution,  -O0
FAIL: objc/execute/bycopy-3.m compilation,  -O1
UNRESOLVED: objc/execute/bycopy-3.m execution,  -O1
FAIL: objc/execute/bycopy-3.m compilation,  -O2
UNRESOLVED: objc/execute/bycopy-3.m execution,  -O2
FAIL: objc/execute/bycopy-3.m compilation,  -O3 -fomit-frame-pointer
UNRESOLVED: objc/execute/bycopy-3.m execution,  -O3 -fomit-frame-pointer
FAIL: objc/execute/bycopy-3.m compilation,  -O3 -g
UNRESOLVED: objc/execute/bycopy-3.m execution,  -O3 -g
FAIL: objc/execute/bycopy-3.m compilation,  -Os
UNRESOLVED: objc/execute/bycopy-3.m execution,  -Os
FAIL: objc/execute/class-1.m compilation,  -O0
UNRESOLVED: objc/execute/class-1.m execution,  -O0
FAIL: objc/execute/class-1.m compilation,  -O1
UNRESOLVED: objc/execute/class-1.m execution,  -O1
FAIL: objc/execute/class-1.m compilation,  -O2
UNRESOLVED: objc/execute/class-1.m execution,  -O2
FAIL: objc/execute/class-1.m compilation,  -O3 -fomit-frame-pointer
UNRESOLVED: objc/execute/class-1.m execution,  -O3 -fomit-frame-pointer
FAIL: objc/execute/class-1.m compilation,  -O3 -g
UNRESOLVED: objc/execute/class-1.m execution,  -O3 -g
FAIL: objc/execute/class-1.m compilation,  -Os
UNRESOLVED: objc/execute/class-1.m execution,  -Os
FAIL: objc/execute/class-10.m compilation,  -O0
UNRESOLVED: objc/execute/class-10.m execution,  -O0
FAIL: objc/execute/class-10.m compilation,  -O1
UNRESOLVED: objc/execute/class-10.m execution,  -O1
FAIL: objc/execute/class-10.m compilation,  -O2
UNRESOLVED: objc/execute/class-10.m execution,  -O2
FAIL: objc/execute/class-10.m compilation,  -O3 -fomit-frame-pointer
UNRESOLVED: objc/execute/class-10.m execution,  -O3 -fomit-frame-pointer
FAIL: objc/execute/class-10.m compilation,  -O3 -g
UNRESOLVED: objc/execute/class-10.m execution,  -O3 -g
FAIL: objc/execute/class-10.m compilation,  -Os
UNRESOLVED: objc/execute/class-10.m execution,  -Os
FAIL: objc/execute/class-11.m compilation,  -O0
UNRESOLVED: objc/execute/class-11.m execution,  -O0
FAIL: objc/execute/class-11.m compilation,  -O1
UNRESOLVED: objc/execute/class-11.m execution,  -O1
FAIL: objc/execute/class-11.m compilation,  -O2
UNRESOLVED: objc/execute/class-11.m execution,  -O2
FAIL: objc/execute/class-11.m compilation,  -O3 -fomit-frame-pointer
UNRESOLVED: objc/execute/class-11.m execution,  -O3 -fomit-frame-pointer
FAIL: objc/execute/class-11.m compilation,  -O3 -g
UNRESOLVED: objc/execute/class-11.m execution,  -O3 -g
FAIL: objc/execute/class-11.m compilation,  -Os
UNRESOLVED: objc/execute/class-11.m execution,  -Os
FAIL: objc/execute/class-12.m compilation,  -O0
UNRESOLVED: objc/execute/class-12.m execution,  -O0
FAIL: objc/execute/class-12.m compilation,  -O1
UNRESOLVED: objc/execute/class-12.m execution,  -O1
FAIL: objc/execute/class-12.m compilation,  -O2
UNRESOLVED: objc/execute/class-12.m execution,  -O2
FAIL: objc/execute/class-12.m compilation,  -O3 -fomit-frame-pointer
UNRESOLVED: objc/execute/class-12.m execution,  -O3 -fomit-frame-pointer
FAIL: objc/execute/class-12.m compilation,  -O3 -g
UNRESOLVED: objc/execute/class-12.m execution,  -O3 -g
FAIL: objc/execute/class-12.m compilation,  -Os
UNRESOLVED: objc/execute/class-12.m execution,  -Os
FAIL: objc/execute/class-13.m compilation,  -O0
UNRESOLVED: objc/execute/class-13.m execution,  -O0
FAIL: objc/execute/class-13.m compilation,  -O1
UNRESOLVED: objc/execute/class-13.m execution,  -O1
FAIL: objc/execute/class-13.m compilation,  -O2
UNRESOLVED: objc/execute/class-13.m execution,  -O2
FAIL: objc/execute/class-13.m compilation,  -O3 -fomit-frame-pointer
UNRESOLVED: objc/execute/class-13.m execution,  -O3 -fomit-frame-pointer
FAIL: objc/execute/class-13.m compilation,  -O3 -g
UNRESOLVED: objc/execute/class-13.m execution,  -O3 -g
FAIL: objc/execute/class-13.m compilation,  -Os
UNRESOLVED: objc/execute/class-13.m execution,  -Os
FAIL: objc/execute/class-14.m compilation,  -O0
UNRESOLVED: objc/execute/class-14.m execution,  -O0
FAIL: objc/execute/class-14.m compilation,  -O1
UNRESOLVED: objc/execute/class-14.m execution,  -O1
FAIL: objc/execute/class-14.m compilation,  -O2
UNRESOLVED: objc/execute/class-14.m execution,  -O2
FAIL: objc/execute/class-14.m compilation,  -O3 -fomit-frame-pointer
UNRESOLVED: objc/execute/class-14.m execution,  -O3 -fomit-frame-pointer
FAIL: objc/execute/class-14.m compilation,  -O3 -g
UNRESOLVED: objc/execute/class-14.m execution,  -O3 -g
FAIL: objc/execute/class-14.m compilation,  -Os
UNRESOLVED: objc/execute/class-14.m execution,  -Os
FAIL: objc/execute/class-2.m compilation,  -O0
UNRESOLVED: objc/execute/class-2.m execution,  -O0
FAIL: objc/execute/class-2.m compilation,  -O1
UNRESOLVED: objc/execute/class-2.m execution,  -O1
FAIL: objc/execute/class-2.m compilation,  -O2
UNRESOLVED: objc/execute/class-2.m execution,  -O2
FAIL: objc/execute/class-2.m compilation,  -O3 -fomit-frame-pointer
UNRESOLVED: objc/execute/class-2.m execution,  -O3 -fomit-frame-pointer
FAIL: objc/execute/class-2.m compilation,  -O3 -g
UNRESOLVED: objc/execute/class-2.m execution,  -O3 -g
FAIL: objc/execute/class-2.m compilation,  -Os
UNRESOLVED: objc/execute/class-2.m execution,  -Os
FAIL: objc/execute/class-3.m compilation,  -O0
UNRESOLVED: objc/execute/class-3.m execution,  -O0
FAIL: objc/execute/class-3.m compilation,  -O1
UNRESOLVED: objc/execute/class-3.m execution,  -O1
FAIL: objc/execute/class-3.m compilation,  -O2
UNRESOLVED: objc/execute/class-3.m execution,  -O2
FAIL: objc/execute/class-3.m compilation,  -O3 -fomit-frame-pointer
UNRESOLVED: objc/execute/class-3.m execution,  -O3 -fomit-frame-pointer
FAIL: objc/execute/class-3.m compilation,  -O3 -g
UNRESOLVED: objc/execute/class-3.m execution,  -O3 -g
FAIL: objc/execute/class-3.m compilation,  -Os
UNRESOLVED: objc/execute/class-3.m execution,  -Os
FAIL: objc/execute/class-4.m compilation,  -O0
UNRESOLVED: objc/execute/class-4.m execution,  -O0
FAIL: objc/execute/class-4.m compilation,  -O1
UNRESOLVED: objc/execute/class-4.m execution,  -O1
FAIL: objc/execute/class-4.m compilation,  -O2
UNRESOLVED: objc/execute/class-4.m execution,  -O2
FAIL: objc/execute/class-4.m compilation,  -O3 -fomit-frame-pointer
UNRESOLVED: objc/execute/class-4.m execution,  -O3 -fomit-frame-pointer
FAIL: objc/execute/class-4.m compilation,  -O3 -g
UNRESOLVED: objc/execute/class-4.m execution,  -O3 -g
FAIL: objc/execute/class-4.m compilation,  -Os
UNRESOLVED: objc/execute/class-4.m execution,  -Os
FAIL: objc/execute/class-5.m compilation,  -O0
UNRESOLVED: objc/execute/class-5.m execution,  -O0
FAIL: objc/execute/class-5.m compilation,  -O1
UNRESOLVED: objc/execute/class-5.m execution,  -O1
FAIL: objc/execute/class-5.m compilation,  -O2
UNRESOLVED: objc/execute/class-5.m execution,  -O2
FAIL: objc/execute/class-5.m compilation,  -O3 -fomit-frame-pointer
UNRESOLVED: objc/execute/class-5.m execution,  -O3 -fomit-frame-pointer
FAIL: objc/execute/class-5.m compilation,  -O3 -g
UNRESOLVED: objc/execute/class-5.m execution,  -O3 -g
FAIL: objc/execute/class-5.m compilation,  -Os
UNRESOLVED: objc/execute/class-5.m execution,  -Os
FAIL: objc/execute/class-6.m compilation,  -O0
UNRESOLVED: objc/execute/class-6.m execution,  -O0
FAIL: objc/execute/class-6.m compilation,  -O1
UNRESOLVED: objc/execute/class-6.m execution,  -O1
FAIL: objc/execute/class-6.m compilation,  -O2
UNRESOLVED: objc/execute/class-6.m execution,  -O2
FAIL: objc/execute/class-6.m compilation,  -O3 -fomit-frame-pointer
UNRESOLVED: objc/execute/class-6.m execution,  -O3 -fomit-frame-pointer
FAIL: objc/execute/class-6.m compilation,  -O3 -g
UNRESOLVED: objc/execute/class-6.m execution,  -O3 -g
FAIL: objc/execute/class-6.m compilation,  -Os
UNRESOLVED: objc/execute/class-6.m execution,  -Os
FAIL: objc/execute/class-7.m compilation,  -O0
UNRESOLVED: objc/execute/class-7.m execution,  -O0
FAIL: objc/execute/class-7.m compilation,  -O1
UNRESOLVED: objc/execute/class-7.m execution,  -O1
FAIL: objc/execute/class-7.m compilation,  -O2
UNRESOLVED: objc/execute/class-7.m execution,  -O2
FAIL: objc/execute/class-7.m compilation,  -O3 -fomit-frame-pointer
UNRESOLVED: objc/execute/class-7.m execution,  -O3 -fomit-frame-pointer
FAIL: objc/execute/class-7.m compilation,  -O3 -g
UNRESOLVED: objc/execute/class-7.m execution,  -O3 -g
FAIL: objc/execute/class-7.m compilation,  -Os
UNRESOLVED: objc/execute/class-7.m execution,  -Os
FAIL: objc/execute/class-8.m compilation,  -O0
UNRESOLVED: objc/execute/class-8.m execution,  -O0
FAIL: objc/execute/class-8.m compilation,  -O1
UNRESOLVED: objc/execute/class-8.m execution,  -O1
FAIL: objc/execute/class-8.m compilation,  -O2
UNRESOLVED: objc/execute/class-8.m execution,  -O2
FAIL: objc/execute/class-8.m compilation,  -O3 -fomit-frame-pointer
UNRESOLVED: objc/execute/class-8.m execution,  -O3 -fomit-frame-pointer
FAIL: objc/execute/class-8.m compilation,  -O3 -g
UNRESOLVED: objc/execute/class-8.m execution,  -O3 -g
FAIL: objc/execute/class-8.m compilation,  -Os
UNRESOLVED: objc/execute/class-8.m execution,  -Os
FAIL: objc/execute/class-9.m compilation,  -O0
UNRESOLVED: objc/execute/class-9.m execution,  -O0
FAIL: objc/execute/class-9.m compilation,  -O1
UNRESOLVED: objc/execute/class-9.m execution,  -O1
FAIL: objc/execute/class-9.m compilation,  -O2
UNRESOLVED: objc/execute/class-9.m execution,  -O2
FAIL: objc/execute/class-9.m compilation,  -O3 -fomit-frame-pointer
UNRESOLVED: objc/execute/class-9.m execution,  -O3 -fomit-frame-pointer
FAIL: objc/execute/class-9.m compilation,  -O3 -g
UNRESOLVED: objc/execute/class-9.m execution,  -O3 -g
FAIL: objc/execute/class-9.m compilation,  -Os
UNRESOLVED: objc/execute/class-9.m execution,  -Os
FAIL: objc/execute/class_self-1.m execution,  -O0
FAIL: objc/execute/class_self-1.m execution,  -O1
FAIL: objc/execute/class_self-1.m execution,  -O2
FAIL: objc/execute/class_self-1.m execution,  -O3 -fomit-frame-pointer
FAIL: objc/execute/class_self-1.m execution,  -O3 -g
FAIL: objc/execute/class_self-1.m execution,  -Os
FAIL: objc/execute/class_self-2.m execution,  -O0
FAIL: objc/execute/class_self-2.m execution,  -O1
FAIL: objc/execute/class_self-2.m execution,  -O2
FAIL: objc/execute/class_self-2.m execution,  -O3 -fomit-frame-pointer
FAIL: objc/execute/class_self-2.m execution,  -O3 -g
FAIL: objc/execute/class_self-2.m execution,  -Os
FAIL: objc/execute/many_args_method.m execution,  -O0
FAIL: objc/execute/many_args_method.m execution,  -O1
FAIL: objc/execute/many_args_method.m execution,  -O2
FAIL: objc/execute/many_args_method.m execution,  -O3 -fomit-frame-pointer
FAIL: objc/execute/many_args_method.m execution,  -O3 -g
FAIL: objc/execute/many_args_method.m execution,  -Os
FAIL: objc/execute/nested-3.m execution,  -O0
FAIL: objc/execute/nested-3.m execution,  -O1
FAIL: objc/execute/nested-3.m execution,  -O2
FAIL: objc/execute/nested-3.m execution,  -O3 -fomit-frame-pointer
FAIL: objc/execute/nested-3.m execution,  -O3 -g
FAIL: objc/execute/nested-3.m execution,  -Os
FAIL: objc/execute/np-2.m execution,  -O0
FAIL: objc/execute/np-2.m execution,  -O1
FAIL: objc/execute/np-2.m execution,  -O2
FAIL: objc/execute/np-2.m execution,  -O3 -fomit-frame-pointer
FAIL: objc/execute/np-2.m execution,  -O3 -g
FAIL: objc/execute/np-2.m execution,  -Os
FAIL: objc/execute/redefining_self.m execution,  -O0
FAIL: objc/execute/redefining_self.m execution,  -O1
FAIL: objc/execute/redefining_self.m execution,  -O2
FAIL: objc/execute/redefining_self.m execution,  -O3 -fomit-frame-pointer
FAIL: objc/execute/redefining_self.m execution,  -O3 -g
FAIL: objc/execute/redefining_self.m execution,  -Os
FAIL: objc/execute/root_methods.m compilation,  -O0
UNRESOLVED: objc/execute/root_methods.m execution,  -O0
FAIL: objc/execute/root_methods.m compilation,  -O1
UNRESOLVED: objc/execute/root_methods.m execution,  -O1
FAIL: objc/execute/root_methods.m compilation,  -O2
UNRESOLVED: objc/execute/root_methods.m execution,  -O2
FAIL: objc/execute/root_methods.m compilation,  -O3 -fomit-frame-pointer
UNRESOLVED: objc/execute/root_methods.m execution,  -O3 -fomit-frame-pointer
FAIL: objc/execute/root_methods.m compilation,  -O3 -g
UNRESOLVED: objc/execute/root_methods.m execution,  -O3 -g
FAIL: objc/execute/root_methods.m compilation,  -Os
UNRESOLVED: objc/execute/root_methods.m execution,  -Os
FAIL: objc/execute/static-1.m execution,  -O0
FAIL: objc/execute/static-1.m execution,  -O1
FAIL: objc/execute/static-1.m execution,  -O2
FAIL: objc/execute/static-1.m execution,  -O3 -fomit-frame-pointer
FAIL: objc/execute/static-1.m execution,  -O3 -g
FAIL: objc/execute/static-1.m execution,  -Os
FAIL: objc/execute/static-2.m execution,  -O0
FAIL: objc/execute/static-2.m execution,  -O1
FAIL: objc/execute/static-2.m execution,  -O2
FAIL: objc/execute/static-2.m execution,  -O3 -fomit-frame-pointer
FAIL: objc/execute/static-2.m execution,  -O3 -g
FAIL: objc/execute/static-2.m execution,  -Os
FAIL: objc/execute/string1.m compilation,  -O0
UNRESOLVED: objc/execute/string1.m execution,  -O0
FAIL: objc/execute/string1.m compilation,  -O1
UNRESOLVED: objc/execute/string1.m execution,  -O1
FAIL: objc/execute/string1.m compilation,  -O2
UNRESOLVED: objc/execute/string1.m execution,  -O2
FAIL: objc/execute/string1.m compilation,  -O3 -fomit-frame-pointer
UNRESOLVED: objc/execute/string1.m execution,  -O3 -fomit-frame-pointer
FAIL: objc/execute/string1.m compilation,  -O3 -g
UNRESOLVED: objc/execute/string1.m execution,  -O3 -g
FAIL: objc/execute/string1.m compilation,  -Os
UNRESOLVED: objc/execute/string1.m execution,  -Os
FAIL: objc/execute/string2.m compilation,  -O0
UNRESOLVED: objc/execute/string2.m execution,  -O0
FAIL: objc/execute/string2.m compilation,  -O1
UNRESOLVED: objc/execute/string2.m execution,  -O1
FAIL: objc/execute/string2.m compilation,  -O2
UNRESOLVED: objc/execute/string2.m execution,  -O2
FAIL: objc/execute/string2.m compilation,  -O3 -fomit-frame-pointer
UNRESOLVED: objc/execute/string2.m execution,  -O3 -fomit-frame-pointer
FAIL: objc/execute/string2.m compilation,  -O3 -g
UNRESOLVED: objc/execute/string2.m execution,  -O3 -g
FAIL: objc/execute/string2.m compilation,  -Os
UNRESOLVED: objc/execute/string2.m execution,  -Os
FAIL: objc/execute/string3.m compilation,  -O0
UNRESOLVED: objc/execute/string3.m execution,  -O0
FAIL: objc/execute/string3.m compilation,  -O1
UNRESOLVED: objc/execute/string3.m execution,  -O1
FAIL: objc/execute/string3.m compilation,  -O2
UNRESOLVED: objc/execute/string3.m execution,  -O2
FAIL: objc/execute/string3.m compilation,  -O3 -fomit-frame-pointer
UNRESOLVED: objc/execute/string3.m execution,  -O3 -fomit-frame-pointer
FAIL: objc/execute/string3.m compilation,  -O3 -g
UNRESOLVED: objc/execute/string3.m execution,  -O3 -g
FAIL: objc/execute/string3.m compilation,  -Os
UNRESOLVED: objc/execute/string3.m execution,  -Os
FAIL: objc/execute/string4.m compilation,  -O0
UNRESOLVED: objc/execute/string4.m execution,  -O0
FAIL: objc/execute/string4.m compilation,  -O1
UNRESOLVED: objc/execute/string4.m execution,  -O1
FAIL: objc/execute/string4.m compilation,  -O2
UNRESOLVED: objc/execute/string4.m execution,  -O2
FAIL: objc/execute/string4.m compilation,  -O3 -fomit-frame-pointer
UNRESOLVED: objc/execute/string4.m execution,  -O3 -fomit-frame-pointer
FAIL: objc/execute/string4.m compilation,  -O3 -g
UNRESOLVED: objc/execute/string4.m execution,  -O3 -g
FAIL: objc/execute/string4.m compilation,  -Os
UNRESOLVED: objc/execute/string4.m execution,  -Os
FAIL: objc/execute/va_method.m execution,  -O0
FAIL: objc/execute/va_method.m execution,  -O1
FAIL: objc/execute/va_method.m execution,  -O2
FAIL: objc/execute/va_method.m execution,  -O3 -fomit-frame-pointer
FAIL: objc/execute/va_method.m execution,  -O3 -fomit-frame-pointer -funroll-loops
FAIL: objc/execute/va_method.m execution,  -O3 -fomit-frame-pointer -funroll-all-loops -finline-functions
FAIL: objc/execute/va_method.m execution,  -O3 -g
FAIL: objc/execute/va_method.m execution,  -Os
FAIL: objc.dg/special/unclaimed-category-1.m (test for excess errors)
WARNING: objc.dg/special/unclaimed-category-1.m compilation failed to produce executable

            === objc Summary ===

# of expected passes          579
# of unexpected failures      315
# of unresolved testcases     258
/devel/src/gcc-20021104.obj/gcc/xgcc version 3.3 20021104 (experimental)

            === libstdc++-v3 tests ===


Running target unix
FAIL: 19_diagnostics/stdexceptions.cc execution test
FAIL: 21_strings/append.cc execution test
FAIL: 21_strings/ctor_copy_dtor.cc execution test
FAIL: 21_strings/element_access.cc execution test
FAIL: 21_strings/insert.cc execution test
FAIL: 21_strings/substr.cc execution test
XPASS: 22_locale/collate_members_wchar_t.cc execution test
XPASS: 22_locale/ctype_is_wchar_t.cc execution test
XPASS: 22_locale/money_get_members_wchar_t.cc execution test
XPASS: 22_locale/money_put_members_wchar_t.cc execution test
XPASS: 22_locale/moneypunct_members_wchar_t.cc execution test
XPASS: 22_locale/num_get_members_wchar_t.cc execution test
XPASS: 22_locale/num_put_members_wchar_t.cc execution test
XPASS: 22_locale/numpunct_members_wchar_t.cc execution test
XPASS: 22_locale/time_get_members_wchar_t.cc execution test
XPASS: 22_locale/time_put_members_wchar_t.cc execution test
FAIL: 23_containers/bitset_ctor.cc execution test
FAIL: 23_containers/bitset_members.cc execution test
FAIL: 23_containers/list_modifiers.cc execution test
FAIL: 23_containers/vector_element_access.cc execution test
FAIL: 26_numerics/c99_classification_macros_c.cc (test for excess errors)
FAIL: 27_io/ios_base_storage.cc execution test
FAIL: 27_io/ios_init.cc execution test
FAIL: 27_io/ios_members.cc execution test

            === libstdc++-v3 Summary ===

# of expected passes          392
# of unexpected failures      14
# of unexpected successes     10
# of expected failures        17
# of unsupported tests        6

Compiler version: 3.3 20021104 (experimental)
Platform: powerpc-apple-darwin6.0
configure flags: --host=powerpc-apple-darwin6.0
Counting all warnings,
there are 44 warnings in stage3 of this bootstrap.

Number of warnings per file:
   7 insn-emit.c
   6 gcc/unwind-dw2.c
   4 gcc/config/rs6000/altivec.md
   3 gcc/reload1.c
   3 gcc/config/rs6000/rs6000.c
   3 gcc/config/darwin.c
   2 gcc/varasm.c
   2 gcc/unwind-dw2-fde.c
   2 gcc/gcc.c
   2 gcc/f/sta.c
   2 /usr/share/bison.simple
   1 gcc/reload.c
   1 gcc/regmove.c
   1 gcc/loop.c
   1 gcc/java/lang.c
   1 gcc/java/jvspec.c
   1 gcc/java/jcf-io.c
   1 gcc/function.c
   1 gcc/emit-rtl.c

Number of warning types:
   9 comparison between signed and unsigned
   8 implicit declaration of function \`???'
   4 unused parameter \`???'
   4 operand 3 missing mode?
   3 unused variable \`???'
   3 string length \`???' is greater than the length \`???' ISO C89 compilers are required to support
   2 left shift count >= width of type
   2 initialization discards qualifiers from pointer target type
   2 dereferencing type-punned pointer will break strict-aliasing rules
   2 \`???' might be used uninitialized in this function
   2 ISO C forbids use of cast expressions as lvalues
   1 signed and unsigned type in conditional expression
   1 passing arg ??? of \`???' from incompatible pointer type
   1 function declaration isn't a prototype



More information about the Gcc-testresults mailing list