Results for 3.3 20021104 (experimental) testsuite on ia64-unknown-linux-gnu

Prince, Timothy C timothy.c.prince@intel.com
Tue Nov 5 12:38:00 GMT 2002


Native configuration is ia64-unknown-linux-gnu

		=== g77 tests ===


Running target unix

		=== g77 Summary ===

# of expected passes		1638
# of unsupported tests		8
/home/tim/src/gcc-20021014/l64/gcc/testsuite/../g77 version 3.3 20021104 (experimental)

		=== gcc tests ===


Running target unix
WARNING: program timed out.
FAIL: gcc.c-torture/compile/20001226-1.c,  -O3 -g  
WARNING: program timed out.
FAIL: gcc.c-torture/compile/20001226-1.c,  -Os  
XPASS: gcc.c-torture/compile/981223-1.c,  -O2  
XPASS: gcc.c-torture/compile/981223-1.c,  -O3 -fomit-frame-pointer  
XPASS: gcc.c-torture/compile/981223-1.c,  -O3 -g  
XPASS: gcc.c-torture/compile/981223-1.c,  -Os  
FAIL: gcc.c-torture/execute/builtin-constant.c execution,  -O1 
FAIL: gcc.c-torture/execute/builtin-constant.c execution,  -O2 
FAIL: gcc.c-torture/execute/builtin-constant.c execution,  -O3 -fomit-frame-pointer 
FAIL: gcc.c-torture/execute/builtin-constant.c execution,  -O3 -g 
FAIL: gcc.c-torture/execute/builtin-constant.c execution,  -Os 

		=== gcc Summary ===

# of expected passes		19983
# of unexpected failures	7
# of unexpected successes	4
# of expected failures		78
# of unsupported tests		136
/home/tim/src/gcc-20021014/l64/gcc/xgcc version 3.3 20021104 (experimental)

		=== g++ tests ===


Running target unix
FAIL: g++.dg/warn/Wunused-2.C  (test for warnings, line 5)
FAIL: g++.dg/tls/diag-1.C (test for excess errors)
FAIL: g++.dg/tls/diag-2.C (test for excess errors)
FAIL: g++.dg/tls/init-1.C (test for excess errors)
FAIL: g++.dg/tls/init-2.C (test for excess errors)
FAIL: g++.pt/repo3.C (test for excess errors)

		=== g++ Summary ===

# of expected passes		7570
# of unexpected failures	6
# of expected failures		92
# of untested testcases		23
# of unsupported tests		13
/home/tim/src/gcc-20021014/l64/gcc/testsuite/../g++ version 3.3 20021104 (experimental)

		=== objc tests ===


Running target unix

		=== objc Summary ===

# of expected passes		1153
/home/tim/src/gcc-20021014/l64/gcc/xgcc version 3.3 20021104 (experimental)

		=== libjava tests ===


Running target unix
FAIL: PR1343 compilation from bytecode
FAIL: PR1343 -O compilation from bytecode
FAIL: TestProxy execution - source compiled test
FAIL: TestProxy execution - gij test
FAIL: TestProxy execution - bytecode->native test
FAIL: TestProxy -O execution - source compiled test
FAIL: TestProxy execution - gij test
FAIL: TestProxy -O execution - bytecode->native test
FAIL: anon_ctor_itf_arg execution - gij test
FAIL: anon_ctor_itf_arg execution - gij test
FAIL: invoke_from_inner execution - gij test
FAIL: invoke_from_inner execution - gij test
FAIL: pr6388 output - source compiled test
FAIL: pr6388 output - gij test
FAIL: pr6388 output - bytecode->native test
FAIL: pr6388 -O output - source compiled test
FAIL: pr6388 output - gij test
FAIL: pr6388 -O output - bytecode->native test
ERROR: tcl error sourcing /home/tim/src/gcc-20021014/libjava/testsuite/libjava.loader/loader.exp.
ERROR: couldn't open "/home/tim/src/gcc-20021014/libjava/testsuite/libjava.loader/TestEarlyGC.out": no such file or directory

		=== libjava Summary ===

# of expected passes		2781
# of unexpected failures	18
# of expected failures		14
# of untested testcases		18
		=== libstdc++-v3 tests ===


Running target unix
XPASS: 22_locale/ctype_is_char.cc execution test
XPASS: 22_locale/ctype_is_wchar_t.cc execution test
XPASS: 22_locale/members.cc execution test
XPASS: 22_locale/messages_byname.cc execution test
XPASS: 22_locale/messages_members_char.cc execution test
XPASS: 22_locale/money_get_members_char.cc execution test
XPASS: 22_locale/money_get_members_wchar_t.cc execution test
XPASS: 22_locale/money_put_members_char.cc execution test
XPASS: 22_locale/money_put_members_wchar_t.cc execution test
XPASS: 22_locale/moneypunct_byname.cc execution test
XPASS: 22_locale/moneypunct_members_char.cc execution test
XPASS: 22_locale/moneypunct_members_wchar_t.cc execution test
XPASS: 22_locale/num_get_members_char.cc execution test
XPASS: 22_locale/num_get_members_wchar_t.cc execution test
XPASS: 22_locale/num_put_members_char.cc execution test
XPASS: 22_locale/num_put_members_wchar_t.cc execution test
XPASS: 22_locale/numpunct_byname.cc execution test
XPASS: 22_locale/numpunct_members_char.cc execution test
XPASS: 22_locale/numpunct_members_wchar_t.cc execution test
XPASS: 22_locale/time_get_members_char.cc execution test
XPASS: 22_locale/time_get_members_wchar_t.cc execution test
XPASS: 22_locale/time_put_members_char.cc execution test
XPASS: 22_locale/time_put_members_wchar_t.cc execution test
FAIL: 26_numerics/c99_classification_macros_c.cc (test for excess errors)
FAIL: 27_io/istream_seeks.cc execution test

		=== libstdc++-v3 Summary ===

# of expected passes		416
# of unexpected failures	2
# of unexpected successes	23
# of expected failures		4

Compiler version: 3.3 20021104 (experimental) 
Platform: ia64-unknown-linux-gnu
configure flags: --host=ia64-unknown-linux-gnu
Tim Prince



More information about the Gcc-testresults mailing list