Results for 3.3 20021104 (experimental) testsuite on arm-unknown-elf

Hans-Peter Nilsson hp@bitrange.com
Tue Nov 5 00:20:00 GMT 2002


Variations may appear at times due to local patches applied to GCC,
testsuite and DejaGNU.  Host compiler is pristine gcc-2.95.3, C only.

LAST_UPDATED: Mon Nov  4 18:12:21 GMT 2002

Target is arm-unknown-elf
Host   is arm-unknown-elf

		=== libstdc++-v3 tests ===


Running target arm-sim
XPASS: 22_locale/collate_members_wchar_t.cc execution test
XPASS: 22_locale/ctype_is_wchar_t.cc execution test
XPASS: 22_locale/money_get_members_wchar_t.cc execution test
XPASS: 22_locale/money_put_members_wchar_t.cc execution test
XPASS: 22_locale/moneypunct_members_wchar_t.cc execution test
XPASS: 22_locale/num_get_members_wchar_t.cc execution test
XPASS: 22_locale/num_put_members_wchar_t.cc execution test
XPASS: 22_locale/numpunct_members_wchar_t.cc execution test
XPASS: 22_locale/time_get_members_wchar_t.cc execution test
XPASS: 22_locale/time_put_members_wchar_t.cc execution test
FAIL: 26_numerics/c99_classification_macros_c.cc (test for excess errors)
FAIL: 27_io/filebuf_members.cc (test for excess errors)
WARNING: 27_io/filebuf_members.cc compilation failed to produce executable
FAIL: 27_io/ios_base_members_static.cc execution test
FAIL: 27_io/ios_base_storage.cc execution test

		=== libstdc++-v3 Summary ===

# of expected passes		401
# of unexpected failures	4
# of unexpected successes	10
# of expected failures		17
# of unsupported tests		6
Host   is i686-pc-linux-gnu

		=== g77 tests ===


Running target arm-sim
FAIL: g77.dg/bprob/g77-bprob-1.f compilation,  -g  -fprofile-arcs
UNRESOLVED: g77.dg/bprob/g77-bprob-1.f execution,    -g  -fprofile-arcs
UNRESOLVED: g77.dg/bprob/g77-bprob-1.f compilation,  -g  -fbranch-probabilities
UNRESOLVED: g77.dg/bprob/g77-bprob-1.f execution,    -g  -fbranch-probabilities
FAIL: g77.dg/bprob/g77-bprob-1.f compilation,  -O0  -fprofile-arcs
UNRESOLVED: g77.dg/bprob/g77-bprob-1.f execution,    -O0  -fprofile-arcs
UNRESOLVED: g77.dg/bprob/g77-bprob-1.f compilation,  -O0  -fbranch-probabilities
UNRESOLVED: g77.dg/bprob/g77-bprob-1.f execution,    -O0  -fbranch-probabilities
FAIL: g77.dg/bprob/g77-bprob-1.f compilation,  -O1  -fprofile-arcs
UNRESOLVED: g77.dg/bprob/g77-bprob-1.f execution,    -O1  -fprofile-arcs
UNRESOLVED: g77.dg/bprob/g77-bprob-1.f compilation,  -O1  -fbranch-probabilities
UNRESOLVED: g77.dg/bprob/g77-bprob-1.f execution,    -O1  -fbranch-probabilities
FAIL: g77.dg/bprob/g77-bprob-1.f compilation,  -O2  -fprofile-arcs
UNRESOLVED: g77.dg/bprob/g77-bprob-1.f execution,    -O2  -fprofile-arcs
UNRESOLVED: g77.dg/bprob/g77-bprob-1.f compilation,  -O2  -fbranch-probabilities
UNRESOLVED: g77.dg/bprob/g77-bprob-1.f execution,    -O2  -fbranch-probabilities
FAIL: g77.dg/bprob/g77-bprob-1.f compilation,  -O3  -fprofile-arcs
UNRESOLVED: g77.dg/bprob/g77-bprob-1.f execution,    -O3  -fprofile-arcs
UNRESOLVED: g77.dg/bprob/g77-bprob-1.f compilation,  -O3  -fbranch-probabilities
UNRESOLVED: g77.dg/bprob/g77-bprob-1.f execution,    -O3  -fbranch-probabilities
FAIL: g77.dg/bprob/g77-bprob-1.f compilation,  -O3 -g  -fprofile-arcs
UNRESOLVED: g77.dg/bprob/g77-bprob-1.f execution,    -O3 -g  -fprofile-arcs
UNRESOLVED: g77.dg/bprob/g77-bprob-1.f compilation,  -O3 -g  -fbranch-probabilities
UNRESOLVED: g77.dg/bprob/g77-bprob-1.f execution,    -O3 -g  -fbranch-probabilities
FAIL: g77.dg/bprob/g77-bprob-1.f compilation,  -Os  -fprofile-arcs
UNRESOLVED: g77.dg/bprob/g77-bprob-1.f execution,    -Os  -fprofile-arcs
UNRESOLVED: g77.dg/bprob/g77-bprob-1.f compilation,  -Os  -fbranch-probabilities
UNRESOLVED: g77.dg/bprob/g77-bprob-1.f execution,    -Os  -fbranch-probabilities
FAIL: g77.f-torture/execute/20001201.f execution,  -O0
FAIL: g77.f-torture/execute/20001201.f execution,  -O1
FAIL: g77.f-torture/execute/20001201.f execution,  -O2
FAIL: g77.f-torture/execute/20001201.f execution,  -O3 -fomit-frame-pointer
FAIL: g77.f-torture/execute/20001201.f execution,  -O3 -g
FAIL: g77.f-torture/execute/20001201.f execution,  -Os
FAIL: g77.f-torture/execute/6367.f execution,  -O0
FAIL: g77.f-torture/execute/6367.f execution,  -O1
FAIL: g77.f-torture/execute/6367.f execution,  -O2
FAIL: g77.f-torture/execute/6367.f execution,  -O3 -fomit-frame-pointer
FAIL: g77.f-torture/execute/6367.f execution,  -O3 -fomit-frame-pointer -funroll-loops
FAIL: g77.f-torture/execute/6367.f execution,  -O3 -fomit-frame-pointer -funroll-all-loops -finline-functions
FAIL: g77.f-torture/execute/6367.f execution,  -O3 -g
FAIL: g77.f-torture/execute/6367.f execution,  -Os
FAIL: g77.f-torture/execute/io0.f execution,  -O0
FAIL: g77.f-torture/execute/io0.f execution,  -O1
FAIL: g77.f-torture/execute/io0.f execution,  -O2
FAIL: g77.f-torture/execute/io0.f execution,  -O3 -fomit-frame-pointer
FAIL: g77.f-torture/execute/io0.f execution,  -O3 -g
FAIL: g77.f-torture/execute/io0.f execution,  -Os
FAIL: g77.f-torture/execute/io1.f execution,  -O0
FAIL: g77.f-torture/execute/io1.f execution,  -O1
FAIL: g77.f-torture/execute/io1.f execution,  -O2
FAIL: g77.f-torture/execute/io1.f execution,  -O3 -fomit-frame-pointer
FAIL: g77.f-torture/execute/io1.f execution,  -O3 -g
FAIL: g77.f-torture/execute/io1.f execution,  -Os
FAIL: g77.f-torture/execute/u77-test.f compilation,  -O0
FAIL: g77.f-torture/execute/u77-test.f compilation,  -O1
FAIL: g77.f-torture/execute/u77-test.f compilation,  -O2
FAIL: g77.f-torture/execute/u77-test.f compilation,  -O3 -fomit-frame-pointer
FAIL: g77.f-torture/execute/u77-test.f compilation,  -O3 -fomit-frame-pointer -funroll-loops
FAIL: g77.f-torture/execute/u77-test.f compilation,  -O3 -fomit-frame-pointer -funroll-all-loops -finline-functions
FAIL: g77.f-torture/execute/u77-test.f compilation,  -O3 -g
FAIL: g77.f-torture/execute/u77-test.f compilation,  -Os

		=== g77 Summary ===

# of expected passes		1571
# of unexpected failures	41
# of unresolved testcases	21
# of untested testcases		8
# of unsupported tests		9
/mnt/miscb3/builds2/arm-sim/gcc/testsuite/../g77 version 3.3 20021104 (experimental)

Host   is i686-pc-linux-gnu

		=== gcc tests ===


Running target arm-sim
FAIL: gcc.c-torture/execute/20020412-1.c execution,  -O0
FAIL: gcc.c-torture/execute/20020412-1.c execution,  -O1
FAIL: gcc.c-torture/execute/20020412-1.c execution,  -O2
FAIL: gcc.c-torture/execute/20020412-1.c execution,  -O3 -fomit-frame-pointer
FAIL: gcc.c-torture/execute/20020412-1.c execution,  -O3 -fomit-frame-pointer -funroll-loops
FAIL: gcc.c-torture/execute/20020412-1.c execution,  -O3 -fomit-frame-pointer -funroll-all-loops -finline-functions
FAIL: gcc.c-torture/execute/20020412-1.c execution,  -O3 -g
FAIL: gcc.c-torture/execute/20020412-1.c execution,  -Os
UNRESOLVED: gcc.c-torture/execute/20020720-1.c execution,  -O1
UNRESOLVED: gcc.c-torture/execute/20020720-1.c execution,  -O2
UNRESOLVED: gcc.c-torture/execute/20020720-1.c execution,  -O3 -fomit-frame-pointer
UNRESOLVED: gcc.c-torture/execute/20020720-1.c execution,  -O3 -g
UNRESOLVED: gcc.c-torture/execute/20020720-1.c execution,  -Os
FAIL: gcc.c-torture/execute/builtin-constant.c execution,  -O1
FAIL: gcc.c-torture/execute/builtin-constant.c execution,  -O2
FAIL: gcc.c-torture/execute/builtin-constant.c execution,  -O3 -fomit-frame-pointer
FAIL: gcc.c-torture/execute/builtin-constant.c execution,  -O3 -g
FAIL: gcc.c-torture/execute/builtin-constant.c execution,  -Os
FAIL: gcc.dg/20021014-1.c (test for excess errors)
WARNING: gcc.dg/20021014-1.c compilation failed to produce executable
FAIL: gcc.dg/nest.c (test for excess errors)
WARNING: gcc.dg/nest.c compilation failed to produce executable
XPASS: gcc.dg/setjmp-1.c spurious clobbered warning (test for bogus messages, line 16)
FAIL: gcc.misc-tests/bprob-1.c compilation,  -g  -fprofile-arcs
UNRESOLVED: gcc.misc-tests/bprob-1.c execution,    -g  -fprofile-arcs
UNRESOLVED: gcc.misc-tests/bprob-1.c compilation,  -g  -fbranch-probabilities
UNRESOLVED: gcc.misc-tests/bprob-1.c execution,    -g  -fbranch-probabilities
FAIL: gcc.misc-tests/bprob-1.c compilation,  -O0  -fprofile-arcs
UNRESOLVED: gcc.misc-tests/bprob-1.c execution,    -O0  -fprofile-arcs
UNRESOLVED: gcc.misc-tests/bprob-1.c compilation,  -O0  -fbranch-probabilities
UNRESOLVED: gcc.misc-tests/bprob-1.c execution,    -O0  -fbranch-probabilities
FAIL: gcc.misc-tests/bprob-1.c compilation,  -O1  -fprofile-arcs
UNRESOLVED: gcc.misc-tests/bprob-1.c execution,    -O1  -fprofile-arcs
UNRESOLVED: gcc.misc-tests/bprob-1.c compilation,  -O1  -fbranch-probabilities
UNRESOLVED: gcc.misc-tests/bprob-1.c execution,    -O1  -fbranch-probabilities
FAIL: gcc.misc-tests/bprob-1.c compilation,  -O2 -DPERFTIME  -fprofile-arcs
UNRESOLVED: gcc.misc-tests/bprob-1.c execution,    -O2 -DPERFTIME  -fprofile-arcs
UNRESOLVED: gcc.misc-tests/bprob-1.c compilation,  -O2 -DPERFTIME  -fbranch-probabilities
UNRESOLVED: gcc.misc-tests/bprob-1.c execution,    -O2 -DPERFTIME  -fbranch-probabilities
FAIL: gcc.misc-tests/bprob-1.c compilation,  -O3 -DPERFTIME  -fprofile-arcs
UNRESOLVED: gcc.misc-tests/bprob-1.c execution,    -O3 -DPERFTIME  -fprofile-arcs
UNRESOLVED: gcc.misc-tests/bprob-1.c compilation,  -O3 -DPERFTIME  -fbranch-probabilities
UNRESOLVED: gcc.misc-tests/bprob-1.c execution,    -O3 -DPERFTIME  -fbranch-probabilities
FAIL: gcc.misc-tests/bprob-1.c compilation,  -O3 -g -DPERFTIME  -fprofile-arcs
UNRESOLVED: gcc.misc-tests/bprob-1.c execution,    -O3 -g -DPERFTIME  -fprofile-arcs
UNRESOLVED: gcc.misc-tests/bprob-1.c compilation,  -O3 -g -DPERFTIME  -fbranch-probabilities
UNRESOLVED: gcc.misc-tests/bprob-1.c execution,    -O3 -g -DPERFTIME  -fbranch-probabilities
FAIL: gcc.misc-tests/bprob-1.c compilation,  -Os  -fprofile-arcs
UNRESOLVED: gcc.misc-tests/bprob-1.c execution,    -Os  -fprofile-arcs
UNRESOLVED: gcc.misc-tests/bprob-1.c compilation,  -Os  -fbranch-probabilities
UNRESOLVED: gcc.misc-tests/bprob-1.c execution,    -Os  -fbranch-probabilities
FAIL: gcc.misc-tests/bprob-2.c compilation,  -g  -fprofile-arcs
UNRESOLVED: gcc.misc-tests/bprob-2.c execution,    -g  -fprofile-arcs
UNRESOLVED: gcc.misc-tests/bprob-2.c compilation,  -g  -fbranch-probabilities
UNRESOLVED: gcc.misc-tests/bprob-2.c execution,    -g  -fbranch-probabilities
FAIL: gcc.misc-tests/bprob-2.c compilation,  -O0  -fprofile-arcs
UNRESOLVED: gcc.misc-tests/bprob-2.c execution,    -O0  -fprofile-arcs
UNRESOLVED: gcc.misc-tests/bprob-2.c compilation,  -O0  -fbranch-probabilities
UNRESOLVED: gcc.misc-tests/bprob-2.c execution,    -O0  -fbranch-probabilities
FAIL: gcc.misc-tests/bprob-2.c compilation,  -O1  -fprofile-arcs
UNRESOLVED: gcc.misc-tests/bprob-2.c execution,    -O1  -fprofile-arcs
UNRESOLVED: gcc.misc-tests/bprob-2.c compilation,  -O1  -fbranch-probabilities
UNRESOLVED: gcc.misc-tests/bprob-2.c execution,    -O1  -fbranch-probabilities
FAIL: gcc.misc-tests/bprob-2.c compilation,  -O2 -DPERFTIME  -fprofile-arcs
UNRESOLVED: gcc.misc-tests/bprob-2.c execution,    -O2 -DPERFTIME  -fprofile-arcs
UNRESOLVED: gcc.misc-tests/bprob-2.c compilation,  -O2 -DPERFTIME  -fbranch-probabilities
UNRESOLVED: gcc.misc-tests/bprob-2.c execution,    -O2 -DPERFTIME  -fbranch-probabilities
FAIL: gcc.misc-tests/bprob-2.c compilation,  -O3 -DPERFTIME  -fprofile-arcs
UNRESOLVED: gcc.misc-tests/bprob-2.c execution,    -O3 -DPERFTIME  -fprofile-arcs
UNRESOLVED: gcc.misc-tests/bprob-2.c compilation,  -O3 -DPERFTIME  -fbranch-probabilities
UNRESOLVED: gcc.misc-tests/bprob-2.c execution,    -O3 -DPERFTIME  -fbranch-probabilities
FAIL: gcc.misc-tests/bprob-2.c compilation,  -O3 -g -DPERFTIME  -fprofile-arcs
UNRESOLVED: gcc.misc-tests/bprob-2.c execution,    -O3 -g -DPERFTIME  -fprofile-arcs
UNRESOLVED: gcc.misc-tests/bprob-2.c compilation,  -O3 -g -DPERFTIME  -fbranch-probabilities
UNRESOLVED: gcc.misc-tests/bprob-2.c execution,    -O3 -g -DPERFTIME  -fbranch-probabilities
FAIL: gcc.misc-tests/bprob-2.c compilation,  -Os  -fprofile-arcs
UNRESOLVED: gcc.misc-tests/bprob-2.c execution,    -Os  -fprofile-arcs
UNRESOLVED: gcc.misc-tests/bprob-2.c compilation,  -Os  -fbranch-probabilities
UNRESOLVED: gcc.misc-tests/bprob-2.c execution,    -Os  -fbranch-probabilities

		=== gcc Summary ===

# of expected passes		20641
# of unexpected failures	29
# of unexpected successes	1
# of expected failures		68
# of unresolved testcases	47
# of unsupported tests		158
/mnt/miscb3/builds2/arm-sim/gcc/xgcc version 3.3 20021104 (experimental)

Host   is i686-pc-linux-gnu

		=== g++ tests ===


Running target arm-sim
FAIL: g++.dg/bprob/g++-bprob-1.C compilation,  -g  -fprofile-arcs
UNRESOLVED: g++.dg/bprob/g++-bprob-1.C execution,    -g  -fprofile-arcs
UNRESOLVED: g++.dg/bprob/g++-bprob-1.C compilation,  -g  -fbranch-probabilities
UNRESOLVED: g++.dg/bprob/g++-bprob-1.C execution,    -g  -fbranch-probabilities
FAIL: g++.dg/bprob/g++-bprob-1.C compilation,  -O0  -fprofile-arcs
UNRESOLVED: g++.dg/bprob/g++-bprob-1.C execution,    -O0  -fprofile-arcs
UNRESOLVED: g++.dg/bprob/g++-bprob-1.C compilation,  -O0  -fbranch-probabilities
UNRESOLVED: g++.dg/bprob/g++-bprob-1.C execution,    -O0  -fbranch-probabilities
FAIL: g++.dg/bprob/g++-bprob-1.C compilation,  -O1  -fprofile-arcs
UNRESOLVED: g++.dg/bprob/g++-bprob-1.C execution,    -O1  -fprofile-arcs
UNRESOLVED: g++.dg/bprob/g++-bprob-1.C compilation,  -O1  -fbranch-probabilities
UNRESOLVED: g++.dg/bprob/g++-bprob-1.C execution,    -O1  -fbranch-probabilities
FAIL: g++.dg/bprob/g++-bprob-1.C compilation,  -O2  -fprofile-arcs
UNRESOLVED: g++.dg/bprob/g++-bprob-1.C execution,    -O2  -fprofile-arcs
UNRESOLVED: g++.dg/bprob/g++-bprob-1.C compilation,  -O2  -fbranch-probabilities
UNRESOLVED: g++.dg/bprob/g++-bprob-1.C execution,    -O2  -fbranch-probabilities
FAIL: g++.dg/bprob/g++-bprob-1.C compilation,  -O3  -fprofile-arcs
UNRESOLVED: g++.dg/bprob/g++-bprob-1.C execution,    -O3  -fprofile-arcs
UNRESOLVED: g++.dg/bprob/g++-bprob-1.C compilation,  -O3  -fbranch-probabilities
UNRESOLVED: g++.dg/bprob/g++-bprob-1.C execution,    -O3  -fbranch-probabilities
FAIL: g++.dg/bprob/g++-bprob-1.C compilation,  -O3 -g  -fprofile-arcs
UNRESOLVED: g++.dg/bprob/g++-bprob-1.C execution,    -O3 -g  -fprofile-arcs
UNRESOLVED: g++.dg/bprob/g++-bprob-1.C compilation,  -O3 -g  -fbranch-probabilities
UNRESOLVED: g++.dg/bprob/g++-bprob-1.C execution,    -O3 -g  -fbranch-probabilities
FAIL: g++.dg/bprob/g++-bprob-1.C compilation,  -Os  -fprofile-arcs
UNRESOLVED: g++.dg/bprob/g++-bprob-1.C execution,    -Os  -fprofile-arcs
UNRESOLVED: g++.dg/bprob/g++-bprob-1.C compilation,  -Os  -fbranch-probabilities
UNRESOLVED: g++.dg/bprob/g++-bprob-1.C execution,    -Os  -fbranch-probabilities
FAIL: g++.dg/compat/break/bitfield7 y_tst.o compile
UNRESOLVED: g++.dg/compat/break/bitfield7 x_tst.o-y_tst.o link
UNRESOLVED: g++.dg/compat/break/bitfield7 x_tst.o-y_tst.o execute
FAIL: g++.dg/abi/empty6.C  (test for warnings, line 6)
FAIL: g++.dg/abi/mangle17.C (test for excess errors)
FAIL: g++.dg/abi/vbase10.C  (test for warnings, line 6)
FAIL: g++.dg/warn/Wunused-2.C  (test for warnings, line 5)
FAIL: g++.pt/static11.C  Execution test

		=== g++ Summary ===

# of expected passes		7714
# of unexpected failures	13
# of expected failures		92
# of unresolved testcases	23
# of untested testcases		29
# of unsupported tests		17
/mnt/miscb3/builds2/arm-sim/gcc/testsuite/../g++ version 3.3 20021104 (experimental)

Host   is i686-pc-linux-gnu

		=== objc tests ===


Running target arm-sim

		=== objc Summary ===

# of expected passes		1153
/mnt/miscb3/builds2/arm-sim/gcc/xgcc version 3.3 20021104 (experimental)


Compiler version: 3.3 20021104 (experimental)
Platform: arm-unknown-elf
configure flags: --host=i686-pc-linux-gnu --target=arm-elf --prefix=/home/hp/builds2/arm-sim/../install-armsim



More information about the Gcc-testresults mailing list