Results for 3.3 20021104 (experimental) testsuite on mmix-knuth-mmixware
Hans-Peter Nilsson
hp@bitrange.com
Tue Nov 5 00:13:00 GMT 2002
Variations may appear at times due to local patches applied to GCC,
testsuite and DejaGNU. Host compiler is pristine gcc-2.95.3, C only.
LAST_UPDATED: Mon Nov 4 18:12:21 GMT 2002
Target is mmix-knuth-mmixware
Host is i686-pc-linux-gnu
=== g77 tests ===
Running target mmixware-sim
=== g77 Summary ===
# of expected passes 1485
# of expected failures 80
# of untested testcases 48
# of unsupported tests 9
/mnt/miscb3/builds2/mmixware-sim/gcc/testsuite/../g77 version 3.3 20021104 (experimental)
Host is i686-pc-linux-gnu
=== gcc tests ===
Running target mmixware-sim
FAIL: gcc.c-torture/compile/20001226-1.c, -Os
FAIL: gcc.c-torture/execute/builtin-constant.c execution, -O1
FAIL: gcc.c-torture/execute/builtin-constant.c execution, -O2
FAIL: gcc.c-torture/execute/builtin-constant.c execution, -O3 -fomit-frame-pointer
FAIL: gcc.c-torture/execute/builtin-constant.c execution, -O3 -g
FAIL: gcc.c-torture/execute/builtin-constant.c execution, -Os
WARNING: gcc.dg/20021014-1.c compilation failed to produce executable
FAIL: gcc.dg/bitfld-3.c execution test
FAIL: gcc.dg/bitfld-4.c execution test
FAIL: gcc.dg/empty1.c execution test
WARNING: gcc.dg/nest.c compilation failed to produce executable
XPASS: gcc.dg/sibcall-4.c execution test
FAIL: gcc.dg/sibcallv-1.c execution test
FAIL: gcc.dg/sibcallv-2.c execution test
FAIL: gcc.dg/sibcallv-4.c execution test
FAIL: gcc.dg/uninit-A.c uninitialized variable warning (test for bogus messages, line 52)
FAIL: gcc.dg/uninit-A.c uninitialized variable warning (test for bogus messages, line 53)
FAIL: gcc.dg/weak/typeof-2.c scan-assembler-not baz2.*baz2.*baz2.*baz2.*baz2.*baz2
=== gcc Summary ===
# of expected passes 20331
# of unexpected failures 15
# of unexpected successes 1
# of expected failures 69
# of unsupported tests 157
/mnt/miscb3/builds2/mmixware-sim/gcc/xgcc version 3.3 20021104 (experimental)
Host is i686-pc-linux-gnu
=== g++ tests ===
Running target mmixware-sim
FAIL: g++.dg/compat/init/byval1 y_tst.o compile
UNRESOLVED: g++.dg/compat/init/byval1 x_tst.o-y_tst.o link
UNRESOLVED: g++.dg/compat/init/byval1 x_tst.o-y_tst.o execute
FAIL: g++.dg/abi/bitfield4.C execution test
FAIL: g++.dg/abi/empty6.C (test for warnings, line 6)
FAIL: g++.dg/abi/mangle17.C (test for excess errors)
FAIL: g++.dg/init/byval1.C (test for excess errors)
WARNING: g++.dg/init/byval1.C compilation failed to produce executable
FAIL: g++.dg/opt/vt1.C scan-assembler-not section[^
FAIL: g++.dg/warn/Wunused-2.C (test for warnings, line 5)
FAIL: g++.bob/inherit2.C caused compiler crash
FAIL: g++.brendan/copy2.C caused compiler crash
FAIL: g++.brendan/copy5.C caused compiler crash
FAIL: g++.brendan/copy8.C caused compiler crash
FAIL: g++.bugs/900520_06.C caused compiler crash
FAIL: g++.jason/byval.C caused compiler crash
FAIL: g++.jason/rvalue1.C caused compiler crash
FAIL: g++.jason/thunk1.C caused compiler crash
FAIL: g++.law/code-gen5.C caused compiler crash
FAIL: g++.law/copy1.C caused compiler crash
FAIL: g++.law/dtors5.C caused compiler crash
FAIL: g++.mike/p646.C caused compiler crash
FAIL: g++.mike/p700.C caused compiler crash
FAIL: g++.oliva/inline1.C caused compiler crash
FAIL: g++.other/crash39.C caused compiler crash
FAIL: g++.other/dtor6.C caused compiler crash
FAIL: g++.other/inline7.C caused compiler crash
FAIL: g++.other/optimize2.C caused compiler crash
FAIL: g++.pt/auto_ptr.C caused compiler crash
FAIL: g++.pt/t18.C caused compiler crash
FAIL: g++.pt/ttp64.C caused compiler crash
FAIL: g++.robertl/eb73.C caused compiler crash
=== g++ Summary ===
# of expected passes 7448
# of unexpected failures 29
# of expected failures 92
# of unresolved testcases 2
# of untested testcases 32
# of unsupported tests 17
/mnt/miscb3/builds2/mmixware-sim/gcc/testsuite/../g++ version 3.3 20021104 (experimental)
Host is i686-pc-linux-gnu
=== objc tests ===
Running target mmixware-sim
FAIL: objc/execute/bf-21.m execution, -O0
FAIL: objc/execute/bf-21.m execution, -O1
FAIL: objc/execute/bf-21.m execution, -O2
FAIL: objc/execute/bf-21.m execution, -O3 -fomit-frame-pointer
FAIL: objc/execute/bf-21.m execution, -O3 -g
FAIL: objc/execute/bf-21.m execution, -Os
FAIL: objc.dg/bitfield-2.m (test for excess errors)
WARNING: objc.dg/bitfield-2.m compilation failed to produce executable
=== objc Summary ===
# of expected passes 1145
# of unexpected failures 7
/mnt/miscb3/builds2/mmixware-sim/gcc/xgcc version 3.3 20021104 (experimental)
Host is mmix-knuth-mmixware
=== libstdc++-v3 tests ===
Running target mmixware-sim
FAIL: 20_util/auto_ptr.cc (test for excess errors)
WARNING: 20_util/auto_ptr.cc compilation failed to produce executable
FAIL: 21_strings/ctor_copy_dtor.cc (test for excess errors)
WARNING: 21_strings/ctor_copy_dtor.cc compilation failed to produce executable
FAIL: 21_strings/replace.cc (test for excess errors)
WARNING: 21_strings/replace.cc compilation failed to produce executable
XPASS: 22_locale/collate_members_wchar_t.cc execution test
XPASS: 22_locale/ctype_is_wchar_t.cc execution test
XPASS: 22_locale/money_get_members_wchar_t.cc execution test
XPASS: 22_locale/money_put_members_wchar_t.cc execution test
XPASS: 22_locale/moneypunct_members_wchar_t.cc execution test
XPASS: 22_locale/num_get_members_wchar_t.cc execution test
XPASS: 22_locale/num_put_members_wchar_t.cc execution test
XPASS: 22_locale/numpunct_members_wchar_t.cc execution test
XPASS: 22_locale/time_get_members_wchar_t.cc execution test
XPASS: 22_locale/time_put_members_wchar_t.cc execution test
FAIL: 23_containers/adaptors.cc (test for excess errors)
WARNING: 23_containers/adaptors.cc compilation failed to produce executable
WARNING: program timed out.
FAIL: 23_containers/bitset_shift.cc execution test
FAIL: 23_containers/deque_ctor.cc (test for excess errors)
WARNING: 23_containers/deque_ctor.cc compilation failed to produce executable
FAIL: 23_containers/deque_operators.cc (test for excess errors)
WARNING: 23_containers/deque_operators.cc compilation failed to produce executable
FAIL: 23_containers/list_capacity.cc (test for excess errors)
WARNING: 23_containers/list_capacity.cc compilation failed to produce executable
FAIL: 23_containers/list_ctor.cc (test for excess errors)
WARNING: 23_containers/list_ctor.cc compilation failed to produce executable
FAIL: 23_containers/list_modifiers.cc (test for excess errors)
WARNING: 23_containers/list_modifiers.cc compilation failed to produce executable
FAIL: 23_containers/list_operators.cc (test for excess errors)
WARNING: 23_containers/list_operators.cc compilation failed to produce executable
FAIL: 23_containers/map_insert.cc (test for excess errors)
WARNING: 23_containers/map_insert.cc compilation failed to produce executable
FAIL: 23_containers/multiset.cc (test for excess errors)
WARNING: 23_containers/multiset.cc compilation failed to produce executable
FAIL: 24_iterators/back_insert_iterator.cc (test for excess errors)
WARNING: 24_iterators/back_insert_iterator.cc compilation failed to produce executable
FAIL: 24_iterators/front_insert_iterator.cc (test for excess errors)
WARNING: 24_iterators/front_insert_iterator.cc compilation failed to produce executable
FAIL: 24_iterators/insert_iterator.cc (test for excess errors)
WARNING: 24_iterators/insert_iterator.cc compilation failed to produce executable
FAIL: 24_iterators/istream_iterator.cc (test for excess errors)
WARNING: 24_iterators/istream_iterator.cc compilation failed to produce executable
FAIL: 25_algorithms/rotate.cc (test for excess errors)
WARNING: 25_algorithms/rotate.cc compilation failed to produce executable
FAIL: 25_algorithms/unique.cc (test for excess errors)
WARNING: 25_algorithms/unique.cc compilation failed to produce executable
FAIL: 26_numerics/c99_classification_macros_c.cc (test for excess errors)
FAIL: 26_numerics/complex_inserters_extractors.cc (test for excess errors)
WARNING: 26_numerics/complex_inserters_extractors.cc compilation failed to produce executable
FAIL: 27_io/filebuf_members.cc (test for excess errors)
WARNING: 27_io/filebuf_members.cc compilation failed to produce executable
FAIL: 27_io/filebuf_virtuals.cc execution test
FAIL: 27_io/ios_base_members_static.cc execution test
FAIL: ext/hash_map.cc (test for excess errors)
WARNING: ext/hash_map.cc compilation failed to produce executable
=== libstdc++-v3 Summary ===
# of expected passes 360
# of unexpected failures 25
# of unexpected successes 10
# of expected failures 17
# of unsupported tests 6
Compiler version: 3.3 20021104 (experimental)
Platform: mmix-knuth-mmixware
configure flags: --host=i686-pc-linux-gnu --target=mmix
More information about the Gcc-testresults
mailing list