Results for 3.3 20021103 (experimental) testsuite on i486-suse-linux-gnu

Robert Schiele schiele@pi3.informatik.uni-mannheim.de
Sun Nov 3 18:37:00 GMT 2002


LAST_UPDATED: Sun Nov  3 23:17:50 UTC 2002

Native configuration is i486-suse-linux-gnu

		=== g++ tests ===


Running target unix
FAIL: g++.dg/opt/vtgc1.C scan-assembler-dem .vtable_inherit[ 	]*vtable for Multivv3.*0
FAIL: g++.dg/opt/vtgc1.C scan-assembler-dem .vtable_inherit[ 	]*VTT for Multivv3.*0
FAIL: g++.dg/opt/vtgc1.C scan-assembler-dem .vtable_inherit[ 	]*vtable for Multiss2.*vtable for Base2
FAIL: g++.dg/opt/vtgc1.C scan-assembler-dem .vtable_inherit[ 	]*vtable for Multivs1.*vtable for Base2
FAIL: g++.dg/opt/vtgc1.C scan-assembler-dem .vtable_inherit[ 	]*VTT for Multivs1.*vtable for Base2
FAIL: g++.dg/opt/vtgc1.C scan-assembler-dem .vtable_inherit[ 	]*vtable for Multisv0.*vtable for Side0
FAIL: g++.dg/opt/vtgc1.C scan-assembler-dem .vtable_inherit[ 	]*VTT for Multisv0.*vtable for Side0
FAIL: g++.dg/opt/vtgc1.C scan-assembler-dem .vtable_inherit[ 	]*vtable for Side0.*0
FAIL: g++.dg/opt/vtgc1.C scan-assembler-dem .vtable_inherit[ 	]*vtable for VbasedA.*0
FAIL: g++.dg/opt/vtgc1.C scan-assembler-dem .vtable_inherit[ 	]*VTT for VbasedA.*0
FAIL: g++.dg/opt/vtgc1.C scan-assembler-dem .vtable_inherit[ 	]*vtable for Base2.*vtable for Base1
FAIL: g++.dg/opt/vtgc1.C scan-assembler-dem .vtable_inherit[ 	]*vtable for Base1.*vtable for Base0
FAIL: g++.dg/opt/vtgc1.C scan-assembler-dem .vtable_inherit[ 	]*vtable for Base0.*0
FAIL: g++.dg/warn/Wunused-2.C  (test for warnings, line 5)
FAIL: g++.jason/pmf7.C  Execution test
FAIL: g++.jason/template26.C  Execution test
XPASS: g++.other/init5.C  Execution test

		=== g++ Summary ===

# of expected passes		7791
# of unexpected failures	16
# of unexpected successes	1
# of expected failures		91
# of untested testcases		9
# of unsupported tests		3
/local/gccbuild/gcc/testsuite/../g++ version 3.3 20021103 (experimental)

		=== g77 tests ===


Running target unix

		=== g77 Summary ===

# of expected passes		1638
# of unsupported tests		8
/local/gccbuild/gcc/testsuite/../g77 version 3.3 20021103 (experimental)

		=== gcc tests ===


Running target unix
FAIL: gcc.c-torture/execute/builtin-constant.c execution,  -O1 
FAIL: gcc.c-torture/execute/builtin-constant.c execution,  -O2 
FAIL: gcc.c-torture/execute/builtin-constant.c execution,  -O3 -fomit-frame-pointer 
FAIL: gcc.c-torture/execute/builtin-constant.c execution,  -O3 -g 
FAIL: gcc.c-torture/execute/builtin-constant.c execution,  -Os 
FAIL: gcc.dg/typespec-1.c unsigned long int long long (test for errors, line 922)
FAIL: gcc.dg/typespec-1.c unsigned long int long float (test for errors, line 923)
FAIL: gcc.dg/typespec-1.c unsigned long int long double (test for errors, line 924)
FAIL: gcc.dg/typespec-1.c unsigned long int long signed (test for errors, line 925)
FAIL: gcc.dg/typespec-1.c unsigned long int long unsigned (test for errors, line 926)
FAIL: gcc.dg/typespec-1.c unsigned long int long _Bool (test for errors, line 927)
FAIL: gcc.dg/typespec-1.c unsigned long long int void (test for errors, line 928)
FAIL: gcc.dg/typespec-1.c unsigned long long int char (test for errors, line 929)
FAIL: gcc.dg/typespec-1.c unsigned long long int short (test for errors, line 930)
FAIL: gcc.dg/typespec-1.c unsigned long long int int (test for errors, line 931)
FAIL: gcc.dg/typespec-1.c unsigned long long int long (test for errors, line 932)
FAIL: gcc.dg/typespec-1.c unsigned long long int float (test for errors, line 933)
FAIL: gcc.dg/typespec-1.c unsigned long long int double (test for errors, line 934)
FAIL: gcc.dg/typespec-1.c unsigned long long int signed (test for errors, line 935)
FAIL: gcc.dg/typespec-1.c unsigned long long int unsigned (test for errors, line 936)
FAIL: gcc.dg/typespec-1.c unsigned long long int _Bool (test for errors, line 937)
FAIL: gcc.dg/typespec-1.c (test for excess errors)

		=== gcc Summary ===

# of expected passes		20486
# of unexpected failures	22
# of expected failures		63
# of unsupported tests		65
/local/gccbuild/gcc/xgcc version 3.3 20021103 (experimental)

		=== objc tests ===


Running target unix

		=== objc Summary ===

# of expected passes		1153
/local/gccbuild/gcc/xgcc version 3.3 20021103 (experimental)

		=== libstdc++-v3 tests ===


Running target unix
XPASS: 22_locale/collate_byname.cc execution test
XPASS: 22_locale/collate_members_char.cc execution test
XPASS: 22_locale/collate_members_wchar_t.cc execution test
XPASS: 22_locale/ctype_is_char.cc execution test
XPASS: 22_locale/ctype_is_wchar_t.cc execution test
XPASS: 22_locale/members.cc execution test
XPASS: 22_locale/messages_byname.cc execution test
XPASS: 22_locale/messages_members_char.cc execution test
XPASS: 22_locale/money_get_members_char.cc execution test
XPASS: 22_locale/money_get_members_wchar_t.cc execution test
XPASS: 22_locale/money_put_members_char.cc execution test
XPASS: 22_locale/money_put_members_wchar_t.cc execution test
XPASS: 22_locale/moneypunct_byname.cc execution test
XPASS: 22_locale/moneypunct_members_char.cc execution test
XPASS: 22_locale/moneypunct_members_wchar_t.cc execution test
XPASS: 22_locale/num_get_members_char.cc execution test
XPASS: 22_locale/num_get_members_wchar_t.cc execution test
XPASS: 22_locale/num_put_members_char.cc execution test
XPASS: 22_locale/num_put_members_wchar_t.cc execution test
XPASS: 22_locale/numpunct_byname.cc execution test
XPASS: 22_locale/numpunct_members_char.cc execution test
XPASS: 22_locale/numpunct_members_wchar_t.cc execution test
XPASS: 22_locale/time_get_members_char.cc execution test
XPASS: 22_locale/time_get_members_wchar_t.cc execution test
XPASS: 22_locale/time_put_members_char.cc execution test
XPASS: 22_locale/time_put_members_wchar_t.cc execution test
FAIL: 26_numerics/c99_classification_macros_c.cc (test for excess errors)

		=== libstdc++-v3 Summary ===

# of expected passes		417
# of unexpected failures	1
# of unexpected successes	26
# of expected failures		1

Compiler version: 3.3 20021103 (experimental) 
Platform: i486-suse-linux-gnu
configure flags: --host=i486-suse-linux --enable-threads=posix --prefix=/opt/Pkg/Linux/i686/gcc33 --enable-languages=c,c++,f77,objc --disable-libgcj --with-gxx-include-dir=/opt/Pkg/Linux/i686/gcc33/include/g++ --with-system-zlib --enable-shared --enable-__cxa_atexit



More information about the Gcc-testresults mailing list