Results for 3.3 20021102 (experimental) testsuite on powerpc-unknown-linux-gnu

Mark Wielaard mark@wildebeest.org
Sun Nov 3 08:09:00 GMT 2002


Debian GNU/Linux 3.0
Linux 2.4.18-powerpc
binutils Version: 2.12.90.0.15-1
glibc Version: 2.2.5-15

Test results for libjava include the results of the Mauve testsuite
(see http://sources.redhat.com/mauve/)

LAST_UPDATED: Sun Nov  3 07:30:43 UTC 2002

Native configuration is powerpc-unknown-linux-gnu

		=== g++ tests ===


Running target unix
FAIL: g++.dg/compat/break/bitfield7 y_tst.o compile
FAIL: g++.dg/compat/break/bitfield7 x_tst.o-y_tst.o link
UNRESOLVED: g++.dg/compat/break/bitfield7 x_tst.o-y_tst.o execute 
FAIL: g++.dg/warn/Wunused-2.C  (test for warnings, line 5)

		=== g++ Summary ===

# of expected passes		7764
# of unexpected failures	3
# of expected failures		92
# of unresolved testcases	1
# of untested testcases		23
# of unsupported tests		12
/home/mark/src/gcc33/obj/gcc/testsuite/../g++ version 3.3 20021102 (experimental)

		=== gcc tests ===


Running target unix
WARNING: program timed out.
FAIL: gcc.c-torture/compile/20001226-1.c,  -O3 -g  
WARNING: program timed out.
FAIL: gcc.c-torture/compile/20001226-1.c,  -Os  
FAIL: gcc.c-torture/compile/simd-4.c,  -Os  
FAIL: gcc.c-torture/execute/builtin-constant.c execution,  -O1 
FAIL: gcc.c-torture/execute/builtin-constant.c execution,  -O2 
FAIL: gcc.c-torture/execute/builtin-constant.c execution,  -O3 -fomit-frame-pointer 
FAIL: gcc.c-torture/execute/builtin-constant.c execution,  -O3 -g 
FAIL: gcc.c-torture/execute/builtin-constant.c execution,  -Os 
FAIL: gcc.c-torture/execute/simd-2.c compilation,  -Os 
UNRESOLVED: gcc.c-torture/execute/simd-2.c execution,  -Os 
FAIL: gcc.dg/20020103-1.c scan-assembler-not LC
FAIL: gcc.dg/20020118-1.c execution test
FAIL: gcc.dg/altivec-5.c (test for excess errors)
FAIL: gcc.dg/typespec-1.c unsigned long long int short (test for errors, line 930)
FAIL: gcc.dg/typespec-1.c unsigned long long int int (test for errors, line 931)
FAIL: gcc.dg/typespec-1.c unsigned long long int long (test for errors, line 932)
FAIL: gcc.dg/typespec-1.c unsigned long long int float (test for errors, line 933)
FAIL: gcc.dg/typespec-1.c unsigned long long int double (test for errors, line 934)
FAIL: gcc.dg/typespec-1.c unsigned long long int signed (test for errors, line 935)
FAIL: gcc.dg/typespec-1.c unsigned long long int unsigned (test for errors, line 936)
FAIL: gcc.dg/typespec-1.c unsigned long long int _Bool (test for errors, line 937)
FAIL: gcc.dg/typespec-1.c (test for excess errors)

		=== gcc Summary ===

# of expected passes		20308
# of unexpected failures	21
# of expected failures		62
# of unresolved testcases	1
# of unsupported tests		130
/home/mark/src/gcc33/obj/gcc/xgcc version 3.3 20021102 (experimental)

		=== libjava tests ===


Running target unix
FAIL: PR1343 compilation from bytecode
FAIL: PR1343 -O compilation from bytecode
FAIL: calls output
FAIL: Array_3 execution - source compiled test
FAIL: Array_3 execution - bytecode->native test
FAIL: Array_3 -O execution - source compiled test
FAIL: Array_3 -O execution - bytecode->native test
FAIL: initexc compilation from bytecode
FAIL: initexc -O compilation from bytecode
FAIL: pr6388 output - source compiled test
FAIL: pr6388 output - gij test
FAIL: pr6388 output - bytecode->native test
FAIL: pr6388 -O output - source compiled test
FAIL: pr6388 output - gij test
FAIL: pr6388 -O output - bytecode->native test
FAIL: gnu.testlet.java.beans.Introspector.jdk11: getBeanInfo (number 8)
FAIL: gnu.testlet.java.beans.Introspector.jdk11: getBeanInfo (number 11)
XPASS: gnu.testlet.java.beans.Introspector.jdk11: getBeanInfo (number 12)
FAIL: gnu.testlet.java.io.BufferedInputStream.SimpleRead: skip() threw StringIndexOutOfBoundsException (number 1)
FAIL: Link for gnu.testlet.java.io.DataOutputStream.WriteRead
FAIL: gnu.testlet.java.io.ObjectStreamClass.Test: getSerialVersionUID (number 2)
FAIL: gnu.testlet.java.io.ObjectStreamClass.Test: getSerialVersionUID (number 6)
FAIL: gnu.testlet.java.io.RandomAccessFile.jdk11: skipBytes() stopped before EOF (number 1)
FAIL: gnu.testlet.java.io.RandomAccessFile.jdk11: skipBytes() skipped past EOF (number 1)
FAIL: gnu.testlet.java.lang.Double.DoubleTest: Error: test_longValue returned wrong results CYGNUS: Float to int conversions - 1 (number 1)
FAIL: gnu.testlet.java.lang.Double.DoubleTest: Error: test_shortbyteValue failed - 5 (number 1)
FAIL: gnu.testlet.java.lang.Float.FloatTest: Error: test_shortbyteValue failed - 5 (number 1)
FAIL: gnu.testlet.java.lang.Integer.IntegerTest: Error: test_Basics failed - 1 (number 1)
FAIL: Compile gnu/testlet/java/lang/Thread/interrupt.o for gnu.testlet.java.lang.Thread.interrupt
FAIL: gnu.testlet.java.net.DatagramSocket.DatagramSocketTest2: Expected IOException (number 1)
FAIL: gnu.testlet.java.net.DatagramSocket.DatagramSocketTest2: uncaught exception at "invalid_send_data" number 4: java.lang.IllegalArgumentException: Invalid length: -1
FAIL: gnu.testlet.java.net.Socket.SocketTest: Error : test_Basics failed - 7 exception should not have been thrown here (number 1)
FAIL: gnu.testlet.java.net.URL.URLTest:  Error in test_openConnection  - 3  exception should not be thrown here (number 1)
FAIL: gnu.testlet.java.net.URL.URLTest:  Error in test_openStream  - 2  exception should not be thrown here (number 1)
FAIL: gnu.testlet.java.security.MessageDigest.Instance: uncaught exception at "MauveDigest" number 1: java.lang.ClassCastException: gnu.testlet.java.security.MessageDigest.MauveDigest cannot be cast to java.security.MessageDigest
FAIL: gnu.testlet.java.security.Security.property: uncaught exception at  number 1: java.lang.NullPointerException
FAIL: gnu.testlet.java.security.Security.provider: uncaught exception at  number 4: java.lang.ArrayIndexOutOfBoundsException: -1
FAIL: gnu.testlet.java.security.Signature.Instance: MAUVESignature instance caught java.security.NoSuchAlgorithmException: MAUVESignature (number 1)
FAIL: gnu.testlet.java.security.Signature.Instance: MauveAlias instance caught java.security.NoSuchAlgorithmException: MauveAlias (number 1)
FAIL: gnu.testlet.java.security.Signature.Instance: MAUVEALIAS instance caught java.security.NoSuchAlgorithmException: MAUVEALIAS (number 1)
FAIL: gnu.testlet.java.security.Signature.Instance: uncaught exception at "MAUVESIGNATURE Mauve-Test-Provider-Signature" number 1: java.lang.NullPointerException
FAIL: Compile gnu/testlet/java/text/DateFormatSymbols/Test.o for gnu.testlet.java.text.DateFormatSymbols.Test
FAIL: gnu.testlet.java.util.ResourceBundle.getBundle: with locale of France (number 5)
FAIL: gnu.testlet.java.util.ResourceBundle.getBundle: book sample (number 2)
FAIL: gnu.testlet.java.util.ResourceBundle.getBundle: book sample (number 5)
FAIL: gnu.testlet.java.util.zip.ZipInputStream.close: uncaught exception at "reading zip file" number 1: java.lang.IllegalStateException: Closed.

		=== libjava Summary ===

# of expected passes		9717
# of unexpected failures	45
# of unexpected successes	1
# of expected failures		65
# of untested testcases		16
		=== libstdc++-v3 tests ===


Running target unix
XPASS: 22_locale/collate_byname.cc execution test
XPASS: 22_locale/collate_members_char.cc execution test
XPASS: 22_locale/collate_members_wchar_t.cc execution test
XPASS: 22_locale/ctype_is_char.cc execution test
XPASS: 22_locale/ctype_is_wchar_t.cc execution test
XPASS: 22_locale/members.cc execution test
XPASS: 22_locale/messages_byname.cc execution test
XPASS: 22_locale/messages_members_char.cc execution test
XPASS: 22_locale/money_get_members_char.cc execution test
XPASS: 22_locale/money_get_members_wchar_t.cc execution test
XPASS: 22_locale/money_put_members_char.cc execution test
XPASS: 22_locale/money_put_members_wchar_t.cc execution test
XPASS: 22_locale/moneypunct_byname.cc execution test
XPASS: 22_locale/moneypunct_members_char.cc execution test
XPASS: 22_locale/moneypunct_members_wchar_t.cc execution test
XPASS: 22_locale/num_get_members_char.cc execution test
XPASS: 22_locale/num_get_members_wchar_t.cc execution test
XPASS: 22_locale/num_put_members_char.cc execution test
XPASS: 22_locale/num_put_members_wchar_t.cc execution test
XPASS: 22_locale/numpunct_byname.cc execution test
XPASS: 22_locale/numpunct_members_char.cc execution test
XPASS: 22_locale/numpunct_members_wchar_t.cc execution test
XPASS: 22_locale/time_get_members_char.cc execution test
XPASS: 22_locale/time_get_members_wchar_t.cc execution test
XPASS: 22_locale/time_put_members_char.cc execution test
XPASS: 22_locale/time_put_members_wchar_t.cc execution test
FAIL: 26_numerics/c99_classification_macros_c.cc (test for excess errors)
WARNING: program timed out.
FAIL: thread/pthread4.cc execution test

		=== libstdc++-v3 Summary ===

# of expected passes		416
# of unexpected failures	2
# of unexpected successes	26
# of expected failures		1

Compiler version: 3.3 20021102 (experimental) 
Platform: powerpc-unknown-linux-gnu
configure flags: --host=powerpc-unknown-linux-gnu --enable-clocale=gnu --enable-shared --enable-threads=posix --enable-languages=c++,java --disable-multilib --prefix=/usr/local/gcc33

time make
real 12953.37
user 9884.10
sys 2379.50

time check
Command exited with non-zero status 2
real 16880.31
user 11755.12
sys 3878.93



More information about the Gcc-testresults mailing list