Results for 3.2.1 20021101 (prerelease) testsuite on i686-pc-linux-gnu

H.J. Lu hjl@lucon.org
Fri Nov 1 17:29:00 GMT 2002


LAST_UPDATED: Fri Nov  1 22:37:48 UTC 2002

Native configuration is i686-pc-linux-gnu

		=== g77 tests ===


Running target unix

		=== g77 Summary ===

# of expected passes		1468
/export/build/gnu/gcc-3.2/build-i686-linux/gcc/testsuite/../g77 version 3.2.1 20021101 (prerelease)

		=== gcc tests ===


Running target unix
FAIL: gcc.c-torture/compile/20020927-1.c,  -O3 -fomit-frame-pointer  
FAIL: gcc.c-torture/compile/20020927-1.c,  -O3 -fomit-frame-pointer -funroll-loops  
FAIL: gcc.c-torture/compile/20020927-1.c,  -O3 -fomit-frame-pointer -funroll-all-loops -finline-functions  
FAIL: gcc.c-torture/compile/20020927-1.c,  -O3 -g  

		=== gcc Summary ===

# of expected passes		18522
# of unexpected failures	4
# of expected failures		68
# of unsupported tests		44
/export/build/gnu/gcc-3.2/build-i686-linux/gcc/xgcc version 3.2.1 20021101 (prerelease)

		=== g++ tests ===


Running target unix
XPASS: g++.other/init5.C  Execution test

		=== g++ Summary ===

# of expected passes		7330
# of unexpected successes	1
# of expected failures		88
# of untested testcases		9
# of unsupported tests		3
/export/build/gnu/gcc-3.2/build-i686-linux/gcc/testsuite/../g++ version 3.2.1 20021101 (prerelease)

		=== objc tests ===


Running target unix

		=== objc Summary ===

# of expected passes		1035
# of expected failures		6
/export/build/gnu/gcc-3.2/build-i686-linux/gcc/xgcc version 3.2.1 20021101 (prerelease)

		=== libjava tests ===


Running target unix
WARNING: program timed out.
FAIL: Thread_Alive -O execution from bytecode->native test

		=== libjava Summary ===

# of expected passes		2059
# of unexpected failures	1
# of expected failures		18
# of untested testcases		15
		=== libstdc++-v3 tests ===


Running target unix
FAIL: 22_locale/codecvt_members_char_char.cc execution test
FAIL: 22_locale/codecvt_members_wchar_t_char.cc execution test
FAIL: 22_locale/ctor_copy_dtor.cc execution test
FAIL: 22_locale/ctype_to_char.cc execution test
FAIL: 22_locale/ctype_to_wchar_t.cc execution test
FAIL: 22_locale/facet.cc execution test
FAIL: 26_numerics/c99_classification_macros_c.cc (test for excess errors)
FAIL: 27_io/ostream_inserter_arith.cc execution test

		=== libstdc++-v3 Summary ===

# of expected passes		401
# of unexpected failures	8
# of expected failures		26

Compiler version: 3.2.1 20021101 (prerelease) 
Platform: i686-pc-linux-gnu
configure flags: --host=i686-pc-linux-gnu --enable-clocale=gnu --with-system-zlib --enable-shared --enable-threads=posix --enable-haifa --disable-checking --prefix=/usr/gcc-3.2 --with-local-prefix=/usr/local



More information about the Gcc-testresults mailing list