Results for 3.1.1 20020528 (prerelease) testsuite on s390-ibm-linux-gnu
Ulrich Weigand
Ulrich.Weigand@de.ibm.com
Wed May 29 06:55:00 GMT 2002
Native configuration is s390-ibm-linux-gnu
=== g++ tests ===
Running target unix
=== g++ Summary ===
# of expected passes 7160
# of expected failures 88
# of untested testcases 23
# of unsupported tests 5
/mnt/dasdc1/fsf/gcc-3_1-build/gcc/testsuite/../g++ version 3.1.1 20020528 (prerelease)
=== g77 tests ===
Running target unix
=== g77 Summary ===
# of expected passes 1452
# of unsupported tests 8
/mnt/dasdc1/fsf/gcc-3_1-build/gcc/testsuite/../g77 version 3.1.1 20020528 (prerelease)
=== gcc tests ===
Running target unix
FAIL: gcc.dg/debug/debug-1.c scan-assembler xyzzy
FAIL: gcc.dg/debug/debug-1.c scan-assembler xyzzy
FAIL: gcc.dg/debug/debug-1.c scan-assembler xyzzy
FAIL: gcc.dg/debug/debug-1.c scan-assembler xyzzy
FAIL: gcc.dg/debug/debug-2.c scan-assembler xyzzy
FAIL: gcc.dg/debug/debug-2.c scan-assembler xyzzy
FAIL: gcc.dg/debug/debug-2.c scan-assembler xyzzy
FAIL: gcc.dg/debug/debug-2.c scan-assembler xyzzy
=== gcc Summary ===
# of expected passes 18259
# of unexpected failures 8
# of expected failures 66
# of unsupported tests 115
/mnt/dasdc1/fsf/gcc-3_1-build/gcc/xgcc version 3.1.1 20020528 (prerelease)
=== objc tests ===
Running target unix
=== objc Summary ===
# of expected passes 1035
# of expected failures 6
/mnt/dasdc1/fsf/gcc-3_1-build/gcc/xgcc version 3.1.1 20020528 (prerelease)
=== libstdc++-v3 tests ===
Running target unix
XPASS: 22_locale/collate_byname.cc execution test
XPASS: 22_locale/collate_members_char.cc execution test
XPASS: 22_locale/collate_members_wchar_t.cc execution test
XPASS: 22_locale/ctype_is_char.cc execution test
XPASS: 22_locale/members.cc execution test
XPASS: 22_locale/messages_byname.cc execution test
XPASS: 22_locale/messages_members_char.cc execution test
XPASS: 22_locale/money_get_members_char.cc execution test
XPASS: 22_locale/money_put_members_char.cc execution test
XPASS: 22_locale/moneypunct_byname.cc execution test
XPASS: 22_locale/moneypunct_members_char.cc execution test
XPASS: 22_locale/moneypunct_members_wchar_t.cc execution test
XPASS: 22_locale/num_get_members_char.cc execution test
XPASS: 22_locale/num_get_members_wchar_t.cc execution test
XPASS: 22_locale/num_put_members_char.cc execution test
XPASS: 22_locale/num_put_members_wchar_t.cc execution test
XPASS: 22_locale/numpunct_byname.cc execution test
XPASS: 22_locale/numpunct_members_char.cc execution test
XPASS: 22_locale/numpunct_members_wchar_t.cc execution test
XPASS: 22_locale/time_get_members_char.cc execution test
XPASS: 22_locale/time_get_members_wchar_t.cc execution test
XPASS: 22_locale/time_put_members_char.cc execution test
XPASS: 22_locale/time_put_members_wchar_t.cc execution test
FAIL: 26_numerics/c99_classification_macros_c.cc (test for excess errors)
=== libstdc++-v3 Summary ===
# of expected passes 393
# of unexpected failures 1
# of unexpected successes 23
# of expected failures 3
Compiler version: 3.1.1 20020528 (prerelease)
Platform: s390-ibm-linux-gnu
configure flags: --host=s390-ibm-linux --enable-shared --enable-threads --prefix=/home/weigand/fsf/gcc-3_1-install
More information about the Gcc-testresults
mailing list