Results for 3.2 20020528 (experimental) testsuite on s390-ibm-linux-gnu
Ulrich Weigand
Ulrich.Weigand@de.ibm.com
Wed May 29 06:55:00 GMT 2002
Native configuration is s390-ibm-linux-gnu
=== g++ tests ===
Running target unix
FAIL: g++.dg/bprob/bprob-1.C compilation, -O3 -fbranch-probabilities
UNRESOLVED: g++.dg/bprob/bprob-1.C execution, -O3 -fbranch-probabilities
FAIL: g++.dg/bprob/bprob-1.C compilation, -O3 -g -fbranch-probabilities
UNRESOLVED: g++.dg/bprob/bprob-1.C execution, -O3 -g -fbranch-probabilities
FAIL: g++.dg/template/typename2.C (test for excess errors)
FAIL: g++.dg/warn/Wunused-2.C (test for warnings, line 5)
FAIL: g++.mike/p5571.C (test for excess errors)
=== g++ Summary ===
# of expected passes 7318
# of unexpected failures 5
# of expected failures 88
# of unresolved testcases 2
# of untested testcases 23
# of unsupported tests 5
/mnt/dasdc1/fsf/gcc-head-build/gcc/testsuite/../g++ version 3.2 20020528 (experimental)
=== g77 tests ===
Running target unix
FAIL: g77.f-torture/execute/6367.f execution, -O0
FAIL: g77.f-torture/execute/6367.f execution, -O1
FAIL: g77.f-torture/execute/6367.f execution, -O2
FAIL: g77.f-torture/execute/6367.f execution, -O3 -fomit-frame-pointer
FAIL: g77.f-torture/execute/6367.f execution, -O3 -fomit-frame-pointer -funroll-loops
FAIL: g77.f-torture/execute/6367.f execution, -O3 -fomit-frame-pointer -funroll-all-loops -finline-functions
FAIL: g77.f-torture/execute/6367.f execution, -O3 -g
FAIL: g77.f-torture/execute/6367.f execution, -Os
=== g77 Summary ===
# of expected passes 1618
# of unexpected failures 8
# of unsupported tests 8
/mnt/dasdc1/fsf/gcc-head-build/gcc/testsuite/../g77 version 3.2 20020528 (experimental)
=== gcc tests ===
Running target unix
FAIL: gcc.c-torture/execute/pure-1.c compilation, -O1
UNRESOLVED: gcc.c-torture/execute/pure-1.c execution, -O1
FAIL: gcc.c-torture/execute/pure-1.c compilation, -O2
UNRESOLVED: gcc.c-torture/execute/pure-1.c execution, -O2
FAIL: gcc.c-torture/execute/pure-1.c compilation, -O3 -fomit-frame-pointer
UNRESOLVED: gcc.c-torture/execute/pure-1.c execution, -O3 -fomit-frame-pointer
FAIL: gcc.c-torture/execute/pure-1.c compilation, -O3 -g
UNRESOLVED: gcc.c-torture/execute/pure-1.c execution, -O3 -g
FAIL: gcc.c-torture/execute/pure-1.c compilation, -Os
UNRESOLVED: gcc.c-torture/execute/pure-1.c execution, -Os
FAIL: cmdlne-dM-M.c: #define line not printed
FAIL: gcc.dg/debug/debug-1.c scan-assembler xyzzy
FAIL: gcc.dg/debug/debug-1.c scan-assembler xyzzy
FAIL: gcc.dg/debug/debug-1.c scan-assembler xyzzy
FAIL: gcc.dg/debug/debug-1.c scan-assembler xyzzy
FAIL: gcc.dg/debug/debug-2.c scan-assembler xyzzy
FAIL: gcc.dg/debug/debug-2.c scan-assembler xyzzy
FAIL: gcc.dg/debug/debug-2.c scan-assembler xyzzy
FAIL: gcc.dg/debug/debug-2.c scan-assembler xyzzy
=== gcc Summary ===
# of expected passes 18767
# of unexpected failures 14
# of expected failures 66
# of unresolved testcases 5
# of unsupported tests 122
/mnt/dasdc1/fsf/gcc-head-build/gcc/xgcc version 3.2 20020528 (experimental)
=== objc tests ===
Running target unix
=== objc Summary ===
# of expected passes 1035
# of expected failures 6
/mnt/dasdc1/fsf/gcc-head-build/gcc/xgcc version 3.2 20020528 (experimental)
=== libjava tests ===
Running target unix
FAIL: calls run
FAIL: field run
FAIL: final_method run
FAIL: findclass run
FAIL: invoke run
FAIL: martin run
FAIL: noclass run
FAIL: overload run
FAIL: register run
FAIL: simple_int run
FAIL: throwit run
FAIL: virtual run
WARNING: program timed out.
FAIL: cxxtest run
=== libjava Summary ===
# of expected passes 2146
# of unexpected failures 13
# of expected failures 18
# of untested testcases 27
=== libstdc++-v3 tests ===
Running target unix
XPASS: 22_locale/collate_byname.cc execution test
XPASS: 22_locale/collate_members_char.cc execution test
XPASS: 22_locale/collate_members_wchar_t.cc execution test
XPASS: 22_locale/ctype_is_char.cc execution test
XPASS: 22_locale/members.cc execution test
XPASS: 22_locale/messages_byname.cc execution test
XPASS: 22_locale/messages_members_char.cc execution test
XPASS: 22_locale/money_get_members_char.cc execution test
XPASS: 22_locale/money_put_members_char.cc execution test
XPASS: 22_locale/moneypunct_byname.cc execution test
XPASS: 22_locale/moneypunct_members_char.cc execution test
XPASS: 22_locale/moneypunct_members_wchar_t.cc execution test
XPASS: 22_locale/num_get_members_char.cc execution test
XPASS: 22_locale/num_get_members_wchar_t.cc execution test
XPASS: 22_locale/num_put_members_char.cc execution test
XPASS: 22_locale/num_put_members_wchar_t.cc execution test
XPASS: 22_locale/numpunct_byname.cc execution test
XPASS: 22_locale/numpunct_members_char.cc execution test
XPASS: 22_locale/numpunct_members_wchar_t.cc execution test
XPASS: 22_locale/time_get_members_char.cc execution test
XPASS: 22_locale/time_get_members_wchar_t.cc execution test
XPASS: 22_locale/time_put_members_char.cc execution test
XPASS: 22_locale/time_put_members_wchar_t.cc execution test
FAIL: 26_numerics/c99_classification_macros_c.cc (test for excess errors)
=== libstdc++-v3 Summary ===
# of expected passes 395
# of unexpected failures 1
# of unexpected successes 23
# of expected failures 3
Compiler version: 3.2 20020528 (experimental)
Platform: s390-ibm-linux-gnu
configure flags: --host=s390-ibm-linux --enable-shared --enable-threads --prefix=/home/weigand/fsf/gcc-head-install
More information about the Gcc-testresults
mailing list