Results for 3.1.1 20020523 (prerelease) testsuite on sparc-unknown-linux-gnu
David S. Miller
davem@nuts.ninka.net
Fri May 24 03:44:00 GMT 2002
LAST_UPDATED: Thu May 23 14:17:15 UTC 2002
Native configuration is sparc-unknown-linux-gnu
=== g++ tests ===
Running target unix
=== g++ Summary ===
# of expected passes 7159
# of expected failures 88
# of untested testcases 22
# of unsupported tests 4
/disk1/davem/GCC/cvs/3.1/build-sparc-linux/gcc/testsuite/../g++ version 3.1.1 20020523 (prerelease)
=== g77 tests ===
Running target unix
=== g77 Summary ===
# of expected passes 1452
# of unsupported tests 8
/disk1/davem/GCC/cvs/3.1/build-sparc-linux/gcc/testsuite/../g77 version 3.1.1 20020523 (prerelease)
=== gcc tests ===
Running target unix
=== gcc Summary ===
# of expected passes 18267
# of expected failures 66
# of unsupported tests 108
/disk1/davem/GCC/cvs/3.1/build-sparc-linux/gcc/xgcc version 3.1.1 20020523 (prerelease)
=== objc tests ===
Running target unix
=== objc Summary ===
# of expected passes 1036
# of expected failures 6
/disk1/davem/GCC/cvs/3.1/build-sparc-linux/gcc/xgcc version 3.1.1 20020523 (prerelease)
=== libjava tests ===
Running target unix
=== libjava Summary ===
# of expected passes 2075
# of expected failures 18
# of untested testcases 14
=== libstdc++-v3 tests ===
Running target unix
XPASS: 22_locale/collate_byname.cc execution test
XPASS: 22_locale/collate_members_char.cc execution test
XPASS: 22_locale/collate_members_wchar_t.cc execution test
XPASS: 22_locale/ctype_members_char.cc execution test
XPASS: 22_locale/ctype_scan_wchar_t.cc execution test
XPASS: 22_locale/members.cc execution test
XPASS: 22_locale/messages_byname.cc execution test
XPASS: 22_locale/messages_members_char.cc execution test
XPASS: 22_locale/money_get_members_char.cc execution test
XPASS: 22_locale/money_put_members_char.cc execution test
XPASS: 22_locale/moneypunct_byname.cc execution test
XPASS: 22_locale/moneypunct_members_char.cc execution test
XPASS: 22_locale/moneypunct_members_wchar_t.cc execution test
XPASS: 22_locale/num_get_members_char.cc execution test
XPASS: 22_locale/num_get_members_wchar_t.cc execution test
XPASS: 22_locale/num_put_members_char.cc execution test
XPASS: 22_locale/num_put_members_wchar_t.cc execution test
XPASS: 22_locale/numpunct_byname.cc execution test
XPASS: 22_locale/numpunct_members_char.cc execution test
XPASS: 22_locale/numpunct_members_wchar_t.cc execution test
XPASS: 22_locale/time_get_members_char.cc execution test
XPASS: 22_locale/time_get_members_wchar_t.cc execution test
XPASS: 22_locale/time_put_members_char.cc execution test
XPASS: 22_locale/time_put_members_wchar_t.cc execution test
FAIL: 26_numerics/c99_classification_macros_c.cc (test for excess errors)
=== libstdc++-v3 Summary ===
# of expected passes 377
# of unexpected failures 1
# of unexpected successes 24
# of expected failures 2
Compiler version: 3.1.1 20020523 (prerelease)
Platform: sparc-unknown-linux-gnu
configure flags: --host=sparc-unknown-linux-gnu --prefix=/foo/bar --enable-shared --enable-threads
More information about the Gcc-testresults
mailing list