Results for 3.1 testsuite on powerpc-unknown-linux-gnu
Carl Eugen Hoyos
ceh@cg.tuwien.ac.at
Fri May 17 12:30:00 GMT 2002
This computer is an Apple G3 400 running SuSE Linux 7.0
I used configure ... --with-cpu=750 --enable-threads
Native configuration is powerpc-unknown-linux-gnu
=== gcc tests ===
Running target unix
FAIL: gcc.dg/20020103-1.c scan-assembler-not LC
FAIL: gcc.dg/20020118-1.c execution test
=== gcc Summary ===
# of expected passes 18268
# of unexpected failures 2
# of expected failures 63
# of unsupported tests 104
/ceh/gcc31/gcc/xgcc version 3.1
=== objc tests ===
Running target unix
=== objc Summary ===
# of expected passes 1036
# of expected failures 6
/ceh/gcc31/gcc/xgcc version 3.1
Compiler version: 3.1
Platform: powerpc-unknown-linux-gnu
More information about the Gcc-testresults
mailing list