Results for 3.1 testsuite on ia64-unknown-linux-gnu
Steve Christiansen
smc@us.ibm.com
Thu May 16 16:49:00 GMT 2002
LAST_UPDATED:
Native configuration is ia64-unknown-linux-gnu
=== g77 tests ===
Running target unix
=== g77 Summary ===
# of expected passes 1452
# of unsupported tests 8
/builds/gcc-3.1/ia64/obj/gcc/testsuite/../g77 version 3.1
=== gcc tests ===
Running target unix
XPASS: gcc.c-torture/compile/920625-1.c, -O2
XPASS: gcc.c-torture/compile/920625-1.c, -O3 -fomit-frame-pointer
XPASS: gcc.c-torture/compile/920625-1.c, -O3 -fomit-frame-pointer -funroll-loops
XPASS: gcc.c-torture/compile/920625-1.c, -O3 -fomit-frame-pointer -funroll-all-loops -finline-functions
XPASS: gcc.c-torture/compile/920625-1.c, -O3 -g
XPASS: gcc.c-torture/compile/920625-1.c, -Os
XPASS: gcc.c-torture/compile/981223-1.c, -O2
XPASS: gcc.c-torture/compile/981223-1.c, -O3 -fomit-frame-pointer
XPASS: gcc.c-torture/compile/981223-1.c, -O3 -g
XPASS: gcc.c-torture/compile/981223-1.c, -Os
XPASS: gcc.dg/c99-intconst-1.c (test for excess errors)
=== gcc Summary ===
# of expected passes 17905
# of unexpected successes 11
# of expected failures 73
# of unsupported tests 106
/builds/gcc-3.1/ia64/obj/gcc/xgcc version 3.1
=== g++ tests ===
Running target unix
FAIL: g++.law/profile1.C Execution test
=== g++ Summary ===
# of expected passes 7034
# of unexpected failures 1
# of expected failures 88
# of untested testcases 23
# of unsupported tests 4
/builds/gcc-3.1/ia64/obj/gcc/testsuite/../g++ version 3.1
=== objc tests ===
Running target unix
=== objc Summary ===
# of expected passes 1036
# of expected failures 6
/builds/gcc-3.1/ia64/obj/gcc/xgcc version 3.1
=== libjava tests ===
Running target unix
=== libjava Summary ===
# of expected passes 2075
# of expected failures 18
# of untested testcases 14
=== libstdc++-v3 tests ===
Running target unix
XPASS: 22_locale/ctype_members_char.cc execution test
XPASS: 22_locale/members.cc execution test
XPASS: 22_locale/messages_byname.cc execution test
XPASS: 22_locale/messages_members_char.cc execution test
XPASS: 22_locale/money_get_members_char.cc execution test
XPASS: 22_locale/money_get_members_wchar_t.cc execution test
XPASS: 22_locale/money_put_members_char.cc execution test
XPASS: 22_locale/money_put_members_wchar_t.cc execution test
XPASS: 22_locale/moneypunct_byname.cc execution test
XPASS: 22_locale/moneypunct_members_char.cc execution test
XPASS: 22_locale/moneypunct_members_wchar_t.cc execution test
XPASS: 22_locale/num_get_members_char.cc execution test
XPASS: 22_locale/num_get_members_wchar_t.cc execution test
XPASS: 22_locale/num_put_members_char.cc execution test
XPASS: 22_locale/num_put_members_wchar_t.cc execution test
XPASS: 22_locale/numpunct_byname.cc execution test
XPASS: 22_locale/numpunct_members_char.cc execution test
XPASS: 22_locale/numpunct_members_wchar_t.cc execution test
XPASS: 22_locale/time_get_members_char.cc execution test
XPASS: 22_locale/time_get_members_wchar_t.cc execution test
XPASS: 22_locale/time_put_members_char.cc execution test
XPASS: 22_locale/time_put_members_wchar_t.cc execution test
FAIL: 26_numerics/c99_classification_macros_c.cc (test for excess errors)
=== libstdc++-v3 Summary ===
# of expected passes 374
# of unexpected failures 1
# of unexpected successes 22
# of expected failures 3
Compiler version: 3.1
Platform: ia64-unknown-linux-gnu
configure flags: --host=ia64-unknown-linux --enable-shared --enable-threads --prefix=/builds/gcc-3.1/ia64/install
Red Hat Linux release 7.2 (Enigma)
Linux kernel 2.4.18
glibc-2.2.4
binutils-2.12.1
dejagnu-1.4.2
More information about the Gcc-testresults
mailing list