Results for 3.1 20020511 (prerelease) testsuite on sparc-suse-linux-gnu
Robert Schiele
schiele@pi3.informatik.uni-mannheim.de
Sat May 11 21:29:00 GMT 2002
LAST_UPDATED: Sat May 11 22:20:41 UTC 2002
Native configuration is sparc-suse-linux-gnu
=== g++ tests ===
Running target unix
=== g++ Summary ===
# of expected passes 7163
# of expected failures 88
# of untested testcases 22
# of unsupported tests 4
/local/gccbuild/gcc/testsuite/../g++ version 3.1 20020511 (prerelease)
=== g77 tests ===
Running target unix
=== g77 Summary ===
# of expected passes 1452
# of unsupported tests 8
/local/gccbuild/gcc/testsuite/../g77 version 3.1 20020511 (prerelease)
=== gcc tests ===
Running target unix
FAIL: gcc.dg/format/c99-strftime-1.c bad %O% (test for warnings, line 96)
FAIL: gcc.dg/format/c99-strftime-1.c (test for excess errors)
=== gcc Summary ===
# of expected passes 18263
# of unexpected failures 2
# of expected failures 66
# of unsupported tests 107
/local/gccbuild/gcc/xgcc version 3.1 20020511 (prerelease)
=== objc tests ===
Running target unix
=== objc Summary ===
# of expected passes 1036
# of expected failures 6
/local/gccbuild/gcc/xgcc version 3.1 20020511 (prerelease)
=== libjava tests ===
Running target unix
=== libjava Summary ===
# of expected passes 2075
# of expected failures 18
# of untested testcases 14
=== libstdc++-v3 tests ===
Running target unix
XPASS: 22_locale/time_put_members_char.cc execution test
XPASS: 22_locale/time_put_members_wchar_t.cc execution test
FAIL: 26_numerics/c99_classification_macros_c.cc (test for excess errors)
=== libstdc++-v3 Summary ===
# of expected passes 374
# of unexpected failures 1
# of unexpected successes 2
# of expected failures 23
Compiler version: 3.1 20020511 (prerelease)
Platform: sparc-suse-linux-gnu
configure flags: --host=sparc-suse-linux --enable-threads=posix --enable-long-long --prefix=/opt/Pkg/Linux/sparc64/gcc31 --enable-languages=c,c++,f77,objc,java --disable-nls --enable-shared
More information about the Gcc-testresults
mailing list