Results for 3.1 20020329 (prerelease) testsuite on sparc-sun-solaris2.8
Robert Schiele
schiele@pi3.informatik.uni-mannheim.de
Sat Mar 30 08:36:00 GMT 2002
LAST_UPDATED:
Native configuration is sparc-sun-solaris2.8
=== g++ tests ===
Running target unix
FAIL: g++.dg/special/conpr-2.C execution test
FAIL: g++.dg/special/conpr-3.C execution test
FAIL: g++.dg/special/initp1.C execution test
=== g++ Summary ===
# of expected passes 7125
# of unexpected failures 3
# of expected failures 86
# of untested testcases 21
# of unsupported tests 2
/home/schiele/gcccvs/build/sparc-sun-solaris2.8/gcc/testsuite/../g++ version 3.1 20020329 (prerelease)
=== g77 tests ===
Running target unix
=== g77 Summary ===
# of expected passes 1452
# of unsupported tests 8
/home/schiele/gcccvs/build/sparc-sun-solaris2.8/gcc/testsuite/../g77 version 3.1 20020329 (prerelease)
=== gcc tests ===
Running target unix
FAIL: gcc.dg/cpp/charconst.c (test for excess errors)
UNRESOLVED: weak-1.c
UNRESOLVED: weak-2.c
UNRESOLVED: wkali-1.c
UNRESOLVED: wkali-2.c
=== gcc Summary ===
# of expected passes 17994
# of unexpected failures 1
# of expected failures 62
# of unresolved testcases 4
# of unsupported tests 105
/home/schiele/gcccvs/build/sparc-sun-solaris2.8/gcc/xgcc version 3.1 20020329 (prerelease)
=== objc tests ===
Running target unix
=== objc Summary ===
# of expected passes 1036
# of expected failures 6
/home/schiele/gcccvs/build/sparc-sun-solaris2.8/gcc/xgcc version 3.1 20020329 (prerelease)
=== libstdc++-v3 tests ===
Running target unix
FAIL: 18_support/numeric_limits.cc execution test
XPASS: 22_locale/collate_members_wchar_t.cc execution test
XPASS: 22_locale/money_get_members_wchar_t.cc execution test
XPASS: 22_locale/money_put_members_wchar_t.cc execution test
XPASS: 22_locale/moneypunct_members_wchar_t.cc execution test
XPASS: 22_locale/num_get_members_wchar_t.cc execution test
XPASS: 22_locale/num_put_members_wchar_t.cc execution test
XPASS: 22_locale/numpunct_members_wchar_t.cc execution test
XPASS: 22_locale/time_get_members_wchar_t.cc execution test
XPASS: 22_locale/time_put_members_wchar_t.cc execution test
FAIL: 26_numerics/complex_value.cc (test for excess errors)
WARNING: 26_numerics/complex_value.cc compilation failed to produce executable
FAIL: 26_numerics/valarray.cc (test for excess errors)
WARNING: 26_numerics/valarray.cc compilation failed to produce executable
FAIL: 27_io/filebuf_virtuals.cc execution test
FAIL: 27_io/istream_extractor_arith.cc execution test
FAIL: 27_io/ostream_inserter_arith.cc (test for excess errors)
WARNING: 27_io/ostream_inserter_arith.cc compilation failed to produce executable
FAIL: 27_io/streambuf.cc execution test
FAIL: 27_io/stringbuf.cc execution test
WARNING: program timed out.
FAIL: thread/pthread4.cc execution test
=== libstdc++-v3 Summary ===
# of expected passes 359
# of unexpected failures 9
# of unexpected successes 9
# of expected failures 16
Compiler version: 3.1 20020329 (prerelease)
Platform: sparc-sun-solaris2.8
configure flags: --host=sparc-sun-solaris2.8 --enable-threads=posix --enable-long-long --prefix=/opt/Pkg/SunOS/gcc31_64 --enable-languages=c,c++,f77,objc,java --disable-nls --enable-shared
More information about the Gcc-testresults
mailing list