Results for 3.1 20020328 (prerelease) testsuite on sparc-sun-solaris2.7
Kaveh R. Ghazi
ghazi@caip.rutgers.edu
Sat Mar 30 07:57:00 GMT 2002
LAST_UPDATED:
Native configuration is sparc-sun-solaris2.7
=== g++ tests ===
Running target unix/-m64
FAIL: g++.dg/special/conpr-2.C execution test
FAIL: g++.dg/special/conpr-3.C execution test
FAIL: g++.dg/special/initp1.C execution test
FAIL: g++.ext/namedret1.C caused compiler crash
FAIL: g++.law/profile1.C (test for excess errors)
=== g++ Summary for unix/-m64 ===
# of expected passes 7106
# of unexpected failures 5
# of expected failures 87
# of untested testcases 21
# of unsupported tests 2
Running target unix/-fPIC
FAIL: g++.dg/special/conpr-2.C execution test
FAIL: g++.dg/special/conpr-3.C execution test
FAIL: g++.dg/special/initp1.C execution test
FAIL: g++.law/profile1.C Execution test
FAIL: g++.robertl/eb83.C Execution test
=== g++ Summary for unix/-fPIC ===
# of expected passes 7108
# of unexpected failures 5
# of expected failures 86
# of untested testcases 21
# of unsupported tests 2
Running target unix/-fpic
FAIL: g++.dg/special/conpr-2.C execution test
FAIL: g++.dg/special/conpr-3.C execution test
FAIL: g++.dg/special/initp1.C execution test
FAIL: g++.law/profile1.C Execution test
FAIL: g++.robertl/eb83.C Execution test
=== g++ Summary for unix/-fpic ===
# of expected passes 7108
# of unexpected failures 5
# of expected failures 86
# of untested testcases 21
# of unsupported tests 2
Running target unix
FAIL: g++.dg/special/conpr-2.C execution test
FAIL: g++.dg/special/conpr-3.C execution test
FAIL: g++.dg/special/initp1.C execution test
=== g++ Summary for unix ===
# of expected passes 7110
# of unexpected failures 3
# of expected failures 86
# of untested testcases 21
# of unsupported tests 2
=== g++ Summary ===
# of expected passes 28432
# of unexpected failures 18
# of expected failures 345
# of untested testcases 84
# of unsupported tests 8
/teal/caip5/ghazi/gcc-testing/branch/build/gcc/testsuite/../g++ version 3.1 20020328 (prerelease)
=== g77 tests ===
Running target unix/-m64
FAIL: g77.f-torture/execute/19981119-0.f compilation, -O0
FAIL: g77.f-torture/execute/19981119-0.f compilation, -O1
FAIL: g77.f-torture/execute/19981119-0.f compilation, -O2
FAIL: g77.f-torture/execute/19981119-0.f compilation, -O3 -fomit-frame-pointer
FAIL: g77.f-torture/execute/19981119-0.f compilation, -O3 -g
FAIL: g77.f-torture/execute/19981119-0.f compilation, -Os
FAIL: g77.f-torture/execute/20010116.f compilation, -O0
FAIL: g77.f-torture/execute/20010116.f compilation, -O1
FAIL: g77.f-torture/execute/20010116.f compilation, -O2
FAIL: g77.f-torture/execute/20010116.f compilation, -O3 -fomit-frame-pointer
FAIL: g77.f-torture/execute/20010116.f compilation, -O3 -fomit-frame-pointer -funroll-loops
FAIL: g77.f-torture/execute/20010116.f compilation, -O3 -fomit-frame-pointer -funroll-all-loops -finline-functions
FAIL: g77.f-torture/execute/20010116.f compilation, -O3 -g
FAIL: g77.f-torture/execute/20010116.f compilation, -Os
=== g77 Summary for unix/-m64 ===
# of expected passes 1424
# of unexpected failures 14
# of untested testcases 14
# of unsupported tests 8
Running target unix/-fPIC
FAIL: g77.dg/bprob/bprob-1.f execution, -g -fprofile-arcs
UNRESOLVED: g77.dg/bprob/bprob-1.f compilation, -g -fbranch-probabilities
UNRESOLVED: g77.dg/bprob/bprob-1.f execution, -g -fbranch-probabilities
FAIL: g77.dg/bprob/bprob-1.f execution, -O0 -fprofile-arcs
UNRESOLVED: g77.dg/bprob/bprob-1.f compilation, -O0 -fbranch-probabilities
UNRESOLVED: g77.dg/bprob/bprob-1.f execution, -O0 -fbranch-probabilities
FAIL: g77.dg/bprob/bprob-1.f execution, -O1 -fprofile-arcs
UNRESOLVED: g77.dg/bprob/bprob-1.f compilation, -O1 -fbranch-probabilities
UNRESOLVED: g77.dg/bprob/bprob-1.f execution, -O1 -fbranch-probabilities
FAIL: g77.dg/bprob/bprob-1.f execution, -O2 -fprofile-arcs
UNRESOLVED: g77.dg/bprob/bprob-1.f compilation, -O2 -fbranch-probabilities
UNRESOLVED: g77.dg/bprob/bprob-1.f execution, -O2 -fbranch-probabilities
FAIL: g77.dg/bprob/bprob-1.f execution, -O3 -fprofile-arcs
UNRESOLVED: g77.dg/bprob/bprob-1.f compilation, -O3 -fbranch-probabilities
UNRESOLVED: g77.dg/bprob/bprob-1.f execution, -O3 -fbranch-probabilities
FAIL: g77.dg/bprob/bprob-1.f execution, -O3 -g -fprofile-arcs
UNRESOLVED: g77.dg/bprob/bprob-1.f compilation, -O3 -g -fbranch-probabilities
UNRESOLVED: g77.dg/bprob/bprob-1.f execution, -O3 -g -fbranch-probabilities
FAIL: g77.dg/bprob/bprob-1.f execution, -Os -fprofile-arcs
UNRESOLVED: g77.dg/bprob/bprob-1.f compilation, -Os -fbranch-probabilities
UNRESOLVED: g77.dg/bprob/bprob-1.f execution, -Os -fbranch-probabilities
FAIL: g77.dg/gcov/gcov-1.f execution test
FAIL: g77.dg/gcov/gcov-1.f gcov: 118 failures in line counts, 32 in branch percentages, 24 in return percentages
=== g77 Summary for unix/-fPIC ===
# of expected passes 1429
# of unexpected failures 9
# of unresolved testcases 14
# of unsupported tests 8
Running target unix/-fpic
FAIL: g77.dg/bprob/bprob-1.f execution, -g -fprofile-arcs
UNRESOLVED: g77.dg/bprob/bprob-1.f compilation, -g -fbranch-probabilities
UNRESOLVED: g77.dg/bprob/bprob-1.f execution, -g -fbranch-probabilities
FAIL: g77.dg/bprob/bprob-1.f execution, -O0 -fprofile-arcs
UNRESOLVED: g77.dg/bprob/bprob-1.f compilation, -O0 -fbranch-probabilities
UNRESOLVED: g77.dg/bprob/bprob-1.f execution, -O0 -fbranch-probabilities
FAIL: g77.dg/bprob/bprob-1.f execution, -O1 -fprofile-arcs
UNRESOLVED: g77.dg/bprob/bprob-1.f compilation, -O1 -fbranch-probabilities
UNRESOLVED: g77.dg/bprob/bprob-1.f execution, -O1 -fbranch-probabilities
FAIL: g77.dg/bprob/bprob-1.f execution, -O2 -fprofile-arcs
UNRESOLVED: g77.dg/bprob/bprob-1.f compilation, -O2 -fbranch-probabilities
UNRESOLVED: g77.dg/bprob/bprob-1.f execution, -O2 -fbranch-probabilities
FAIL: g77.dg/bprob/bprob-1.f execution, -O3 -fprofile-arcs
UNRESOLVED: g77.dg/bprob/bprob-1.f compilation, -O3 -fbranch-probabilities
UNRESOLVED: g77.dg/bprob/bprob-1.f execution, -O3 -fbranch-probabilities
FAIL: g77.dg/bprob/bprob-1.f execution, -O3 -g -fprofile-arcs
UNRESOLVED: g77.dg/bprob/bprob-1.f compilation, -O3 -g -fbranch-probabilities
UNRESOLVED: g77.dg/bprob/bprob-1.f execution, -O3 -g -fbranch-probabilities
FAIL: g77.dg/bprob/bprob-1.f execution, -Os -fprofile-arcs
UNRESOLVED: g77.dg/bprob/bprob-1.f compilation, -Os -fbranch-probabilities
UNRESOLVED: g77.dg/bprob/bprob-1.f execution, -Os -fbranch-probabilities
FAIL: g77.dg/gcov/gcov-1.f execution test
FAIL: g77.dg/gcov/gcov-1.f gcov: 118 failures in line counts, 32 in branch percentages, 24 in return percentages
=== g77 Summary for unix/-fpic ===
# of expected passes 1429
# of unexpected failures 9
# of unresolved testcases 14
# of unsupported tests 8
Running target unix
=== g77 Summary for unix ===
# of expected passes 1452
# of unsupported tests 8
=== g77 Summary ===
# of expected passes 5734
# of unexpected failures 32
# of unresolved testcases 28
# of untested testcases 14
# of unsupported tests 32
/teal/caip5/ghazi/gcc-testing/branch/build/gcc/testsuite/../g77 version 3.1 20020328 (prerelease)
=== gcc tests ===
Running target unix/-m64
FAIL: gcc.c-torture/compile/20000326-2.c, -O1
FAIL: gcc.c-torture/compile/20000326-2.c, -O2
FAIL: gcc.c-torture/compile/20000326-2.c, -O3 -fomit-frame-pointer
FAIL: gcc.c-torture/compile/20000326-2.c, -O3 -g
FAIL: gcc.c-torture/compile/20000326-2.c, -Os
FAIL: gcc.c-torture/compile/20000518-1.c, -O1
FAIL: gcc.c-torture/compile/20000518-1.c, -O2
FAIL: gcc.c-torture/compile/20000518-1.c, -O3 -fomit-frame-pointer
FAIL: gcc.c-torture/compile/20000518-1.c, -O3 -g
FAIL: gcc.c-torture/compile/20000518-1.c, -Os
FAIL: gcc.c-torture/compile/20020320-1.c, -O0
FAIL: gcc.c-torture/execute/20020227-1.c execution, -O2
FAIL: gcc.c-torture/execute/20020227-1.c execution, -O3 -fomit-frame-pointer
FAIL: gcc.c-torture/execute/20020227-1.c execution, -O3 -g
FAIL: gcc.c-torture/execute/20020227-1.c execution, -Os
FAIL: gcc.c-torture/execute/built-in-setjmp.c execution, -O1
FAIL: gcc.c-torture/execute/built-in-setjmp.c execution, -O2
FAIL: gcc.c-torture/execute/built-in-setjmp.c execution, -O3 -fomit-frame-pointer
FAIL: gcc.c-torture/execute/built-in-setjmp.c execution, -O3 -fomit-frame-pointer -funroll-loops
FAIL: gcc.c-torture/execute/built-in-setjmp.c execution, -O3 -fomit-frame-pointer -funroll-all-loops -finline-functions
FAIL: gcc.c-torture/execute/built-in-setjmp.c execution, -O3 -g
FAIL: gcc.c-torture/execute/regstack-1.c execution, -O0
FAIL: gcc.c-torture/execute/va-arg-22.c execution, -O0
FAIL: gcc.c-torture/execute/va-arg-22.c execution, -O1
FAIL: gcc.c-torture/execute/va-arg-22.c execution, -O2
FAIL: gcc.c-torture/execute/va-arg-22.c execution, -O3 -fomit-frame-pointer
FAIL: gcc.c-torture/execute/va-arg-22.c execution, -O3 -fomit-frame-pointer -funroll-loops
FAIL: gcc.c-torture/execute/va-arg-22.c execution, -O3 -fomit-frame-pointer -funroll-all-loops -finline-functions
FAIL: gcc.c-torture/execute/va-arg-22.c execution, -O3 -g
FAIL: gcc.c-torture/execute/va-arg-22.c execution, -Os
FAIL: gcc.c-torture/execute/ieee/fp-cmp-5.c compilation, -O1
UNRESOLVED: gcc.c-torture/execute/ieee/fp-cmp-5.c execution, -O1
FAIL: gcc.c-torture/execute/ieee/fp-cmp-5.c compilation, -O2
UNRESOLVED: gcc.c-torture/execute/ieee/fp-cmp-5.c execution, -O2
FAIL: gcc.c-torture/execute/ieee/fp-cmp-5.c compilation, -O3 -fomit-frame-pointer
UNRESOLVED: gcc.c-torture/execute/ieee/fp-cmp-5.c execution, -O3 -fomit-frame-pointer
FAIL: gcc.c-torture/execute/ieee/fp-cmp-5.c compilation, -O3 -fomit-frame-pointer -funroll-loops
UNRESOLVED: gcc.c-torture/execute/ieee/fp-cmp-5.c execution, -O3 -fomit-frame-pointer -funroll-loops
FAIL: gcc.c-torture/execute/ieee/fp-cmp-5.c compilation, -O3 -fomit-frame-pointer -funroll-all-loops -finline-functions
UNRESOLVED: gcc.c-torture/execute/ieee/fp-cmp-5.c execution, -O3 -fomit-frame-pointer -funroll-all-loops -finline-functions
FAIL: gcc.c-torture/execute/ieee/fp-cmp-5.c compilation, -O3 -g
UNRESOLVED: gcc.c-torture/execute/ieee/fp-cmp-5.c execution, -O3 -g
FAIL: gcc.c-torture/execute/ieee/fp-cmp-5.c compilation, -Os
UNRESOLVED: gcc.c-torture/execute/ieee/fp-cmp-5.c execution, -Os
FAIL: gcc.dg/20000707-1.c (test for excess errors)
FAIL: gcc.dg/20020201-4.c (test for excess errors)
XPASS: gcc.dg/c99-intconst-1.c (test for excess errors)
FAIL: gcc.dg/sparc-ret.c (test for excess errors)
FAIL: gcc.dg/sparc-ret.c scan-assembler return[ ]*%i7\\+8
UNRESOLVED: weak-1.c
UNRESOLVED: weak-2.c
UNRESOLVED: wkali-1.c
UNRESOLVED: wkali-2.c
FAIL: linkage.c
=== gcc Summary for unix/-m64 ===
# of expected passes 17946
# of unexpected failures 42
# of unexpected successes 1
# of expected failures 61
# of unresolved testcases 11
# of unsupported tests 105
Running target unix/-fPIC
FAIL: gcc.c-torture/execute/ieee/fp-cmp-5.c compilation, -O1
UNRESOLVED: gcc.c-torture/execute/ieee/fp-cmp-5.c execution, -O1
FAIL: gcc.c-torture/execute/ieee/fp-cmp-5.c compilation, -O2
UNRESOLVED: gcc.c-torture/execute/ieee/fp-cmp-5.c execution, -O2
FAIL: gcc.c-torture/execute/ieee/fp-cmp-5.c compilation, -O3 -fomit-frame-pointer
UNRESOLVED: gcc.c-torture/execute/ieee/fp-cmp-5.c execution, -O3 -fomit-frame-pointer
FAIL: gcc.c-torture/execute/ieee/fp-cmp-5.c compilation, -O3 -fomit-frame-pointer -funroll-loops
UNRESOLVED: gcc.c-torture/execute/ieee/fp-cmp-5.c execution, -O3 -fomit-frame-pointer -funroll-loops
FAIL: gcc.c-torture/execute/ieee/fp-cmp-5.c compilation, -O3 -fomit-frame-pointer -funroll-all-loops -finline-functions
UNRESOLVED: gcc.c-torture/execute/ieee/fp-cmp-5.c execution, -O3 -fomit-frame-pointer -funroll-all-loops -finline-functions
FAIL: gcc.c-torture/execute/ieee/fp-cmp-5.c compilation, -O3 -g
UNRESOLVED: gcc.c-torture/execute/ieee/fp-cmp-5.c execution, -O3 -g
FAIL: gcc.c-torture/execute/ieee/fp-cmp-5.c compilation, -Os
UNRESOLVED: gcc.c-torture/execute/ieee/fp-cmp-5.c execution, -Os
FAIL: gcc.dg/cpp/charconst.c (test for excess errors)
FAIL: gcc.dg/20020201-1.c execution test
FAIL: gcc.dg/20020201-4.c (test for excess errors)
FAIL: gcc.dg/20020304-1.c (test for excess errors)
FAIL: gcc.dg/20020312-2.c (test for excess errors)
WARNING: gcc.dg/20020312-2.c compilation failed to produce executable
UNRESOLVED: weak-1.c
UNRESOLVED: weak-2.c
UNRESOLVED: wkali-1.c
UNRESOLVED: wkali-2.c
FAIL: gcc.misc-tests/bprob-1.c execution, -g -fprofile-arcs
UNRESOLVED: gcc.misc-tests/bprob-1.c compilation, -g -fbranch-probabilities
UNRESOLVED: gcc.misc-tests/bprob-1.c execution, -g -fbranch-probabilities
FAIL: gcc.misc-tests/bprob-1.c execution, -O0 -fprofile-arcs
UNRESOLVED: gcc.misc-tests/bprob-1.c compilation, -O0 -fbranch-probabilities
UNRESOLVED: gcc.misc-tests/bprob-1.c execution, -O0 -fbranch-probabilities
FAIL: gcc.misc-tests/bprob-1.c execution, -O1 -fprofile-arcs
UNRESOLVED: gcc.misc-tests/bprob-1.c compilation, -O1 -fbranch-probabilities
UNRESOLVED: gcc.misc-tests/bprob-1.c execution, -O1 -fbranch-probabilities
FAIL: gcc.misc-tests/bprob-1.c execution, -O2 -DPERFTIME -fprofile-arcs
UNRESOLVED: gcc.misc-tests/bprob-1.c compilation, -O2 -DPERFTIME -fbranch-probabilities
UNRESOLVED: gcc.misc-tests/bprob-1.c execution, -O2 -DPERFTIME -fbranch-probabilities
FAIL: gcc.misc-tests/bprob-1.c execution, -O3 -DPERFTIME -fprofile-arcs
UNRESOLVED: gcc.misc-tests/bprob-1.c compilation, -O3 -DPERFTIME -fbranch-probabilities
UNRESOLVED: gcc.misc-tests/bprob-1.c execution, -O3 -DPERFTIME -fbranch-probabilities
FAIL: gcc.misc-tests/bprob-1.c execution, -O3 -g -DPERFTIME -fprofile-arcs
UNRESOLVED: gcc.misc-tests/bprob-1.c compilation, -O3 -g -DPERFTIME -fbranch-probabilities
UNRESOLVED: gcc.misc-tests/bprob-1.c execution, -O3 -g -DPERFTIME -fbranch-probabilities
FAIL: gcc.misc-tests/bprob-1.c execution, -Os -fprofile-arcs
UNRESOLVED: gcc.misc-tests/bprob-1.c compilation, -Os -fbranch-probabilities
UNRESOLVED: gcc.misc-tests/bprob-1.c execution, -Os -fbranch-probabilities
FAIL: gcc.misc-tests/bprob-2.c execution, -g -fprofile-arcs
UNRESOLVED: gcc.misc-tests/bprob-2.c compilation, -g -fbranch-probabilities
UNRESOLVED: gcc.misc-tests/bprob-2.c execution, -g -fbranch-probabilities
FAIL: gcc.misc-tests/bprob-2.c execution, -O0 -fprofile-arcs
UNRESOLVED: gcc.misc-tests/bprob-2.c compilation, -O0 -fbranch-probabilities
UNRESOLVED: gcc.misc-tests/bprob-2.c execution, -O0 -fbranch-probabilities
FAIL: gcc.misc-tests/bprob-2.c execution, -O1 -fprofile-arcs
UNRESOLVED: gcc.misc-tests/bprob-2.c compilation, -O1 -fbranch-probabilities
UNRESOLVED: gcc.misc-tests/bprob-2.c execution, -O1 -fbranch-probabilities
FAIL: gcc.misc-tests/bprob-2.c execution, -O2 -DPERFTIME -fprofile-arcs
UNRESOLVED: gcc.misc-tests/bprob-2.c compilation, -O2 -DPERFTIME -fbranch-probabilities
UNRESOLVED: gcc.misc-tests/bprob-2.c execution, -O2 -DPERFTIME -fbranch-probabilities
FAIL: gcc.misc-tests/bprob-2.c execution, -O3 -DPERFTIME -fprofile-arcs
UNRESOLVED: gcc.misc-tests/bprob-2.c compilation, -O3 -DPERFTIME -fbranch-probabilities
UNRESOLVED: gcc.misc-tests/bprob-2.c execution, -O3 -DPERFTIME -fbranch-probabilities
FAIL: gcc.misc-tests/bprob-2.c execution, -O3 -g -DPERFTIME -fprofile-arcs
UNRESOLVED: gcc.misc-tests/bprob-2.c compilation, -O3 -g -DPERFTIME -fbranch-probabilities
UNRESOLVED: gcc.misc-tests/bprob-2.c execution, -O3 -g -DPERFTIME -fbranch-probabilities
FAIL: gcc.misc-tests/bprob-2.c execution, -Os -fprofile-arcs
UNRESOLVED: gcc.misc-tests/bprob-2.c compilation, -Os -fbranch-probabilities
UNRESOLVED: gcc.misc-tests/bprob-2.c execution, -Os -fbranch-probabilities
FAIL: gcc.misc-tests/gcov-1.c execution test
FAIL: gcc.misc-tests/gcov-1.c gcov: 3 failures in line counts
FAIL: gcc.misc-tests/gcov-2.c execution test
FAIL: gcc.misc-tests/gcov-2.c gcov: 3 failures in line counts
FAIL: gcc.misc-tests/gcov-3.c execution test
FAIL: gcc.misc-tests/gcov-3.c gcov: 2 failures in line counts
FAIL: gcc.misc-tests/gcov-4.c execution test
FAIL: gcc.misc-tests/gcov-4.c gcov: 50 failures in line counts
FAIL: gcc.misc-tests/gcov-4b.c execution test
FAIL: gcc.misc-tests/gcov-4b.c gcov: 24 failures in branch percentages
FAIL: gcc.misc-tests/gcov-5b.c execution test
FAIL: gcc.misc-tests/gcov-6.c execution test
FAIL: gcc.misc-tests/gcov-6.c gcov: 3 failures in line counts, 1 in branch percentages, 3 in return percentages
FAIL: gcc.misc-tests/gcov-7.c execution test
FAIL: gcc.misc-tests/gcov-7.c gcov: 9 failures in line counts, 3 in branch percentages, 4 in return percentages
=== gcc Summary for unix/-fPIC ===
# of expected passes 17918
# of unexpected failures 41
# of expected failures 62
# of unresolved testcases 39
# of unsupported tests 105
Running target unix/-fpic
FAIL: gcc.c-torture/execute/990208-1.c compilation, -O1
UNRESOLVED: gcc.c-torture/execute/990208-1.c execution, -O1
FAIL: gcc.c-torture/execute/990208-1.c compilation, -O2
UNRESOLVED: gcc.c-torture/execute/990208-1.c execution, -O2
FAIL: gcc.c-torture/execute/990208-1.c compilation, -Os
UNRESOLVED: gcc.c-torture/execute/990208-1.c execution, -Os
FAIL: gcc.c-torture/execute/ieee/fp-cmp-5.c compilation, -O1
UNRESOLVED: gcc.c-torture/execute/ieee/fp-cmp-5.c execution, -O1
FAIL: gcc.c-torture/execute/ieee/fp-cmp-5.c compilation, -O2
UNRESOLVED: gcc.c-torture/execute/ieee/fp-cmp-5.c execution, -O2
FAIL: gcc.c-torture/execute/ieee/fp-cmp-5.c compilation, -O3 -fomit-frame-pointer
UNRESOLVED: gcc.c-torture/execute/ieee/fp-cmp-5.c execution, -O3 -fomit-frame-pointer
FAIL: gcc.c-torture/execute/ieee/fp-cmp-5.c compilation, -O3 -fomit-frame-pointer -funroll-loops
UNRESOLVED: gcc.c-torture/execute/ieee/fp-cmp-5.c execution, -O3 -fomit-frame-pointer -funroll-loops
FAIL: gcc.c-torture/execute/ieee/fp-cmp-5.c compilation, -O3 -fomit-frame-pointer -funroll-all-loops -finline-functions
UNRESOLVED: gcc.c-torture/execute/ieee/fp-cmp-5.c execution, -O3 -fomit-frame-pointer -funroll-all-loops -finline-functions
FAIL: gcc.c-torture/execute/ieee/fp-cmp-5.c compilation, -O3 -g
UNRESOLVED: gcc.c-torture/execute/ieee/fp-cmp-5.c execution, -O3 -g
FAIL: gcc.c-torture/execute/ieee/fp-cmp-5.c compilation, -Os
UNRESOLVED: gcc.c-torture/execute/ieee/fp-cmp-5.c execution, -Os
FAIL: gcc.dg/cpp/charconst.c (test for excess errors)
FAIL: gcc.dg/20020201-1.c execution test
FAIL: gcc.dg/20020201-4.c (test for excess errors)
FAIL: gcc.dg/20020304-1.c (test for excess errors)
FAIL: gcc.dg/20020312-2.c (test for excess errors)
WARNING: gcc.dg/20020312-2.c compilation failed to produce executable
UNRESOLVED: weak-1.c
UNRESOLVED: weak-2.c
UNRESOLVED: wkali-1.c
UNRESOLVED: wkali-2.c
FAIL: gcc.misc-tests/bprob-1.c execution, -g -fprofile-arcs
UNRESOLVED: gcc.misc-tests/bprob-1.c compilation, -g -fbranch-probabilities
UNRESOLVED: gcc.misc-tests/bprob-1.c execution, -g -fbranch-probabilities
FAIL: gcc.misc-tests/bprob-1.c execution, -O0 -fprofile-arcs
UNRESOLVED: gcc.misc-tests/bprob-1.c compilation, -O0 -fbranch-probabilities
UNRESOLVED: gcc.misc-tests/bprob-1.c execution, -O0 -fbranch-probabilities
FAIL: gcc.misc-tests/bprob-1.c execution, -O1 -fprofile-arcs
UNRESOLVED: gcc.misc-tests/bprob-1.c compilation, -O1 -fbranch-probabilities
UNRESOLVED: gcc.misc-tests/bprob-1.c execution, -O1 -fbranch-probabilities
FAIL: gcc.misc-tests/bprob-1.c execution, -O2 -DPERFTIME -fprofile-arcs
UNRESOLVED: gcc.misc-tests/bprob-1.c compilation, -O2 -DPERFTIME -fbranch-probabilities
UNRESOLVED: gcc.misc-tests/bprob-1.c execution, -O2 -DPERFTIME -fbranch-probabilities
FAIL: gcc.misc-tests/bprob-1.c execution, -O3 -DPERFTIME -fprofile-arcs
UNRESOLVED: gcc.misc-tests/bprob-1.c compilation, -O3 -DPERFTIME -fbranch-probabilities
UNRESOLVED: gcc.misc-tests/bprob-1.c execution, -O3 -DPERFTIME -fbranch-probabilities
FAIL: gcc.misc-tests/bprob-1.c execution, -O3 -g -DPERFTIME -fprofile-arcs
UNRESOLVED: gcc.misc-tests/bprob-1.c compilation, -O3 -g -DPERFTIME -fbranch-probabilities
UNRESOLVED: gcc.misc-tests/bprob-1.c execution, -O3 -g -DPERFTIME -fbranch-probabilities
FAIL: gcc.misc-tests/bprob-1.c execution, -Os -fprofile-arcs
UNRESOLVED: gcc.misc-tests/bprob-1.c compilation, -Os -fbranch-probabilities
UNRESOLVED: gcc.misc-tests/bprob-1.c execution, -Os -fbranch-probabilities
FAIL: gcc.misc-tests/bprob-2.c execution, -g -fprofile-arcs
UNRESOLVED: gcc.misc-tests/bprob-2.c compilation, -g -fbranch-probabilities
UNRESOLVED: gcc.misc-tests/bprob-2.c execution, -g -fbranch-probabilities
FAIL: gcc.misc-tests/bprob-2.c execution, -O0 -fprofile-arcs
UNRESOLVED: gcc.misc-tests/bprob-2.c compilation, -O0 -fbranch-probabilities
UNRESOLVED: gcc.misc-tests/bprob-2.c execution, -O0 -fbranch-probabilities
FAIL: gcc.misc-tests/bprob-2.c execution, -O1 -fprofile-arcs
UNRESOLVED: gcc.misc-tests/bprob-2.c compilation, -O1 -fbranch-probabilities
UNRESOLVED: gcc.misc-tests/bprob-2.c execution, -O1 -fbranch-probabilities
FAIL: gcc.misc-tests/bprob-2.c execution, -O2 -DPERFTIME -fprofile-arcs
UNRESOLVED: gcc.misc-tests/bprob-2.c compilation, -O2 -DPERFTIME -fbranch-probabilities
UNRESOLVED: gcc.misc-tests/bprob-2.c execution, -O2 -DPERFTIME -fbranch-probabilities
FAIL: gcc.misc-tests/bprob-2.c execution, -O3 -DPERFTIME -fprofile-arcs
UNRESOLVED: gcc.misc-tests/bprob-2.c compilation, -O3 -DPERFTIME -fbranch-probabilities
UNRESOLVED: gcc.misc-tests/bprob-2.c execution, -O3 -DPERFTIME -fbranch-probabilities
FAIL: gcc.misc-tests/bprob-2.c execution, -O3 -g -DPERFTIME -fprofile-arcs
UNRESOLVED: gcc.misc-tests/bprob-2.c compilation, -O3 -g -DPERFTIME -fbranch-probabilities
UNRESOLVED: gcc.misc-tests/bprob-2.c execution, -O3 -g -DPERFTIME -fbranch-probabilities
FAIL: gcc.misc-tests/bprob-2.c execution, -Os -fprofile-arcs
UNRESOLVED: gcc.misc-tests/bprob-2.c compilation, -Os -fbranch-probabilities
UNRESOLVED: gcc.misc-tests/bprob-2.c execution, -Os -fbranch-probabilities
FAIL: gcc.misc-tests/gcov-1.c execution test
FAIL: gcc.misc-tests/gcov-1.c gcov: 3 failures in line counts
FAIL: gcc.misc-tests/gcov-2.c execution test
FAIL: gcc.misc-tests/gcov-2.c gcov: 3 failures in line counts
FAIL: gcc.misc-tests/gcov-3.c execution test
FAIL: gcc.misc-tests/gcov-3.c gcov: 2 failures in line counts
FAIL: gcc.misc-tests/gcov-4.c execution test
FAIL: gcc.misc-tests/gcov-4.c gcov: 50 failures in line counts
FAIL: gcc.misc-tests/gcov-4b.c execution test
FAIL: gcc.misc-tests/gcov-4b.c gcov: 24 failures in branch percentages
FAIL: gcc.misc-tests/gcov-5b.c execution test
FAIL: gcc.misc-tests/gcov-6.c execution test
FAIL: gcc.misc-tests/gcov-6.c gcov: 3 failures in line counts, 1 in branch percentages, 3 in return percentages
FAIL: gcc.misc-tests/gcov-7.c execution test
FAIL: gcc.misc-tests/gcov-7.c gcov: 9 failures in line counts, 3 in branch percentages, 4 in return percentages
=== gcc Summary for unix/-fpic ===
# of expected passes 17912
# of unexpected failures 44
# of expected failures 62
# of unresolved testcases 42
# of unsupported tests 105
Running target unix
FAIL: gcc.c-torture/compile/20000326-2.c, -O1
FAIL: gcc.c-torture/compile/20000326-2.c, -O2
FAIL: gcc.c-torture/compile/20000326-2.c, -O3 -fomit-frame-pointer
FAIL: gcc.c-torture/compile/20000326-2.c, -O3 -g
FAIL: gcc.c-torture/compile/20000326-2.c, -Os
FAIL: gcc.c-torture/compile/20000518-1.c, -O1
FAIL: gcc.c-torture/compile/20000518-1.c, -O2
FAIL: gcc.c-torture/compile/20000518-1.c, -O3 -fomit-frame-pointer
FAIL: gcc.c-torture/compile/20000518-1.c, -O3 -g
FAIL: gcc.c-torture/compile/20000518-1.c, -Os
FAIL: gcc.c-torture/execute/990208-1.c compilation, -O1
UNRESOLVED: gcc.c-torture/execute/990208-1.c execution, -O1
FAIL: gcc.c-torture/execute/990208-1.c compilation, -O2
UNRESOLVED: gcc.c-torture/execute/990208-1.c execution, -O2
FAIL: gcc.c-torture/execute/990208-1.c compilation, -Os
UNRESOLVED: gcc.c-torture/execute/990208-1.c execution, -Os
FAIL: gcc.c-torture/execute/ieee/fp-cmp-5.c compilation, -O1
UNRESOLVED: gcc.c-torture/execute/ieee/fp-cmp-5.c execution, -O1
FAIL: gcc.c-torture/execute/ieee/fp-cmp-5.c compilation, -O2
UNRESOLVED: gcc.c-torture/execute/ieee/fp-cmp-5.c execution, -O2
FAIL: gcc.c-torture/execute/ieee/fp-cmp-5.c compilation, -O3 -fomit-frame-pointer
UNRESOLVED: gcc.c-torture/execute/ieee/fp-cmp-5.c execution, -O3 -fomit-frame-pointer
FAIL: gcc.c-torture/execute/ieee/fp-cmp-5.c compilation, -O3 -fomit-frame-pointer -funroll-loops
UNRESOLVED: gcc.c-torture/execute/ieee/fp-cmp-5.c execution, -O3 -fomit-frame-pointer -funroll-loops
FAIL: gcc.c-torture/execute/ieee/fp-cmp-5.c compilation, -O3 -fomit-frame-pointer -funroll-all-loops -finline-functions
UNRESOLVED: gcc.c-torture/execute/ieee/fp-cmp-5.c execution, -O3 -fomit-frame-pointer -funroll-all-loops -finline-functions
FAIL: gcc.c-torture/execute/ieee/fp-cmp-5.c compilation, -O3 -g
UNRESOLVED: gcc.c-torture/execute/ieee/fp-cmp-5.c execution, -O3 -g
FAIL: gcc.c-torture/execute/ieee/fp-cmp-5.c compilation, -Os
UNRESOLVED: gcc.c-torture/execute/ieee/fp-cmp-5.c execution, -Os
FAIL: gcc.dg/cpp/charconst.c (test for excess errors)
FAIL: gcc.dg/20000707-1.c (test for excess errors)
FAIL: gcc.dg/20020201-4.c (test for excess errors)
FAIL: gcc.dg/20020304-1.c (test for excess errors)
UNRESOLVED: weak-1.c
UNRESOLVED: weak-2.c
UNRESOLVED: wkali-1.c
UNRESOLVED: wkali-2.c
=== gcc Summary for unix ===
# of expected passes 17961
# of unexpected failures 24
# of expected failures 62
# of unresolved testcases 14
# of unsupported tests 105
=== gcc Summary ===
# of expected passes 71737
# of unexpected failures 151
# of unexpected successes 1
# of expected failures 247
# of unresolved testcases 106
# of unsupported tests 420
/teal/caip5/ghazi/gcc-testing/branch/build/gcc/xgcc version 3.1 20020328 (prerelease)
=== objc tests ===
Running target unix/-m64
FAIL: objc/execute/bycopy-3.m execution, -O0
FAIL: objc/execute/bycopy-3.m execution, -O1
FAIL: objc/execute/bycopy-3.m execution, -O2
FAIL: objc/execute/bycopy-3.m execution, -O3 -fomit-frame-pointer
FAIL: objc/execute/bycopy-3.m execution, -O3 -g
FAIL: objc/execute/bycopy-3.m execution, -Os
FAIL: objc/execute/formal_protocol-5.m execution, -O0
FAIL: objc/execute/formal_protocol-5.m execution, -O1
FAIL: objc/execute/formal_protocol-5.m execution, -O2
FAIL: objc/execute/formal_protocol-5.m execution, -O3 -fomit-frame-pointer
FAIL: objc/execute/formal_protocol-5.m execution, -O3 -g
FAIL: objc/execute/formal_protocol-5.m execution, -Os
=== objc Summary for unix/-m64 ===
# of expected passes 1024
# of unexpected failures 12
# of expected failures 6
Running target unix/-fPIC
=== objc Summary for unix/-fPIC ===
# of expected passes 1036
# of expected failures 6
Running target unix/-fpic
=== objc Summary for unix/-fpic ===
# of expected passes 1036
# of expected failures 6
Running target unix
=== objc Summary for unix ===
# of expected passes 1036
# of expected failures 6
=== objc Summary ===
# of expected passes 4132
# of unexpected failures 12
# of expected failures 24
/teal/caip5/ghazi/gcc-testing/branch/build/gcc/xgcc version 3.1 20020328 (prerelease)
=== libjava tests ===
Running target unix/-m64
FAIL: cxxtest run
FAIL: calls run
FAIL: final_method run
FAIL: field run
FAIL: findclass run
FAIL: invoke output
FAIL: martin run
FAIL: noclass run
FAIL: register run
FAIL: throwit run
FAIL: ArrayStore output from source compiled test
FAIL: ArrayStore -O output from source compiled test
FAIL: Array_1 output from source compiled test
FAIL: Array_1 output from bytecode->native test
FAIL: Array_1 -O output from source compiled test
FAIL: Array_1 -O output from bytecode->native test
FAIL: Array_3 execution from source compiled test
FAIL: Array_3 execution from bytecode->native test
FAIL: Array_3 -O execution from source compiled test
FAIL: Array_3 -O execution from bytecode->native test
FAIL: Class_1 execution from bytecode->native test
FAIL: Class_1 -O execution from bytecode->native test
FAIL: Divide_1 execution from source compiled test
FAIL: Divide_1 execution from bytecode->native test
FAIL: Divide_1 -O execution from source compiled test
FAIL: Divide_1 -O execution from bytecode->native test
FAIL: G19990302_02 output from source compiled test
FAIL: G19990302_02 output from bytecode->native test
FAIL: G19990302_02 -O output from source compiled test
FAIL: G19990302_02 -O output from bytecode->native test
FAIL: G19990303_01 output from source compiled test
FAIL: G19990303_01 output from bytecode->native test
FAIL: G19990303_01 -O output from source compiled test
FAIL: G19990303_01 -O output from bytecode->native test
FAIL: G19990303_02 output from source compiled test
FAIL: G19990303_02 output from bytecode->native test
FAIL: G19990303_02 -O output from source compiled test
FAIL: G19990303_02 -O output from bytecode->native test
FAIL: G19990304_01 output from source compiled test
FAIL: G19990304_01 output from bytecode->native test
FAIL: G19990304_01 -O output from source compiled test
FAIL: G19990304_01 -O output from bytecode->native test
FAIL: InterfaceDispatch output from source compiled test
FAIL: InterfaceDispatch output from bytecode->native test
FAIL: InterfaceDispatch -O output from source compiled test
FAIL: InterfaceDispatch -O output from bytecode->native test
FAIL: InvokeReturn output from source compiled test
FAIL: InvokeReturn output from bytecode->native test
FAIL: InvokeReturn -O output from source compiled test
FAIL: InvokeReturn -O output from bytecode->native test
FAIL: Invoke_1 execution from source compiled test
FAIL: Invoke_1 execution from bytecode->native test
FAIL: Invoke_1 -O execution from source compiled test
FAIL: Invoke_1 -O execution from bytecode->native test
FAIL: KeepInline output from source compiled test
FAIL: KeepInline output from bytecode->native test
FAIL: KeepInline -O output from source compiled test
FAIL: KeepInline -O output from bytecode->native test
FAIL: PR141 output from source compiled test
FAIL: PR141 output from bytecode->native test
FAIL: PR141 -O output from source compiled test
FAIL: PR141 -O output from bytecode->native test
FAIL: PR162 output from source compiled test
FAIL: PR162 output from bytecode->native test
FAIL: PR162 -O output from source compiled test
FAIL: PR162 -O output from bytecode->native test
FAIL: PR218 execution from source compiled test
FAIL: PR218 execution from bytecode->native test
FAIL: PR218 -O execution from source compiled test
FAIL: PR218 -O execution from bytecode->native test
FAIL: PR242 output from source compiled test
FAIL: PR242 output from bytecode->native test
FAIL: PR242 -O output from source compiled test
FAIL: PR242 -O output from bytecode->native test
FAIL: PR260 output from source compiled test
FAIL: PR260 output from bytecode->native test
FAIL: PR260 -O output from source compiled test
FAIL: PR260 -O output from bytecode->native test
FAIL: PR3096 output from source compiled test
FAIL: PR3096 output from bytecode->native test
FAIL: PR3096 -O output from source compiled test
FAIL: PR3096 -O output from bytecode->native test
FAIL: PR5057 output from source compiled test
FAIL: PR5057 output from bytecode->native test
FAIL: PR5057 -O output from source compiled test
FAIL: PR5057 -O output from bytecode->native test
FAIL: PR5057_2 output from source compiled test
FAIL: PR5057_2 output from bytecode->native test
FAIL: PR5057_2 -O output from source compiled test
FAIL: PR5057_2 -O output from bytecode->native test
FAIL: Primes execution from source compiled test
FAIL: Primes execution from bytecode->native test
FAIL: Primes -O execution from source compiled test
FAIL: Primes -O execution from bytecode->native test
FAIL: StringBuffer_1 output from source compiled test
FAIL: StringBuffer_1 output from bytecode->native test
FAIL: StringBuffer_1 -O output from source compiled test
FAIL: StringBuffer_1 -O output from bytecode->native test
FAIL: SyncTest execution from source compiled test
FAIL: SyncTest execution from bytecode->native test
FAIL: SyncTest -O execution from source compiled test
FAIL: SyncTest -O execution from bytecode->native test
FAIL: TLtest execution from source compiled test
FAIL: TLtest execution from bytecode->native test
FAIL: TLtest -O execution from source compiled test
FAIL: TLtest -O execution from bytecode->native test
FAIL: Thread_Alive execution from source compiled test
FAIL: Thread_Alive execution from bytecode->native test
FAIL: Thread_Alive -O execution from source compiled test
FAIL: Thread_Alive -O execution from bytecode->native test
FAIL: Thread_Interrupt execution from source compiled test
FAIL: Thread_Interrupt execution from bytecode->native test
FAIL: Thread_Interrupt -O execution from source compiled test
FAIL: Thread_Interrupt -O execution from bytecode->native test
FAIL: Thread_Join execution from source compiled test
FAIL: Thread_Join execution from bytecode->native test
FAIL: Thread_Join -O execution from source compiled test
FAIL: Thread_Join -O execution from bytecode->native test
FAIL: Thread_Monitor execution from source compiled test
FAIL: Thread_Monitor execution from bytecode->native test
FAIL: Thread_Monitor -O execution from source compiled test
FAIL: Thread_Monitor -O execution from bytecode->native test
FAIL: Thread_Wait execution from source compiled test
FAIL: Thread_Wait execution from bytecode->native test
FAIL: Thread_Wait -O execution from source compiled test
FAIL: Thread_Wait -O execution from bytecode->native test
FAIL: Thread_Wait_2 execution from source compiled test
FAIL: Thread_Wait_2 execution from bytecode->native test
FAIL: Thread_Wait_2 -O execution from source compiled test
FAIL: Thread_Wait_2 -O execution from bytecode->native test
FAIL: Thread_Wait_Interrupt execution from source compiled test
FAIL: Thread_Wait_Interrupt execution from bytecode->native test
FAIL: Thread_Wait_Interrupt -O execution from source compiled test
FAIL: Thread_Wait_Interrupt -O execution from bytecode->native test
FAIL: anfi output from source compiled test
FAIL: anfi output from bytecode->native test
FAIL: anfi -O output from source compiled test
FAIL: anfi -O output from bytecode->native test
FAIL: anon output from source compiled test
FAIL: anon output from bytecode->native test
FAIL: anon -O output from source compiled test
FAIL: anon -O output from bytecode->native test
FAIL: anon2 output from source compiled test
FAIL: anon2 output from bytecode->native test
FAIL: anon2 -O output from source compiled test
FAIL: anon2 -O output from bytecode->native test
FAIL: anonarray output from source compiled test
FAIL: anonarray output from bytecode->native test
FAIL: anonarray -O output from source compiled test
FAIL: anonarray -O output from bytecode->native test
FAIL: err4 output from source compiled test
FAIL: err4 output from bytecode->native test
FAIL: err4 -O output from source compiled test
FAIL: err4 -O output from bytecode->native test
FAIL: final_static_and_friend output from source compiled test
FAIL: final_static_and_friend output from bytecode->native test
FAIL: final_static_and_friend -O output from source compiled test
FAIL: final_static_and_friend -O output from bytecode->native test
FAIL: indirect output from source compiled test
FAIL: indirect output from bytecode->native test
FAIL: indirect -O output from source compiled test
FAIL: indirect -O output from bytecode->native test
FAIL: inner_array output from source compiled test
FAIL: inner_array output from bytecode->native test
FAIL: inner_array -O output from source compiled test
FAIL: inner_array -O output from bytecode->native test
FAIL: inner4 output from source compiled test
FAIL: inner4 output from bytecode->native test
FAIL: inner4 -O output from source compiled test
FAIL: inner4 -O output from bytecode->native test
FAIL: instance output from source compiled test
FAIL: instance output from bytecode->native test
FAIL: instance -O output from source compiled test
FAIL: instance -O output from bytecode->native test
FAIL: instinit output from source compiled test
FAIL: instinit output from bytecode->native test
FAIL: instinit -O output from source compiled test
FAIL: instinit -O output from bytecode->native test
FAIL: instinit2 output from source compiled test
FAIL: instinit2 output from bytecode->native test
FAIL: instinit2 -O output from source compiled test
FAIL: instinit2 -O output from bytecode->native test
FAIL: invoke_from_inner output from source compiled test
FAIL: invoke_from_inner output from bytecode->native test
FAIL: invoke_from_inner -O output from source compiled test
FAIL: invoke_from_inner -O output from bytecode->native test
FAIL: invokethrow execution from source compiled test
FAIL: invokethrow execution from bytecode->native test
FAIL: invokethrow -O execution from source compiled test
FAIL: invokethrow -O execution from bytecode->native test
FAIL: klass execution from source compiled test
FAIL: klass execution from bytecode->native test
FAIL: klass -O execution from source compiled test
FAIL: klass -O execution from bytecode->native test
FAIL: multiple_finit output from source compiled test
FAIL: multiple_finit output from bytecode->native test
FAIL: multiple_finit -O output from source compiled test
FAIL: multiple_finit -O output from bytecode->native test
FAIL: nested_with_ctor output from source compiled test
FAIL: nested_with_ctor output from bytecode->native test
FAIL: nested_with_ctor -O output from source compiled test
FAIL: nested_with_ctor -O output from bytecode->native test
FAIL: pr133 output from source compiled test
FAIL: pr133 output from bytecode->native test
FAIL: pr133 -O output from source compiled test
FAIL: pr133 -O output from bytecode->native test
FAIL: pr179 output from source compiled test
FAIL: pr179 output from bytecode->native test
FAIL: pr179 -O output from source compiled test
FAIL: pr179 -O output from bytecode->native test
FAIL: search_outer output from source compiled test
FAIL: search_outer output from bytecode->native test
FAIL: search_outer -O output from source compiled test
FAIL: search_outer -O output from bytecode->native test
FAIL: stringconst2 output from source compiled test
FAIL: stringconst2 -O output from source compiled test
FAIL: stub output from source compiled test
FAIL: stub output from bytecode->native test
FAIL: stub -O output from source compiled test
FAIL: stub -O output from bytecode->native test
FAIL: test_long output from bytecode->native test
FAIL: test_long -O output from bytecode->native test
FAIL: tmi output from source compiled test
FAIL: tmi output from bytecode->native test
FAIL: tmi -O output from source compiled test
FAIL: tmi -O output from bytecode->native test
FAIL: update_outer output from source compiled test
FAIL: update_outer -O output from source compiled test
FAIL: Throw_2 execution from source compiled test
FAIL: Throw_2 execution from bytecode->native test
FAIL: Throw_2 -O execution from source compiled test
FAIL: Throw_2 -O execution from bytecode->native test
=== libjava Summary for unix/-m64 ===
# of expected passes 1759
# of unexpected failures 232
# of expected failures 18
# of untested testcases 93
Running target unix/-fPIC
WARNING: program timed out.
FAIL: ArrayStore -O execution from source compiled test
WARNING: program timed out.
FAIL: Array_1 execution from bytecode->native test
WARNING: program timed out.
FAIL: Array_3 execution from bytecode->native test
WARNING: program timed out.
FAIL: Array_3 -O execution from source compiled test
WARNING: program timed out.
FAIL: Class_1 -O execution from source compiled test
WARNING: program timed out.
FAIL: Final -O execution from source compiled test
WARNING: program timed out.
FAIL: FileHandleGcTest execution from source compiled test
FAIL: FileHandleGcTest execution from bytecode->native test
FAIL: FileHandleGcTest -O execution from source compiled test
FAIL: FileHandleGcTest -O execution from bytecode->native test
WARNING: program timed out.
FAIL: Float_1 -O execution from source compiled test
WARNING: program timed out.
FAIL: Float_1 -O execution from bytecode->native test
WARNING: program timed out.
FAIL: G19990303_02 -O execution from source compiled test
WARNING: program timed out.
FAIL: II -O execution from source compiled test
WARNING: program timed out.
FAIL: II -O execution from bytecode->native test
FAIL: Invoke_1 execution from source compiled test
FAIL: Invoke_1 execution from bytecode->native test
WARNING: program timed out.
FAIL: Invoke_1 -O execution from source compiled test
FAIL: Invoke_1 -O execution from bytecode->native test
WARNING: program timed out.
FAIL: Invoke_2 -O execution from source compiled test
WARNING: program timed out.
FAIL: Invoke_2 -O execution from bytecode->native test
WARNING: program timed out.
FAIL: N19990310_02 execution from bytecode->native test
WARNING: program timed out.
FAIL: N19990310_5 execution from bytecode->native test
WARNING: program timed out.
FAIL: Primes execution from bytecode->native test
WARNING: program timed out.
FAIL: Primes -O execution from bytecode->native test
WARNING: program timed out.
FAIL: Synch -O execution from source compiled test
WARNING: program timed out.
FAIL: Thread_Alive -O execution from source compiled test
WARNING: program timed out.
FAIL: anon3 -O execution from source compiled test
WARNING: program timed out.
FAIL: anon3 -O execution from bytecode->native test
WARNING: program timed out.
FAIL: err1 execution from source compiled test
WARNING: program timed out.
FAIL: err1 execution from bytecode->native test
WARNING: program timed out.
FAIL: err10 execution from source compiled test
WARNING: program timed out.
FAIL: err11 -O execution from bytecode->native test
WARNING: program timed out.
FAIL: err12 execution from bytecode->native test
WARNING: program timed out.
FAIL: err2 execution from bytecode->native test
WARNING: program timed out.
FAIL: err5 -O execution from source compiled test
WARNING: program timed out.
FAIL: err9 execution from source compiled test
WARNING: program timed out.
FAIL: inner_interface -O execution from source compiled test
FAIL: invokethrow execution from source compiled test
FAIL: invokethrow execution from bytecode->native test
FAIL: invokethrow -O execution from source compiled test
FAIL: invokethrow -O execution from bytecode->native test
WARNING: program timed out.
FAIL: multiple_finit execution from source compiled test
WARNING: program timed out.
FAIL: pr83 execution from source compiled test
WARNING: program timed out.
FAIL: private_direct_read -O execution from bytecode->native test
WARNING: program timed out.
FAIL: stringconst -O execution from bytecode->native test
FAIL: test_long output from bytecode->native test
FAIL: test_long -O output from bytecode->native test
WARNING: program timed out.
FAIL: tmi -O execution from bytecode->native test
WARNING: program timed out.
FAIL: update_outer execution from source compiled test
FAIL: Throw_2 execution from source compiled test
WARNING: program timed out.
FAIL: Throw_2 execution from bytecode->native test
FAIL: Throw_2 -O execution from source compiled test
WARNING: program timed out.
FAIL: Throw_2 -O execution from bytecode->native test
=== libjava Summary for unix/-fPIC ===
# of expected passes 1955
# of unexpected failures 54
# of expected failures 18
# of untested testcases 66
Running target unix/-fpic
WARNING: program timed out.
FAIL: ArrayStore2 execution from bytecode->native test
WARNING: program timed out.
FAIL: Array_1 -O execution from source compiled test
WARNING: program timed out.
FAIL: Array_2 -O execution from source compiled test
WARNING: program timed out.
FAIL: Array_3 -O execution from bytecode->native test
FAIL: FileHandleGcTest execution from source compiled test
FAIL: FileHandleGcTest -O execution from source compiled test
FAIL: FileHandleGcTest -O execution from bytecode->native test
WARNING: program timed out.
FAIL: G19990303_01 -O execution from source compiled test
WARNING: program timed out.
FAIL: G19990304_01 execution from bytecode->native test
WARNING: program timed out.
FAIL: InvokeReturn execution from source compiled test
FAIL: Invoke_1 execution from source compiled test
FAIL: Invoke_1 execution from bytecode->native test
FAIL: Invoke_1 -O execution from source compiled test
FAIL: Invoke_1 -O execution from bytecode->native test
WARNING: program timed out.
FAIL: N19990310_02 -O execution from bytecode->native test
WARNING: program timed out.
FAIL: N19990310_5 execution from source compiled test
WARNING: program timed out.
FAIL: PR162 execution from bytecode->native test
WARNING: program timed out.
FAIL: PR218 execution from source compiled test
WARNING: program timed out.
FAIL: PR3096 -O execution from bytecode->native test
WARNING: program timed out.
FAIL: Primes execution from bytecode->native test
WARNING: program timed out.
FAIL: Shazam execution from source compiled test
WARNING: program timed out.
FAIL: Throw_1 execution from source compiled test
WARNING: program timed out.
FAIL: Thread_Monitor execution from bytecode->native test
WARNING: program timed out.
FAIL: anon_ctor_itf_arg execution from bytecode->native test
WARNING: program timed out.
FAIL: direct_write -O execution from bytecode->native test
WARNING: program timed out.
FAIL: err3 execution from source compiled test
FAIL: invokethrow execution from source compiled test
FAIL: invokethrow execution from bytecode->native test
FAIL: invokethrow -O execution from source compiled test
FAIL: invokethrow -O execution from bytecode->native test
WARNING: program timed out.
FAIL: nested_with_ctor -O execution from bytecode->native test
WARNING: program timed out.
FAIL: search_outer -O execution from source compiled test
WARNING: program timed out.
FAIL: stringconst execution from bytecode->native test
FAIL: test_long output from bytecode->native test
FAIL: test_long -O output from bytecode->native test
WARNING: program timed out.
FAIL: tmi execution from source compiled test
FAIL: Throw_2 execution from source compiled test
FAIL: Throw_2 execution from bytecode->native test
FAIL: Throw_2 -O execution from source compiled test
FAIL: Throw_2 -O execution from bytecode->native test
=== libjava Summary for unix/-fpic ===
# of expected passes 1983
# of unexpected failures 40
# of expected failures 18
# of untested testcases 52
Running target unix
WARNING: program timed out.
FAIL: simple_int run
WARNING: program timed out.
FAIL: Array_3 execution from bytecode->native test
FAIL: FileHandleGcTest execution from source compiled test
WARNING: program timed out.
FAIL: Float_1 execution from bytecode->native test
WARNING: program timed out.
FAIL: G19990301_01 -O execution from source compiled test
WARNING: program timed out.
FAIL: G19990303_02 -O execution from bytecode->native test
WARNING: program timed out.
FAIL: G19990310_01 execution from source compiled test
WARNING: program timed out.
FAIL: II -O execution from source compiled test
WARNING: program timed out.
FAIL: InterfaceDispatch execution from source compiled test
WARNING: program timed out.
FAIL: InterfaceDispatch -O execution from source compiled test
FAIL: Invoke_1 execution from source compiled test
FAIL: Invoke_1 execution from bytecode->native test
FAIL: Invoke_1 -O execution from source compiled test
FAIL: Invoke_1 -O execution from bytecode->native test
WARNING: program timed out.
FAIL: Invoke_2 execution from bytecode->native test
WARNING: program timed out.
FAIL: PR160 execution from source compiled test
WARNING: program timed out.
FAIL: PR160 execution from bytecode->native test
WARNING: program timed out.
FAIL: PR260 execution from source compiled test
WARNING: program timed out.
FAIL: PR3096 -O execution from bytecode->native test
WARNING: program timed out.
FAIL: Primes execution from source compiled test
WARNING: program timed out.
FAIL: Shazam execution from bytecode->native test
WARNING: program timed out.
FAIL: Thread_Wait -O execution from bytecode->native test
WARNING: program timed out.
FAIL: anfi -O execution from bytecode->native test
WARNING: program timed out.
FAIL: anon -O execution from bytecode->native test
WARNING: program timed out.
FAIL: direct_read -O execution from bytecode->native test
WARNING: program timed out.
FAIL: err1 -O execution from source compiled test
WARNING: program timed out.
FAIL: err10 execution from bytecode->native test
WARNING: program timed out.
FAIL: err13 -O execution from source compiled test
WARNING: program timed out.
FAIL: err2 -O execution from source compiled test
WARNING: program timed out.
FAIL: final_inner -O execution from source compiled test
WARNING: program timed out.
FAIL: final_static_and_friend execution from bytecode->native test
WARNING: program timed out.
FAIL: indirect -O execution from source compiled test
WARNING: program timed out.
FAIL: inner3 -O execution from bytecode->native test
WARNING: program timed out.
FAIL: instinit2 execution from source compiled test
FAIL: invokethrow execution from source compiled test
FAIL: invokethrow execution from bytecode->native test
FAIL: invokethrow -O execution from source compiled test
FAIL: invokethrow -O execution from bytecode->native test
WARNING: program timed out.
FAIL: stringconst -O execution from source compiled test
FAIL: test_long output from bytecode->native test
WARNING: program timed out.
FAIL: test_long -O execution from bytecode->native test
WARNING: program timed out.
FAIL: tmi -O execution from bytecode->native test
WARNING: program timed out.
FAIL: tp -O execution from source compiled test
FAIL: Throw_2 execution from source compiled test
FAIL: Throw_2 execution from bytecode->native test
FAIL: Throw_2 -O execution from source compiled test
FAIL: Throw_2 -O execution from bytecode->native test
=== libjava Summary for unix ===
# of expected passes 1970
# of unexpected failures 47
# of expected failures 17
# of untested testcases 60
=== libjava Summary ===
# of expected passes 7667
# of unexpected failures 373
# of expected failures 71
# of untested testcases 271
=== libstdc++-v3 tests ===
Running target unix/-m64
FAIL: 21_strings/append.cc (test for excess errors)
WARNING: 21_strings/append.cc compilation failed to produce executable
FAIL: 21_strings/capacity.cc (test for excess errors)
WARNING: 21_strings/capacity.cc compilation failed to produce executable
FAIL: 21_strings/ctor_copy_dtor.cc (test for excess errors)
WARNING: 21_strings/ctor_copy_dtor.cc compilation failed to produce executable
FAIL: 21_strings/insert.cc (test for excess errors)
WARNING: 21_strings/insert.cc compilation failed to produce executable
FAIL: 21_strings/nonmember.cc (test for excess errors)
WARNING: 21_strings/nonmember.cc compilation failed to produce executable
FAIL: 21_strings/replace.cc (test for excess errors)
WARNING: 21_strings/replace.cc compilation failed to produce executable
FAIL: 22_locale/collate.cc (test for excess errors)
XPASS: 22_locale/collate_members_wchar_t.cc execution test
FAIL: 22_locale/money_get.cc (test for excess errors)
FAIL: 22_locale/money_get_members_char.cc (test for excess errors)
WARNING: 22_locale/money_get_members_char.cc compilation failed to produce executable
XPASS: 22_locale/money_get_members_wchar_t.cc execution test
FAIL: 22_locale/money_put.cc (test for excess errors)
FAIL: 22_locale/money_put_members_char.cc (test for excess errors)
WARNING: 22_locale/money_put_members_char.cc compilation failed to produce executable
XPASS: 22_locale/money_put_members_wchar_t.cc execution test
XPASS: 22_locale/moneypunct_members_wchar_t.cc execution test
FAIL: 22_locale/num_get_members_char.cc (test for excess errors)
WARNING: 22_locale/num_get_members_char.cc compilation failed to produce executable
XPASS: 22_locale/num_get_members_wchar_t.cc execution test
FAIL: 22_locale/num_put_members_char.cc (test for excess errors)
WARNING: 22_locale/num_put_members_char.cc compilation failed to produce executable
XPASS: 22_locale/num_put_members_wchar_t.cc execution test
XPASS: 22_locale/numpunct_members_wchar_t.cc execution test
FAIL: 22_locale/time_get_members_char.cc (test for excess errors)
WARNING: 22_locale/time_get_members_char.cc compilation failed to produce executable
XPASS: 22_locale/time_get_members_wchar_t.cc execution test
FAIL: 22_locale/time_put_members_char.cc (test for excess errors)
WARNING: 22_locale/time_put_members_char.cc compilation failed to produce executable
XPASS: 22_locale/time_put_members_wchar_t.cc execution test
FAIL: 26_numerics/complex_inserters_extractors.cc (test for excess errors)
WARNING: 26_numerics/complex_inserters_extractors.cc compilation failed to produce executable
FAIL: 27_io/ios_init.cc (test for excess errors)
WARNING: 27_io/ios_init.cc compilation failed to produce executable
FAIL: 27_io/istream_extractor_arith.cc execution test
FAIL: 27_io/streambuf.cc (test for excess errors)
WARNING: 27_io/streambuf.cc compilation failed to produce executable
=== libstdc++-v3 Summary for unix/-m64 ===
# of expected passes 343
# of unexpected failures 19
# of unexpected successes 9
# of expected failures 10
Running target unix/-fPIC
FAIL: 18_support/numeric_limits.cc execution test
XPASS: 22_locale/collate_members_wchar_t.cc execution test
XPASS: 22_locale/money_get_members_wchar_t.cc execution test
XPASS: 22_locale/money_put_members_wchar_t.cc execution test
XPASS: 22_locale/moneypunct_members_wchar_t.cc execution test
XPASS: 22_locale/num_get_members_wchar_t.cc execution test
XPASS: 22_locale/num_put_members_wchar_t.cc execution test
XPASS: 22_locale/numpunct_members_wchar_t.cc execution test
XPASS: 22_locale/time_get_members_wchar_t.cc execution test
XPASS: 22_locale/time_put_members_wchar_t.cc execution test
FAIL: 27_io/filebuf_virtuals.cc execution test
FAIL: 27_io/istream_extractor_arith.cc execution test
FAIL: 27_io/streambuf.cc execution test
FAIL: 27_io/stringbuf.cc execution test
=== libstdc++-v3 Summary for unix/-fPIC ===
# of expected passes 366
# of unexpected failures 5
# of unexpected successes 9
# of expected failures 16
Running target unix/-fpic
FAIL: 18_support/numeric_limits.cc execution test
XPASS: 22_locale/collate_members_wchar_t.cc execution test
XPASS: 22_locale/money_get_members_wchar_t.cc execution test
XPASS: 22_locale/money_put_members_wchar_t.cc execution test
XPASS: 22_locale/moneypunct_members_wchar_t.cc execution test
XPASS: 22_locale/num_get_members_wchar_t.cc execution test
XPASS: 22_locale/num_put_members_wchar_t.cc execution test
XPASS: 22_locale/numpunct_members_wchar_t.cc execution test
XPASS: 22_locale/time_get_members_wchar_t.cc execution test
XPASS: 22_locale/time_put_members_wchar_t.cc execution test
FAIL: 27_io/filebuf_virtuals.cc execution test
FAIL: 27_io/istream_extractor_arith.cc execution test
FAIL: 27_io/streambuf.cc execution test
FAIL: 27_io/stringbuf.cc execution test
=== libstdc++-v3 Summary for unix/-fpic ===
# of expected passes 366
# of unexpected failures 5
# of unexpected successes 9
# of expected failures 16
Running target unix
FAIL: 18_support/numeric_limits.cc execution test
XPASS: 22_locale/collate_members_wchar_t.cc execution test
XPASS: 22_locale/money_get_members_wchar_t.cc execution test
XPASS: 22_locale/money_put_members_wchar_t.cc execution test
XPASS: 22_locale/moneypunct_members_wchar_t.cc execution test
XPASS: 22_locale/num_get_members_wchar_t.cc execution test
XPASS: 22_locale/num_put_members_wchar_t.cc execution test
XPASS: 22_locale/numpunct_members_wchar_t.cc execution test
XPASS: 22_locale/time_get_members_wchar_t.cc execution test
XPASS: 22_locale/time_put_members_wchar_t.cc execution test
FAIL: 27_io/filebuf_virtuals.cc execution test
FAIL: 27_io/istream_extractor_arith.cc execution test
FAIL: 27_io/streambuf.cc execution test
FAIL: 27_io/stringbuf.cc execution test
=== libstdc++-v3 Summary for unix ===
# of expected passes 366
# of unexpected failures 5
# of unexpected successes 9
# of expected failures 16
=== libstdc++-v3 Summary ===
# of expected passes 1441
# of unexpected failures 34
# of unexpected successes 36
# of expected failures 58
Compiler version: 3.1 20020328 (prerelease)
Platform: sparc-sun-solaris2.7
configure flags: --host=sparc-sun-solaris2.7 --verbose --enable-checking=misc,tree,rtl,gc
More information about the Gcc-testresults
mailing list