Results for 3.2 20020323 (experimental) testsuite on ia64-unknown-linux-gnu
Richard Henderson
rth@mufasa.cygnus.com
Sun Mar 24 11:35:00 GMT 2002
LAST_UPDATED: Sun Mar 24 07:54:40 UTC 2002
Native configuration is ia64-unknown-linux-gnu
=== g++ tests ===
Running target unix
FAIL: g++.dg/eh/registers1.C execution test
XPASS: g++.dg/inherit/namespace-as-base.C (test for errors, line 8)
FAIL: g++.dg/inherit/template-as-base.C (test for excess errors)
FAIL: g++.abi/cxa_vec.C Execution test
FAIL: g++.eh/badalloc1.C Execution test
XPASS: g++.ext/instantiate2.C (test for excess errors)
XPASS: g++.ext/instantiate3.C (test for excess errors)
FAIL: g++.law/profile1.C Execution test
=== g++ Summary ===
# of expected passes 6982
# of unexpected failures 5
# of unexpected successes 3
# of expected failures 85
# of untested testcases 23
# of unsupported tests 3
/mufasa1/rth/gcc/build/ia64/gcc/testsuite/../g++ version 3.2 20020323 (experimental)
=== g77 tests ===
Running target unix
=== g77 Summary ===
# of expected passes 1460
# of unsupported tests 8
/mufasa1/rth/gcc/build/ia64/gcc/testsuite/../g77 version 3.2 20020323 (experimental)
=== gcc tests ===
Running target unix
FAIL: gcc.c-torture/compile/920625-1.c, -O1
FAIL: gcc.c-torture/execute/20020227-1.c execution, -O0
FAIL: gcc.c-torture/execute/20020227-1.c execution, -O1
FAIL: gcc.c-torture/execute/20020227-1.c execution, -O2
FAIL: gcc.c-torture/execute/20020227-1.c execution, -O3 -fomit-frame-pointer
FAIL: gcc.c-torture/execute/20020227-1.c execution, -O3 -g
FAIL: gcc.c-torture/execute/20020227-1.c execution, -Os
XPASS: gcc.dg/c99-intconst-1.c (test for excess errors)
=== gcc Summary ===
# of expected passes 17759
# of unexpected failures 7
# of unexpected successes 1
# of expected failures 73
# of unsupported tests 106
/mufasa1/rth/gcc/build/ia64/gcc/xgcc version 3.2 20020323 (experimental)
=== objc tests ===
Running target unix
FAIL: objc/execute/formal_protocol-6.m execution, -O0
FAIL: objc/execute/formal_protocol-6.m execution, -O1
FAIL: objc/execute/formal_protocol-6.m execution, -O2
FAIL: objc/execute/formal_protocol-6.m execution, -O3 -fomit-frame-pointer
FAIL: objc/execute/formal_protocol-6.m execution, -O3 -g
FAIL: objc/execute/formal_protocol-6.m execution, -Os
=== objc Summary ===
# of expected passes 1036
# of unexpected failures 6
/mufasa1/rth/gcc/build/ia64/gcc/xgcc version 3.2 20020323 (experimental)
=== libjava tests ===
Running target unix
FAIL: Array_3 execution from source compiled test
FAIL: Array_3 execution from bytecode->native test
FAIL: Array_3 -O execution from source compiled test
FAIL: Array_3 -O execution from bytecode->native test
FAIL: Invoke_1 execution from source compiled test
FAIL: Invoke_1 execution from bytecode->native test
FAIL: Invoke_1 -O execution from source compiled test
FAIL: Invoke_1 -O execution from bytecode->native test
FAIL: PR218 execution from source compiled test
FAIL: PR218 execution from bytecode->native test
FAIL: PR218 -O execution from source compiled test
FAIL: PR218 -O execution from bytecode->native test
=== libjava Summary ===
# of expected passes 2023
# of unexpected failures 12
# of expected failures 18
# of untested testcases 26
=== libstdc++-v3 tests ===
Running target unix
XPASS: 22_locale/time_put_members_char.cc execution test
XPASS: 22_locale/time_put_members_wchar_t.cc execution test
FAIL: 26_numerics/c99_classification_macros_c.cc (test for excess errors)
=== libstdc++-v3 Summary ===
# of expected passes 370
# of unexpected failures 1
# of unexpected successes 2
# of expected failures 23
Compiler version: 3.2 20020323 (experimental)
Platform: ia64-unknown-linux-gnu
configure flags: --host=ia64-unknown-linux --prefix=/mufasa1/rth/run --enable-threads
More information about the Gcc-testresults
mailing list